000
CXUS55 KBYZ 011000
CF6BHK
PRELIMINARY LOCAL CLIMATOLOGICAL DATA (WS FORM: F-6)
STATION: BAKER MT
MONTH: OCTOBER
YEAR: 2021
LATITUDE: 46 20 N
LONGITUDE: 104 15 W
TEMPERATURE IN F: :PCPN: SNOW: WIND :SUNSHINE: SKY :PK WND
================================================================================
1 2 3 4 5 6A 6B 7 8 9 10 11 12 13 14 15 16 17 18
12Z AVG MX 2MIN
DY MAX MIN AVG DEP HDD CDD WTR SNW DPTH SPD SPD DIR MIN PSBL S-S WX SPD DR
================================================================================
1 75 37 56 5 9 0 0.00 M M 3.8 15 160 M M 0 20 150
2 76 37 57 6 8 0 0.00 M M 5.8 14 160 M M 0 17 290
3 81 40 61 11 4 0 0.00 M M 6.9 20 170 M M 0 22 180
4 88 41 65 15 0 0 0.00 M M 8.5 18 150 M M 0 23 170
5 89 49 69 20 0 4 0.00 M M 8.0 20 170 M M 0 27 260
6 90 47 69 20 0 4 0.00 M M 11.5 26 150 M M 1 33 140
7 76 47 62 14 3 0 0.01 M M 7.9 18 10 M M 4 23 340
8 60 44 52 4 13 0 0.01 M M 8.0 21 100 M M 6 8 26 110
9 54 42 48 1 17 0 0.44 M M 12.0 22 330 M M 9 18 26 340
10 63 34 49 2 16 0 0.00 M M 7.5 23 290 M M 1 12 28 270
11 47 36 42 -4 23 0 T M M 12.5 22 340 M M 6 27 320
12 41 33 37 -9 28 0 0.38 M M 14.7 23 40 M M 10 1 29 40
13 34 32 33 -12 32 0 0.60 M M 20.7 29 350 M M 10 16 36 360
14 41 29 35 -10 30 0 0.01 M M 14.1 22 260 M M 5 1 27 310
15 49 31 40 -4 25 0 0.00 M M 15.0 23 270 M M 0 26 270
16 56 34 45 1 20 0 0.00 M M 12.8 20 250 M M 0 23 250
17 71 33 52 9 13 0 0.00 M M 7.0 21 160 M M 0 24 160
18 71 34 53 10 12 0 0.00 M M 7.0 18 350 M M 0 22 350
19 43 32 38 -4 27 0 0.00 M M 11.4 18 20 M M 7 18 22 360
20 44 25 35 -7 30 0 0.00 M M 5.5 12 110 M M 4 12 110
21 54 25 40 -1 25 0 T M M 6.2 16 270 M M 5 19 270
22 63 31 47 6 18 0 0.00 M M 5.6 24 120 M M 0 1 30 120
23 46 35 41 1 24 0 0.01 M M 20.7 35 130 M M 8 40 120
24 51 36 44 4 21 0 T M M 12.1 30 130 M M 8 12 35 140
25 55 40 48 8 17 0 0.00 M M 25.8 37 130 M M 5 1 44 130
26 46 37 42 3 23 0 0.26 M M 11.2 28 310 M M 7 1 36 310
27 58 31 45 6 20 0 0.04 M M 11.9 26 300 M M 2 36 310
28 55 33 44 6 21 0 0.00 M M 12.1 22 280 M M 1 26 270
29 72 32 52 14 13 0 0.00 M M 9.1 25 290 M M 0 37 280
30 48 28 38 1 27 0 T M M 14.0 24 320 M M 8 32 300
31 41 17 29 -8 36 0 0.00 M M 8.6 20 310 M M 0 27 330
================================================================================
SM 1838 1082 555 8 1.76 M 337.9 M 107
================================================================================
AV 59.3 34.9 10.9 FASTST M M 3 MAX(MPH)
MISC ----> 37 130 44 130
================================================================================
NOTES:
# LAST OF SEVERAL OCCURRENCES
COLUMN 17 PEAK WIND IN M.P.H.
PRELIMINARY LOCAL CLIMATOLOGICAL DATA (WS FORM: F-6) , PAGE 2
STATION: BAKER MT
MONTH: OCTOBER
YEAR: 2021
LATITUDE: 46 20 N
LONGITUDE: 104 15 W
[TEMPERATURE DATA] [PRECIPITATION DATA] SYMBOLS USED IN COLUMN 16
AVERAGE MONTHLY: 47.1 TOTAL FOR MONTH: 1.76 1 = FOG OR MIST
DPTR FM NORMAL: 3.3 DPTR FM NORMAL: 0.66 2 = FOG REDUCING VISIBILITY
HIGHEST: 90 ON 6 GRTST 24HR 0.95 ON 12-13 TO 1/4 MILE OR LESS
LOWEST: 17 ON 31 3 = THUNDER
SNOW, ICE PELLETS, HAIL 4 = ICE PELLETS
TOTAL MONTH: M 5 = HAIL
GRTST 24HR M ON M 6 = FREEZING RAIN OR DRIZZLE
GRTST DEPTH: M ON M 7 = DUSTSTORM OR SANDSTORM:
VSBY 1/2 MILE OR LESS
8 = SMOKE OR HAZE
[NO. OF DAYS WITH] [WEATHER - DAYS WITH] 9 = BLOWING SNOW
X = TORNADO
MAX 32 OR BELOW: 0 0.01 INCH OR MORE: 9
MAX 90 OR ABOVE: 1 0.10 INCH OR MORE: 4
MIN 32 OR BELOW: 11 0.50 INCH OR MORE: 1
MIN 0 OR BELOW: 0 1.00 INCH OR MORE: 0
[HDD (BASE 65) ]
TOTAL THIS MO. 555 CLEAR (SCALE 0-3) 16
DPTR FM NORMAL -102 PTCLDY (SCALE 4-7) 10
TOTAL FM JUL 1 718 CLOUDY (SCALE 8-10) 5
DPTR FM NORMAL -227
[CDD (BASE 65) ]
TOTAL THIS MO. 8
DPTR FM NORMAL 6 [PRESSURE DATA]
TOTAL FM JAN 1 771 HIGHEST SLP 30.46 ON 31
DPTR FM NORMAL 303 LOWEST SLP 29.45 ON 26
[REMARKS]
#FINAL-10-21#