000
CXUS54 KBMX 011110
CF6BHM
PRELIMINARY LOCAL CLIMATOLOGICAL DATA (WS FORM: F-6)
STATION: BIRMINGHAM
MONTH: FEBRUARY
YEAR: 2021
LATITUDE: 33 34 N
LONGITUDE: 86 45 W
TEMPERATURE IN F: :PCPN: SNOW: WIND :SUNSHINE: SKY :PK WND
================================================================================
1 2 3 4 5 6A 6B 7 8 9 10 11 12 13 14 15 16 17 18
12Z AVG MX 2MIN
DY MAX MIN AVG DEP HDD CDD WTR SNW DPTH SPD SPD DIR MIN PSBL S-S WX SPD DR
================================================================================
1 41 36 39 -6 26 0 0.00 0.0 0 15.5 22 310 M M 10 30 330
2 48 31 40 -5 25 0 0.00 0.0 0 10.7 17 310 M M 2 26 10
3 53 25 39 -6 26 0 0.00 0.0 0 3.9 13 350 M M 1 18 360
4 60 30 45 0 20 0 0.11 0.0 0 7.6 23 280 M M 8 18 28 190
5 56 33 45 -1 20 0 0.05 0.0 0 6.1 21 330 M M 6 1 26 320
6 50 31 41 -5 24 0 0.15 0.0 0 5.8 18 120 M M 8 1 27 120
7 48 29 39 -7 26 0 0.12 0.0 0 6.9 15 350 M M 8 1 18 350
8 63 29 46 0 19 0 0.00 0.0 M 4.6 15 170 M M 6 1 18 180
9 67 46 57 11 8 0 T 0.0 M 3.9 13 320 M M 6 18 16 130
10 72 42 57 11 8 0 0.00 0.0 0 2.8 9 170 M M 3 14 180
11 63 41 52 5 13 0 0.76 0.0 0 4.9 16 300 M M 9 13 21 330
12 41 36 39 -8 26 0 T 0.0 M 8.8 15 360 M M 10 1 19 350
13 39 34 37 -10 28 0 0.02 0.0 M 8.7 14 360 M M 10 1 16 360
14 41 33 37 -11 28 0 0.00 0.0 0 8.1 14 360 M M 10 18 17 360
15 47 23 35 -13 30 0 0.60 T 0 9.5 26 260 M M 10 1 32 250
16 29 16 23 -25 42 0 T T 0 9.2 16 280 M M 7 1 20 280
17 51 18 35 -13 30 0 0.86 T 0 5.8 16 30 M M 6 13 21 40
18 47 34 41 -7 24 0 0.92 0.0 0 10.0 16 360 M M 10 138 22 360
19 47 26 37 -12 28 0 0.00 0.0 0 9.2 16 330 M M 5 21 350
20 55 23 39 -10 26 0 0.00 0.0 0 1.3 9 290 M M 0 18 12 290
21 64 31 48 -1 17 0 0.00 0.0 0 8.0 20 180 M M 2 25 180
22 64 39 52 2 13 0 0.05 0.0 0 9.6 18 290 M M 5 1 28 170
23 72 33 53 3 12 0 0.00 0.0 M 3.4 17 260 M M 0 21 260
24 75 39 57 7 8 0 0.00 0.0 0 3.9 18 200 M M 1 23 200
25 76 47 62 12 3 0 0.00 0.0 0 3.6 15 310 M M 5 18 300
26 76 51 64 13 1 0 0.13 0.0 0 9.5 22 190 M M 8 1 29 190
27 77 66 72 21 0 7 T 0.0 0 10.2 20 210 M M 8 1 27 200
28 82 66 74 23 0 9 0.00 0.0 0 14.3 26 190 M M 8 1 31 180
================================================================================
SM 1604 988 531 16 3.77 T 205.8 M 172
================================================================================
AV 57.3 35.3 7.3 FASTST M M 6 MAX(MPH)
MISC ----> # 26 260 32 250
================================================================================
NOTES:
# LAST OF SEVERAL OCCURRENCES
COLUMN 17 PEAK WIND IN M.P.H.
PRELIMINARY LOCAL CLIMATOLOGICAL DATA (WS FORM: F-6) , PAGE 2
STATION: BIRMINGHAM
MONTH: FEBRUARY
YEAR: 2021
LATITUDE: 33 34 N
LONGITUDE: 86 45 W
[TEMPERATURE DATA] [PRECIPITATION DATA] SYMBOLS USED IN COLUMN 16
AVERAGE MONTHLY: 46.3 TOTAL FOR MONTH: 3.77 1 = FOG OR MIST
DPTR FM NORMAL: -1.4 DPTR FM NORMAL: -0.76 2 = FOG REDUCING VISIBILITY
HIGHEST: 82 ON 28 GRTST 24HR 1.78 ON 17-18 TO 1/4 MILE OR LESS
LOWEST: 16 ON 16 3 = THUNDER
SNOW, ICE PELLETS, HAIL 4 = ICE PELLETS
TOTAL MONTH: T 5 = HAIL
GRTST 24HR T ON 15-15 6 = FREEZING RAIN OR DRIZZLE
GRTST DEPTH: 0 7 = DUSTSTORM OR SANDSTORM:
VSBY 1/2 MILE OR LESS
8 = SMOKE OR HAZE
[NO. OF DAYS WITH] [WEATHER - DAYS WITH] 9 = BLOWING SNOW
X = TORNADO
MAX 32 OR BELOW: 1 0.01 INCH OR MORE: 11
MAX 90 OR ABOVE: 0 0.10 INCH OR MORE: 8
MIN 32 OR BELOW: 12 0.50 INCH OR MORE: 4
MIN 0 OR BELOW: 0 1.00 INCH OR MORE: 0
[HDD (BASE 65) ]
TOTAL THIS MO. 531 CLEAR (SCALE 0-3) 7
DPTR FM NORMAL 46 PTCLDY (SCALE 4-7) 14
TOTAL FM JUL 1 1983 CLOUDY (SCALE 8-10) 7
DPTR FM NORMAL -209
[CDD (BASE 65) ]
TOTAL THIS MO. 16
DPTR FM NORMAL 13 [PRESSURE DATA]
TOTAL FM JAN 1 16 HIGHEST SLP 30.47 ON 20
DPTR FM NORMAL 15 LOWEST SLP 29.73 ON 15
[REMARKS]
#FINAL-02-21#