000
CXUS53 KGRR 010910
CF6BIV
PRELIMINARY LOCAL CLIMATOLOGICAL DATA (WS FORM: F-6)
STATION: HOLLAND
MONTH: APRIL
YEAR: 2021
LATITUDE: 42 49 N
LONGITUDE: 86 10 W
TEMPERATURE IN F: :PCPN: SNOW: WIND :SUNSHINE: SKY :PK WND
================================================================================
1 2 3 4 5 6A 6B 7 8 9 10 11 12 13 14 15 16 17 18
12Z AVG MX 2MIN
DY MAX MIN AVG DEP HDD CDD WTR SNW DPTH SPD SPD DIR MIN PSBL S-S WX SPD DR
================================================================================
1 36 25 31 -12 34 0 T M M 10.5 22 320 M M 4 34 320
2 45 18 32 -11 33 0 0.00 M M 4.8 16 260 M M 0 20 260
3 62 31 47 3 18 0 0.00 M M 12.0 31 220 M M 1 43 220
4 74 32 53 9 12 0 0.00 M M 5.2 15 120 M M 0 18 20 120
5 69 51 60 16 5 0 0.09 M M 9.3 17 130 M M 3 3 29 10
6 77 53 65 20 0 0 T M M 8.4 18 250 M M 1 26 220
7 79 56 68 23 0 3 0.00 M M 8.6 20 230 M M 2 27 210
8 74 50 62 16 3 0 0.51 M M 10.9 25 160 M M 5 138 37 170
9 67 46 57 11 8 0 0.04 M M 10.3 25 230 M M 8 36 190
10 69 42 56 10 9 0 0.72 M M 6.1 24 140 M M 5 1238 35 140
11 56 47 52 5 13 0 0.02 M M 6.3 14 330 M M 7 12 19 330
12 60 41 51 4 14 0 0.00 M M 7.3 17 260 M M 4 26 270
13 52 37 45 -2 20 0 0.00 M M 8.1 20 260 M M 3 26 250
14 46 35 41 -7 24 0 0.00 M M 8.9 17 270 M M 5 25 250
15 46 37 42 -6 23 0 0.01 M M 11.9 23 320 M M 8 8 36 320
16 45 34 40 -9 25 0 0.00 M M 8.1 17 330 M M 6 25 330
17 54 32 43 -6 22 0 0.00 M M 5.0 15 300 M M 0 21 300
18 58 31 45 -4 20 0 0.00 M M 4.6 14 230 M M 4 19 270
19 53 38 46 -4 19 0 0.13 M M 11.3 23 240 M M 7 1 33 240
20 41 34 38 -12 27 0 0.00 M M 7.1 15 310 M M 4 23 350
21 41 26 34 -16 31 0 0.02 M M 5.7 16 310 M M 5 1 22 310
22 47 27 37 -14 28 0 0.00 M M 6.8 18 250 M M 2 8 27 260
23 59 37 48 -3 17 0 0.00 M M 11.5 23 260 M M 2 32 250
24 55 43 49 -3 16 0 T M M 4.3 15 310 M M 9 18 23 280
25 45 37 41 -11 24 0 T M M 9.5 20 310 M M 6 8 31 300
26 67 36 52 0 13 0 T M M 13.3 24 140 M M 4 33 120
27 78 52 65 12 0 0 0.00 M M 11.2 25 230 M M 6 39 230
28 67 42 55 2 10 0 T M M 7.6 18 280 M M 7 26 290
29 57 44 51 -2 14 0 0.04 M M 6.0 18 310 M M 6 26 330
30 53 35 44 -10 21 0 T M M 8.6 24 330 M M 3 39 340
================================================================================
SM 1732 1149 503 3 1.58 M 249.2 M 127
================================================================================
AV 57.7 38.3 8.3 FASTST M M 4 MAX(MPH)
MISC ----> 31 220 43 220
================================================================================
NOTES:
# LAST OF SEVERAL OCCURRENCES
COLUMN 17 PEAK WIND IN M.P.H.
PRELIMINARY LOCAL CLIMATOLOGICAL DATA (WS FORM: F-6) , PAGE 2
STATION: HOLLAND
MONTH: APRIL
YEAR: 2021
LATITUDE: 42 49 N
LONGITUDE: 86 10 W
[TEMPERATURE DATA] [PRECIPITATION DATA] SYMBOLS USED IN COLUMN 16
AVERAGE MONTHLY: 48.0 TOTAL FOR MONTH: 1.58 1 = FOG OR MIST
DPTR FM NORMAL: -0.3 DPTR FM NORMAL: -1.67 2 = FOG REDUCING VISIBILITY
HIGHEST: 79 ON 7 GRTST 24HR 0.74 ON 10-11 TO 1/4 MILE OR LESS
LOWEST: 18 ON 2 3 = THUNDER
SNOW, ICE PELLETS, HAIL 4 = ICE PELLETS
TOTAL MONTH: M 5 = HAIL
GRTST 24HR M ON M 6 = FREEZING RAIN OR DRIZZLE
GRTST DEPTH: M ON M 7 = DUSTSTORM OR SANDSTORM:
VSBY 1/2 MILE OR LESS
8 = SMOKE OR HAZE
[NO. OF DAYS WITH] [WEATHER - DAYS WITH] 9 = BLOWING SNOW
X = TORNADO
MAX 32 OR BELOW: 0 0.01 INCH OR MORE: 9
MAX 90 OR ABOVE: 0 0.10 INCH OR MORE: 3
MIN 32 OR BELOW: 8 0.50 INCH OR MORE: 2
MIN 0 OR BELOW: 0 1.00 INCH OR MORE: 0
[HDD (BASE 65) ]
TOTAL THIS MO. 503 CLEAR (SCALE 0-3) 11
DPTR FM NORMAL -2 PTCLDY (SCALE 4-7) 18
TOTAL FM JUL 1 5671 CLOUDY (SCALE 8-10) 1
DPTR FM NORMAL -208
[CDD (BASE 65) ]
TOTAL THIS MO. 3
DPTR FM NORMAL -1 [PRESSURE DATA]
TOTAL FM JAN 1 3 HIGHEST SLP 30.59 ON 2
DPTR FM NORMAL -1 LOWEST SLP 29.32 ON 11
[REMARKS]
#FINAL-04-21#