000
CXUS53 KGRR 010910
CF6BIV
PRELIMINARY LOCAL CLIMATOLOGICAL DATA (WS FORM: F-6)
STATION: HOLLAND
MONTH: SEPTEMBER
YEAR: 2023
LATITUDE: 42 49 N
LONGITUDE: 86 10 W
TEMPERATURE IN F: :PCPN: SNOW: WIND :SUNSHINE: SKY :PK WND
================================================================================
1 2 3 4 5 6A 6B 7 8 9 10 11 12 13 14 15 16 17 18
12Z AVG MX 2MIN
DY MAX MIN AVG DEP HDD CDD WTR SNW DPTH SPD SPD DIR MIN PSBL S-S WX SPD DR
================================================================================
1 77 47 62 -6 3 0 0.00 M M 4.1 15 160 M M 0 1 19 140
2 82 55 69 2 0 4 0.00 M M 8.4 22 210 M M 0 29 210
3 88 69 79 12 0 14 0.00 M M 13.7 24 230 M M 0 33 230
4 89 71 80 13 0 15 0.00 M M 7.4 14 210 M M 0 19 220
5 93 72 83 17 0 18 0.00 M M 7.5 17 210 M M 0 26 200
6 82 69 76 10 0 11 0.28 M M 10.8 23 210 M M 6 13 35 230
7 73 61 67 1 0 2 0.01 M M 8.2 16 320 M M 10 1 25 330
8 68 53 61 -5 4 0 0.00 M M 4.2 12 320 M M 7 19 320
9 73 47 60 -5 5 0 0.00 M M 2.7 12 290 M M 3 12 16 310
10 75 47 61 -4 4 0 0.00 M M 2.4 12 290 M M 5 12 19 290
11 66 54 60 -5 5 0 0.97 M M 3.7 13 200 M M 8 1 19 200
12 69 52 61 -3 4 0 0.01 M M 6.1 15 340 M M 4 23 310
13 66 47 57 -7 8 0 0.01 M M 2.9 13 300 M M 3 1 20 350
14 70 45 58 -6 7 0 0.00 M M 1.6 9 300 M M 2 12 14 290
15 73 46 60 -3 5 0 0.00 M M 4.2 15 240 M M 1 12 21 280
16 70 50 60 -3 5 0 T M M 3.8 9 240 M M 5 12 13 230
17 69 55 62 -1 3 0 0.00 M M 3.7 12 320 M M 7 1 17 330
18 68 47 58 -4 7 0 0.00 M M 3.7 14 290 M M 2 1 21 280
19 66 45 56 -6 9 0 0.02 M M 4.4 10 130 M M 7 1 15 140
20 79 58 69 7 0 4 T M M 5.8 18 210 M M 4 24 210
21 82 57 70 9 0 5 0.00 M M 2.2 8 180 M M 2 1 12 140
22 83 57 70 9 0 5 0.00 M M 5.9 16 150 M M 0 1 22 150
23 77 55 66 6 0 1 0.00 M M 8.2 16 100 M M 0 24 100
24 77 51 64 4 1 0 0.00 M M 5.9 12 90 M M 0 1 16 100
25 73 52 63 3 2 0 0.00 M M 7.1 15 80 M M 5 12 24 70
26 74 60 67 8 0 2 0.27 M M 7.3 14 120 M M 9 1 18 90
27 67 61 64 5 1 0 T M M 9.1 16 100 M M 10 23 120
28 65 60 63 5 2 0 0.00 M M 5.9 13 70 M M 10 17 90
29 69 53 61 3 4 0 0.01 M M 3.9 9 140 M M 8 1 12 130
30 79 49 64 6 1 0 0.00 M M 3.4 12 160 M M 2 128 15 160
================================================================================
SM 2242 1645 80 81 1.58 M 168.2 M 120
================================================================================
AV 74.7 54.8 5.6 FASTST M M 4 MAX(MPH)
MISC ----> 24 230 35 230
================================================================================
NOTES:
# LAST OF SEVERAL OCCURRENCES
COLUMN 17 PEAK WIND IN M.P.H.
PRELIMINARY LOCAL CLIMATOLOGICAL DATA (WS FORM: F-6) , PAGE 2
STATION: HOLLAND
MONTH: SEPTEMBER
YEAR: 2023
LATITUDE: 42 49 N
LONGITUDE: 86 10 W
[TEMPERATURE DATA] [PRECIPITATION DATA] SYMBOLS USED IN COLUMN 16
AVERAGE MONTHLY: 64.8 TOTAL FOR MONTH: 1.58 1 = FOG OR MIST
DPTR FM NORMAL: 1.9 DPTR FM NORMAL: -1.37 2 = FOG REDUCING VISIBILITY
HIGHEST: 93 ON 5 GRTST 24HR 0.97 ON 11-11 TO 1/4 MILE OR LESS
LOWEST: 45 ON 19,14 3 = THUNDER
SNOW, ICE PELLETS, HAIL 4 = ICE PELLETS
TOTAL MONTH: M 5 = HAIL
GRTST 24HR M ON M 6 = FREEZING RAIN OR DRIZZLE
GRTST DEPTH: M ON M 7 = DUSTSTORM OR SANDSTORM:
VSBY 1/2 MILE OR LESS
8 = SMOKE OR HAZE
[NO. OF DAYS WITH] [WEATHER - DAYS WITH] 9 = BLOWING SNOW
X = TORNADO
MAX 32 OR BELOW: 0 0.01 INCH OR MORE: 8
MAX 90 OR ABOVE: 1 0.10 INCH OR MORE: 3
MIN 32 OR BELOW: 0 0.50 INCH OR MORE: 1
MIN 0 OR BELOW: 0 1.00 INCH OR MORE: 0
[HDD (BASE 65) ]
TOTAL THIS MO. 80 CLEAR (SCALE 0-3) 14
DPTR FM NORMAL -43 PTCLDY (SCALE 4-7) 11
TOTAL FM JUL 1 90 CLOUDY (SCALE 8-10) 5
DPTR FM NORMAL -57
[CDD (BASE 65) ]
TOTAL THIS MO. 81
DPTR FM NORMAL 19 [PRESSURE DATA]
TOTAL FM JAN 1 610 HIGHEST SLP 30.29 ON 30
DPTR FM NORMAL -13 LOWEST SLP 29.71 ON 7
[REMARKS]
#FINAL-09-23#