189
CXUS53 KGRR 020002 RRB
CLABIV
WRKCLMBIV 000
TTAA00 KGRR 012359
CLIMATE REPORT
NATIONAL WEATHER SERVICE GRAND RAPIDS, MI
620 PM EST WED JAN 1 2020
...................................
...THE HOLLAND/TULIP CITY MI CLIMATE SUMMARY FOR THE YEAR OF 2019...
CLIMATE NORMAL PERIOD 1981 TO 2010
CLIMATE RECORD PERIOD 1996 TO 2019
WEATHER OBSERVED NORMAL DEPART LAST YEAR`S
VALUE DATE(S) VALUE FROM VALUE DATE(S)
NORMAL
................................................................
TEMPERATURE (F)
HIGHEST 92 07/19 MM MM 95 05/28
LOWEST -13 01/21 MM MM -4 01/05
AVG. MAXIMUM 56.7 58.5 -1.8 57.7
AVG. MINIMUM 40.7 41.5 -0.8 41.7
MEAN 48.7 50.0 -1.3 49.7
DAYS MAX >= 90 4 6.4 -2.4 11
DAYS MAX <= 32 45 40.2 4.8 36
DAYS MIN <= 32 125 115.1 9.9 142
DAYS MIN <= 0 5 1.4 3.6 2
PRECIPITATION (INCHES)
TOTALS 41.84 36.46 5.38 35.79
DAILY AVG. 0.12 0.10 0.02 0.11
DAYS >= .01 151 MM MM 125
DAYS >= .10 87 MM MM 69
DAYS >= .50 28 MM MM 20
DAYS >= 1.00 9 MM MM 7
GREATEST
24 HR. TOTAL 2.48 09/22 TO 09/22
DEGREE_DAYS
HEATING TOTAL 6518 6158 360 6342
SINCE 7/1 2300 2268 32 2357
COOLING TOTAL 689 693 -4 891
SINCE 1/1 689 693 -4 891
FREEZE DATES
EARLIEST MM
LATEST MM
.................................................................
WIND (MPH)
AVERAGE WIND SPEED 8.7
RESULTANT WIND SPEED/DIRECTION 2/241
HIGHEST WIND SPEED/DIRECTION 43/250 DATE 11/27
HIGHEST GUST SPEED/DIRECTION 61/270 DATE 11/27
SKY COVER
POSSIBLE SUNSHINE (PERCENT) MM
AVERAGE SKY COVER 0.50
NUMBER OF DAYS FAIR 131
NUMBER OF DAYS PC 109
NUMBER OF DAYS CLOUDY 124
AVERAGE RH (PERCENT) 75
WEATHER CONDITIONS. NUMBER OF DAYS WITH
THUNDERSTORM 39 MIXED PRECIP 0
HEAVY RAIN 36 RAIN 63
LIGHT RAIN 136 FREEZING RAIN 2
LT FREEZING RAIN 5 HAIL 0
HEAVY SNOW 11 SNOW 20
LIGHT SNOW 73 SLEET 0
FOG 200 FOG W/VIS <= 1/4 MILE 33
HAZE 60
- INDICATES NEGATIVE NUMBERS.
R INDICATES RECORD WAS SET OR TIED.
MM INDICATES DATA IS MISSING.
T INDICATES TRACE AMOUNT.
$$