000
CXUS56 KBOI 011002
CF6BKE
PRELIMINARY LOCAL CLIMATOLOGICAL DATA (WS FORM: F-6)
STATION: BAKER OR
MONTH: JUNE
YEAR: 2023
LATITUDE: 44 50 N
LONGITUDE: 117 49 W
TEMPERATURE IN F: :PCPN: SNOW: WIND :SUNSHINE: SKY :PK WND
================================================================================
1 2 3 4 5 6A 6B 7 8 9 10 11 12 13 14 15 16 17 18
12Z AVG MX 2MIN
DY MAX MIN AVG DEP HDD CDD WTR SNW DPTH SPD SPD DIR MIN PSBL S-S WX SPD DR
================================================================================
1 73 37 55 -3 10 0 0.00 M M 6.5 14 330 M M 0 20 310
2 76 40 58 0 7 0 0.00 M M 8.3 17 340 M M 0 26 330
3 79 41 60 2 5 0 0.00 M M 5.4 13 320 M M 0 17 300
4 83 41 62 4 3 0 0.00 M M 4.7 17 320 M M 0 3 22 320
5 82 46 64 6 1 0 0.00 M M 2.5 15 60 M M 0 21 60
6 84 41 63 5 2 0 0.00 M M 6.7 18 190 M M 1 13 27 170
7 87 54 71 12 0 6 T M M 5.4 22 310 M M 2 3 31 310
8 73 58 66 7 0 1 0.30 M M 3.9 14 350 M M 8 1 18 350
9 63 56 60 1 5 0 0.19 M M 3.5 16 130 M M 10 1 23 130
10 76 52 64 5 1 0 0.00 M M 3.5 12 330 M M 3 1 15 330
11 79 53 66 7 0 1 0.00 M M 7.0 21 330 M M 2 3 28 340
12 79 51 65 5 0 0 0.00 M M 8.7 21 330 M M 2 3 27 330
13 80 50 65 5 0 0 0.33 M M 7.5 24 330 M M 2 3 35 320
14 68 43 56 -4 9 0 0.00 M M 8.4 24 350 M M 0 36 10
15 69 40 55 -5 10 0 0.00 M M 10.6 21 330 M M 0 29 350
16 79 41 60 0 5 0 0.00 M M 6.4 16 340 M M 0 22 340
17 74 49 62 1 3 0 0.05 M M 6.0 16 330 M M 7 25 340
18 62 37 50 -11 15 0 0.00 M M 10.1 20 330 M M 5 29 350
19 56 34 45 -16 20 0 0.02 M M 5.2 20 330 M M 6 3 27 360
20 59 29 44 -17 21 0 T M M 6.0 24 310 M M 4 34 300
21 69 30 50 -12 15 0 0.00 M M 3.5 9 160 M M 0 1 14 180
22 76 33 55 -7 10 0 0.00 M M 3.5 12 320 M M 0 16 310
23 78 42 60 -2 5 0 0.00 M M 9.9 23 340 M M 0 32 320
24 80 39 60 -2 5 0 0.15 M M 4.6 24 260 M M 3 3 33 270
25 79 50 65 2 0 0 0.02 M M 6.0 21 300 M M 3 3 28 300
26 76 48 62 -1 3 0 T M M 6.9 21 310 M M 2 28 30
27 72 51 62 -1 3 0 T M M 8.6 21 330 M M 5 28 320
28 78 50 64 0 1 0 0.08 M M 4.0 22 50 M M 3 3 31 50
29 86 46 66 2 0 1 0.00 M M 3.8 12 310 M M 0 1 15 260
30 93 49 71 7 0 6 0.00 M M 3.3 10 150 M M 0 15 150
================================================================================
SM 2268 1331 159 15 1.14 M 180.4 M 68
================================================================================
AV 75.6 44.4 6.0 FASTST M M 2 MAX(MPH)
MISC ----> # 24 330 36 10
================================================================================
NOTES:
# LAST OF SEVERAL OCCURRENCES
COLUMN 17 PEAK WIND IN M.P.H.
PRELIMINARY LOCAL CLIMATOLOGICAL DATA (WS FORM: F-6) , PAGE 2
STATION: BAKER OR
MONTH: JUNE
YEAR: 2023
LATITUDE: 44 50 N
LONGITUDE: 117 49 W
[TEMPERATURE DATA] [PRECIPITATION DATA] SYMBOLS USED IN COLUMN 16
AVERAGE MONTHLY: 60.0 TOTAL FOR MONTH: 1.14 1 = FOG OR MIST
DPTR FM NORMAL: -0.6 DPTR FM NORMAL: 0.04 2 = FOG REDUCING VISIBILITY
HIGHEST: 93 ON 30 GRTST 24HR 0.33 ON 13-13 TO 1/4 MILE OR LESS
LOWEST: 29 ON 20 3 = THUNDER
SNOW, ICE PELLETS, HAIL 4 = ICE PELLETS
TOTAL MONTH: M 5 = HAIL
GRTST 24HR M ON M 6 = FREEZING RAIN OR DRIZZLE
GRTST DEPTH: M ON M 7 = DUSTSTORM OR SANDSTORM:
VSBY 1/2 MILE OR LESS
8 = SMOKE OR HAZE
[NO. OF DAYS WITH] [WEATHER - DAYS WITH] 9 = BLOWING SNOW
X = TORNADO
MAX 32 OR BELOW: 0 0.01 INCH OR MORE: 8
MAX 90 OR ABOVE: 1 0.10 INCH OR MORE: 4
MIN 32 OR BELOW: 2 0.50 INCH OR MORE: 0
MIN 0 OR BELOW: 0 1.00 INCH OR MORE: 0
[HDD (BASE 65) ]
TOTAL THIS MO. 159 CLEAR (SCALE 0-3) 21
DPTR FM NORMAL -3 PTCLDY (SCALE 4-7) 8
TOTAL FM JUL 1 7396 CLOUDY (SCALE 8-10) 1
DPTR FM NORMAL 740
[CDD (BASE 65) ]
TOTAL THIS MO. 15
DPTR FM NORMAL -14 [PRESSURE DATA]
TOTAL FM JAN 1 19 HIGHEST SLP 30.26 ON 21
DPTR FM NORMAL -15 LOWEST SLP 29.72 ON 18
[REMARKS]
#FINAL-06-23#