000
CXUS56 KBOI 111517
CF6BKE
PRELIMINARY LOCAL CLIMATOLOGICAL DATA (WS FORM: F-6)
STATION: BAKER OR
MONTH: DECEMBER
YEAR: 2023
LATITUDE: 44 50 N
LONGITUDE: 117 49 W
TEMPERATURE IN F: :PCPN: SNOW: WIND :SUNSHINE: SKY :PK WND
================================================================================
1 2 3 4 5 6A 6B 7 8 9 10 11 12 13 14 15 16 17 18
12Z AVG MX 2MIN
DY MAX MIN AVG DEP HDD CDD WTR SNW DPTH SPD SPD DIR MIN PSBL S-S WX SPD DR
================================================================================
1 34 20 27 -4 38 0 0.06 M M 4.6 15 60 M M 8 12 19 150
2 40 23 32 1 33 0 0.14 M M 7.6 23 150 M M 8 1 34 130
3 38 33 36 5 29 0 0.07 M M 6.8 15 100 M M 10 1 23 90
4 47 32 40 10 25 0 T M M 4.4 18 110 M M 9 12 26 110
5 52 45 49 19 16 0 0.00 M M 14.7 23 110 M M 3 32 120
6 51 38 45 15 20 0 T M M 12.9 26 200 M M 4 33 130
7 48 30 39 9 26 0 0.01 M M 7.7 25 320 M M 6 1 32 310
8 39 20 30 0 35 0 0.00 M M 3.6 16 340 M M 3 21 330
9 37 17 27 -2 38 0 T M M 11.5 23 120 M M 5 1 32 120
10 33 30 32 3 33 0 0.26 M M 5.5 20 100 M M 10 16 25 100
11 32 30 31 2 34 0 0.01 M M 0.9 3 340 M M 4 18 5 280
12 38 34 36 7 29 0 0.00 M M 1.7 7 290 M M 4 10 330
13 41 30 36 8 29 0 0.00 M M 8.1 16 130 M M 5 23 130
14 37 27 32 4 33 0 0.00 M M 6.9 16 110 M M 6 20 140
15 40 24 32 4 33 0 0.00 M M 6.8 17 120 M M 4 18 21 120
16 40 21 31 3 34 0 0.00 M M 3.2 10 210 M M 0 18 14 190
17 37 17 27 -1 38 0 0.00 M M 4.8 15 120 M M 4 18 19 120
18 39 29 34 6 31 0 0.01 M M 11.3 23 100 M M 7 30 90
19 50 36 43 15 22 0 0.03 M M 10.8 22 120 M M 9 28 110
20 54 28 41 13 24 0 T M M 3.5 12 90 M M 3 128 15 90
21 46 24 35 7 30 0 0.00 M M 2.1 8 190 M M 3 128 10 200
22 45 26 36 8 29 0 0.08 M M 7.6 24 330 M M 6 1 31 340
23 40 19 30 2 35 0 0.00 M M 6.4 17 10 M M 2 23 10
24 34 14 24 -3 41 0 0.00 M M 5.9 21 130 M M 1 28 130
25 37 17 27 0 38 0 0.00 M M 8.0 20 110 M M 7 26 120
26 36 30 33 6 32 0 0.03 M M 8.0 22 130 M M 10 29 120
27 37 31 34 7 31 0 T M M 14.8 24 110 M M 9 32 120
28 45 27 36 9 29 0 0.00 M M 6.3 18 170 M M 2 23 120
29 48 31 40 13 25 0 0.00 M M 6.6 14 120 M M 3 18 120
30 50 27 39 12 26 0 0.00 M M 2.0 8 80 M M 2 13 90
31 47 26 37 9 28 0 0.00 M M 1.7 7 280 M M M 128 10 300
================================================================================
SM 1292 836 944 0 0.70 M 206.7 M 157
================================================================================
AV 41.7 27.0 6.7 FASTST M M 5 MAX(MPH)
MISC ----> 26 200 34 130
================================================================================
NOTES:
# LAST OF SEVERAL OCCURRENCES
COLUMN 17 PEAK WIND IN M.P.H.
PRELIMINARY LOCAL CLIMATOLOGICAL DATA (WS FORM: F-6) , PAGE 2
STATION: BAKER OR
MONTH: DECEMBER
YEAR: 2023
LATITUDE: 44 50 N
LONGITUDE: 117 49 W
[TEMPERATURE DATA] [PRECIPITATION DATA] SYMBOLS USED IN COLUMN 16
AVERAGE MONTHLY: 34.3 TOTAL FOR MONTH: 0.70 1 = FOG OR MIST
DPTR FM NORMAL: 5.7 DPTR FM NORMAL: -0.15 2 = FOG REDUCING VISIBILITY
HIGHEST: 54 ON 20 GRTST 24HR 0.27 ON 10-11 TO 1/4 MILE OR LESS
LOWEST: 14 ON 24 3 = THUNDER
SNOW, ICE PELLETS, HAIL 4 = ICE PELLETS
TOTAL MONTH: M 5 = HAIL
GRTST 24HR M ON M 6 = FREEZING RAIN OR DRIZZLE
GRTST DEPTH: M ON M 7 = DUSTSTORM OR SANDSTORM:
VSBY 1/2 MILE OR LESS
8 = SMOKE OR HAZE
[NO. OF DAYS WITH] [WEATHER - DAYS WITH] 9 = BLOWING SNOW
X = TORNADO
MAX 32 OR BELOW: 1 0.01 INCH OR MORE: 10
MAX 90 OR ABOVE: 0 0.10 INCH OR MORE: 2
MIN 32 OR BELOW: 26 0.50 INCH OR MORE: 0
MIN 0 OR BELOW: 0 1.00 INCH OR MORE: 0
[HDD (BASE 65) ]
TOTAL THIS MO. 944 CLEAR (SCALE 0-3) 8
DPTR FM NORMAL -186 PTCLDY (SCALE 4-7) 15
TOTAL FM JUL 1 2594 CLOUDY (SCALE 8-10) 8
DPTR FM NORMAL -235
[CDD (BASE 65) ]
TOTAL THIS MO. 0
DPTR FM NORMAL 0 [PRESSURE DATA]
TOTAL FM JAN 1 264 HIGHEST SLP 30.58 ON 9
DPTR FM NORMAL -61 LOWEST SLP 29.67 ON 6
[REMARKS]
#FINAL-12-23#