000
CXUS51 KRLX 021952
CF6BKW
PRELIMINARY LOCAL CLIMATOLOGICAL DATA (WS FORM: F-6)
STATION: BECKLEY WV
MONTH: APRIL
YEAR: 2023
LATITUDE: 37 46 N
LONGITUDE: 81 7 W
TEMPERATURE IN F: :PCPN: SNOW: WIND :SUNSHINE: SKY :PK WND
================================================================================
1 2 3 4 5 6A 6B 7 8 9 10 11 12 13 14 15 16 17 18
12Z AVG MX 2MIN
DY MAX MIN AVG DEP HDD CDD WTR SNW DPTH SPD SPD DIR MIN PSBL S-S WX SPD DR
================================================================================
1 71 38 55 7 10 0 0.50 0.0 0 17.1 40 260 M M 8 1 57 260
2 53 33 43 -6 22 0 0.01 T 0 7.5 17 290 M M 6 1 25 290
3 70 42 56 7 9 0 0.00 0.0 0 8.8 18 210 M M 1 22 210
4 79 46 63 14 2 0 0.00 0.0 0 6.7 14 250 M M 3 21 220
5 83 58 71 21 0 6 0.00 0.0 0 9.5 24 360 M M 2 31 340
6 71 46 59 9 6 0 T 0.0 0 8.2 16 350 M M 7 12 19 10
7 46 40 43 -8 22 0 0.46 0.0 0 5.7 13 20 M M 7 1 18 20
8 47 34 41 -10 24 0 0.00 0.0 0 5.2 16 120 M M 1 23 80
9 61 27 44 -7 21 0 0.00 0.0 0 5.6 15 360 M M 0 20 360
10 66 39 53 1 12 0 0.00 0.0 0 4.2 12 170 M M 0 16 150
11 70 37 54 2 11 0 0.00 0.0 0 4.8 16 320 M M 0 23 310
12 75 45 60 8 5 0 0.00 0.0 0 4.6 16 290 M M 0 22 320
13 80 45 63 10 2 0 0.00 0.0 0 5.0 15 130 M M 0 19 140
14 74 53 64 11 1 0 0.09 0.0 0 6.9 18 140 M M 6 13 24 140
15 73 53 63 9 2 0 0.01 0.0 0 6.0 15 260 M M 8 19 300
16 72 45 59 5 6 0 0.01 0.0 0 8.2 23 270 M M 5 30 270
17 59 39 49 -5 16 0 0.00 0.0 0 13.8 28 270 M M 5 37 270
18 67 42 55 0 10 0 0.00 0.0 0 13.2 31 270 M M 0 42 270
19 77 41 59 4 6 0 0.00 0.0 0 5.4 17 270 M M 0 22 280
20 83 53 68 13 0 3 0.00 0.0 0 7.7 21 260 M M 0 25 260
21 81 58 70 14 0 5 0.00 0.0 0 7.8 20 220 M M 2 26 250
22 64 40 52 -4 13 0 0.16 0.0 0 7.7 36 260 M M 6 1 50 270
23 52 36 44 -12 21 0 T 0.0 0 6.5 17 270 M M 6 24 340
24 54 36 45 -11 20 0 0.00 0.0 0 5.6 18 340 M M 4 25 270
25 59 29 44 -13 21 0 0.00 0.0 0 3.0 13 270 M M 0 16 260
26 67 37 52 -5 13 0 0.00 0.0 0 4.4 16 280 M M 1 8 21 270
27 68 38 53 -4 12 0 0.29 0.0 0 7.7 21 120 M M 4 1 30 130
28 60 52 56 -2 9 0 0.93 0.0 0 9.6 23 130 M M 10 1 32 120
29 67 50 59 1 6 0 0.12 0.0 0 5.0 15 180 M M 7 13 21 200
30 55 41 48 -10 17 0 0.69 0.0 0 9.6 23 280 M M 10 13 31 280
================================================================================
SM 2004 1273 319 14 3.27 T 221.0 M 109
================================================================================
AV 66.8 42.4 7.4 FASTST M M 4 MAX(MPH)
MISC ----> 40 260 57 260
================================================================================
NOTES:
# LAST OF SEVERAL OCCURRENCES
COLUMN 17 PEAK WIND IN M.P.H.
PRELIMINARY LOCAL CLIMATOLOGICAL DATA (WS FORM: F-6) , PAGE 2
STATION: BECKLEY WV
MONTH: APRIL
YEAR: 2023
LATITUDE: 37 46 N
LONGITUDE: 81 7 W
[TEMPERATURE DATA] [PRECIPITATION DATA] SYMBOLS USED IN COLUMN 16
AVERAGE MONTHLY: 54.6 TOTAL FOR MONTH: 3.27 1 = FOG OR MIST
DPTR FM NORMAL: 1.1 DPTR FM NORMAL: -0.31 2 = FOG REDUCING VISIBILITY
HIGHEST: 83 ON 20, 5 GRTST 24HR 1.02 ON 27-28 TO 1/4 MILE OR LESS
LOWEST: 27 ON 9 3 = THUNDER
SNOW, ICE PELLETS, HAIL 4 = ICE PELLETS
TOTAL MONTH: T 5 = HAIL
GRTST 24HR T ON 2- 2 6 = FREEZING RAIN OR DRIZZLE
GRTST DEPTH: 0 7 = DUSTSTORM OR SANDSTORM:
VSBY 1/2 MILE OR LESS
8 = SMOKE OR HAZE
[NO. OF DAYS WITH] [WEATHER - DAYS WITH] 9 = BLOWING SNOW
X = TORNADO
MAX 32 OR BELOW: 0 0.01 INCH OR MORE: 11
MAX 90 OR ABOVE: 0 0.10 INCH OR MORE: 7
MIN 32 OR BELOW: 2 0.50 INCH OR MORE: 3
MIN 0 OR BELOW: 0 1.00 INCH OR MORE: 0
[HDD (BASE 65) ]
TOTAL THIS MO. 319 CLEAR (SCALE 0-3) 15
DPTR FM NORMAL -39 PTCLDY (SCALE 4-7) 13
TOTAL FM JUL 1 4399 CLOUDY (SCALE 8-10) 2
DPTR FM NORMAL -467
[CDD (BASE 65) ]
TOTAL THIS MO. 14
DPTR FM NORMAL 1 [PRESSURE DATA]
TOTAL FM JAN 1 14 HIGHEST SLP 30.47 ON 7
DPTR FM NORMAL -1 LOWEST SLP 29.36 ON 30
[REMARKS]
#FINAL-04-23#