000
CXUS51 KRLX 011233
CF6BKW
PRELIMINARY LOCAL CLIMATOLOGICAL DATA (WS FORM: F-6)
STATION: BECKLEY WV
MONTH: DECEMBER
YEAR: 2020
LATITUDE: 37 46 N
LONGITUDE: 81 7 W
TEMPERATURE IN F: :PCPN: SNOW: WIND :SUNSHINE: SKY :PK WND
================================================================================
1 2 3 4 5 6A 6B 7 8 9 10 11 12 13 14 15 16 17 18
12Z AVG MX 2MIN
DY MAX MIN AVG DEP HDD CDD WTR SNW DPTH SPD SPD DIR MIN PSBL S-S WX SPD DR
================================================================================
1 29 24 27 -11 38 0 0.04 0.8 1 13.2 23 270 M M 10 1 29 270
2 35 22 29 -9 36 0 0.00 0.0 1 10.1 21 270 M M 4 31 300
3 52 20 36 -2 29 0 0.00 0.0 T 3.2 13 240 M M 2 17 230
4 47 39 43 6 22 0 0.53 0.0 0 5.1 14 150 M M 10 1 18 160
5 40 33 37 0 28 0 0.04 0.0 0 10.0 20 320 M M 10 1 25 310
6 42 28 35 -2 30 0 0.00 0.0 0 4.1 9 330 M M 7 1 12 270
7 33 24 29 -7 36 0 0.14 3.0 2 8.1 16 300 M M 10 12 29 340
8 26 21 24 -12 41 0 T T 3 9.0 16 330 M M 9 1 20 340
9 45 21 33 -3 32 0 0.00 0.0 1 8.0 17 260 M M 2 23 260
10 59 29 44 9 21 0 0.00 0.0 0 5.6 14 160 M M 0 20 150
11 62 36 49 14 16 0 0.00 0.0 0 6.6 14 140 M M 0 21 160
12 63 47 55 20 10 0 0.14 0.0 0 8.9 22 220 M M 5 1 32 230
13 51 35 43 8 22 0 0.00 0.0 0 5.4 13 250 M M 6 17 230
14 38 27 33 -1 32 0 0.92 2.8 1 7.8 17 320 M M 10 12 22 320
15 36 22 29 -5 36 0 0.00 0.0 3 6.9 20 140 M M 4 29 120
16 33 28 31 -3 34 0 0.56 1.0 2 10.4 21 130 M M 9 16 32 120
17 33 26 30 -4 35 0 0.03 T 2 6.7 14 300 M M 10 1 19 280
18 28 21 25 -9 40 0 T 0.3 2 6.0 15 310 M M 10 1 20 310
19 38 19 29 -4 36 0 0.00 0.0 1 5.8 12 140 M M 3 17 140
20 41 32 37 4 28 0 T 0.0 0 4.6 13 220 M M 10 17 240
21 46 33 40 7 25 0 0.08 T 0 9.6 28 270 M M 7 1 38 290
22 42 27 35 2 30 0 T T 0 10.7 31 280 M M 5 44 260
23 49 29 39 7 26 0 0.00 0.0 0 10.9 20 130 M M 1 28 150
24 54 24 39 7 26 0 0.73 3.5 0 11.9 29 200 M M 9 12 37 200
25 24 9 17 -15 48 0 M 2.7 6 11.9 22 260 M M 10 12 30 260
26 29 8 19 -13 46 0 T T 4 9.6 18 250 M M 5 18 25 270
27 46 19 33 1 32 0 0.00 0.0 3 7.1 17 140 M M 0 24 130
28 45 32 39 7 26 0 T 0.0 1 9.0 16 280 M M 9 1 26 240
29 37 26 32 0 33 0 0.00 0.0 0 8.4 20 140 M M 5 1 29 160
30 57 31 44 12 21 0 0.00 0.0 0 13.2 25 200 M M 1 34 190
31 53 36 45 14 20 0 0.11 0.0 0 6.0 18 260 M M 10 12 26 220
================================================================================
SM 1313 828 935 0 3.32 14.1 253.8 M 193
================================================================================
AV 42.4 26.7 8.2 FASTST M M 6 MAX(MPH)
MISC ----> 31 280 44 260
================================================================================
NOTES:
# LAST OF SEVERAL OCCURRENCES
COLUMN 17 PEAK WIND IN M.P.H.
PRELIMINARY LOCAL CLIMATOLOGICAL DATA (WS FORM: F-6) , PAGE 2
STATION: BECKLEY WV
MONTH: DECEMBER
YEAR: 2020
LATITUDE: 37 46 N
LONGITUDE: 81 7 W
[TEMPERATURE DATA] [PRECIPITATION DATA] SYMBOLS USED IN COLUMN 16
AVERAGE MONTHLY: 34.5 TOTAL FOR MONTH: 3.32 1 = FOG OR MIST
DPTR FM NORMAL: 0.3 DPTR FM NORMAL: 0.32 2 = FOG REDUCING VISIBILITY
HIGHEST: 63 ON 12 GRTST 24HR 10.42 ON 24-25 TO 1/4 MILE OR LESS
LOWEST: 8 ON 26 3 = THUNDER
SNOW, ICE PELLETS, HAIL 4 = ICE PELLETS
TOTAL MONTH: 14.2 INCHES 5 = HAIL
GRTST 24HR 3.5 ON 24-24 6 = FREEZING RAIN OR DRIZZLE
GRTST DEPTH: 6 ON 25 7 = DUSTSTORM OR SANDSTORM:
VSBY 1/2 MILE OR LESS
8 = SMOKE OR HAZE
[NO. OF DAYS WITH] [WEATHER - DAYS WITH] 9 = BLOWING SNOW
X = TORNADO
MAX 32 OR BELOW: 5 0.01 INCH OR MORE: 11
MAX 90 OR ABOVE: 0 0.10 INCH OR MORE: 7
MIN 32 OR BELOW: 24 0.50 INCH OR MORE: 4
MIN 0 OR BELOW: 0 1.00 INCH OR MORE: 0
[HDD (BASE 65) ]
TOTAL THIS MO. 935 CLEAR (SCALE 0-3) 8
DPTR FM NORMAL -18 PTCLDY (SCALE 4-7) 9
TOTAL FM JUL 1 1800 CLOUDY (SCALE 8-10) 14
DPTR FM NORMAL -293
[CDD (BASE 65) ]
TOTAL THIS MO. 0
DPTR FM NORMAL 0 [PRESSURE DATA]
TOTAL FM JAN 1 797 HIGHEST SLP 30.57 ON 29
DPTR FM NORMAL 240 LOWEST SLP 29.43 ON 24
[REMARKS]
#FINAL-12-20#