000
CXUS55 KPSR 011005
CF6BLH
PRELIMINARY LOCAL CLIMATOLOGICAL DATA (WS FORM: F-6)
STATION: BLYTHE CA
MONTH: APRIL
YEAR: 2022
LATITUDE: 33 37 N
LONGITUDE: 114 43 W
TEMPERATURE IN F: :PCPN: SNOW: WIND :SUNSHINE: SKY :PK WND
================================================================================
1 2 3 4 5 6A 6B 7 8 9 10 11 12 13 14 15 16 17 18
12Z AVG MX 2MIN
DY MAX MIN AVG DEP HDD CDD WTR SNW DPTH SPD SPD DIR MIN PSBL S-S WX SPD DR
================================================================================
1 87 54 71 2 0 6 0.00 M M 5.8 15 250 M M 0 18 250
2 85 56 71 2 0 6 0.00 M M 9.6 20 180 M M 0 28 170
3 84 59 72 3 0 7 0.00 M M 7.9 14 190 M M 0 19 180
4 92 58 75 5 0 10 0.00 M M 7.0 16 190 M M 0 22 170
5 94 62 78 8 0 13 0.00 M M 7.0 16 180 M M 0 22 170
6 93 64 79 9 0 14 0.00 M M 17.7 30 340 M M 0 39 360
7 96 70 83 13 0 18 0.00 M M 15.5 23 350 M M 0 29 340
8 97 67 82 12 0 17 0.00 M M 5.4 17 330 M M 0 21 340
9 100 56 78 7 0 13 0.00 M M 12.0 30 220 M M 0 42 210
10 90 63 77 6 0 12 0.00 M M 11.4 25 200 M M 0 8 32 250
11 86 60 73 2 0 8 0.00 M M 17.2 33 260 M M 0 8 42 260
12 73 53 63 -8 2 0 0.00 M M 15.9 30 330 M M 0 8 37 300
13 77 46 62 -10 3 0 0.00 M M 4.0 14 260 M M 0 26 300
14 87 49 68 -4 0 3 0.00 M M 8.5 21 240 M M 0 36 220
15 89 55 72 0 0 7 0.00 M M 8.7 21 230 M M 0 26 230
16 91 61 76 4 0 11 0.00 M M 10.4 28 230 M M 0 37 220
17 92 60 76 4 0 11 0.00 M M 5.3 15 10 M M 0 20 330
18 96 56 76 3 0 11 0.00 M M 4.6 12 130 M M 0 18 160
19 99 69 84 11 0 19 0.00 M M 13.7 35 230 M M 0 8 43 240
20 90 58 74 1 0 9 0.00 M M 9.1 21 230 M M 0 26 220
21 92 62 77 4 0 12 0.00 M M 11.1 26 240 M M 0 37 230
22 80 57 69 -5 0 4 0.00 M M 14.0 29 230 M M 1 8 38 260
23 85 55 70 -4 0 5 0.00 M M 10.3 21 360 M M 0 29 340
24 87 63 75 1 0 10 0.00 M M 15.8 28 360 M M 0 36 360
25 91 59 75 1 0 10 0.00 M M 5.6 14 330 M M 0 20 340
26 97 56 77 2 0 12 0.00 M M 6.9 20 210 M M 0 24 160
27 94 61 78 3 0 13 0.00 M M 8.3 20 230 M M 0 24 240
28 91 59 75 0 0 10 0.00 M M 10.2 28 220 M M 0 36 220
29 92 55 74 -1 0 9 0.00 M M 6.4 18 360 M M 0 26 350
30 97 57 77 1 0 12 0.00 M M 7.6 18 230 M M 0 23 230
================================================================================
SM 2704 1760 5 292 0.00 M 292.9 M 1
================================================================================
AV 90.1 58.7 9.8 FASTST M M 0 MAX(MPH)
MISC ----> 35 230 43 240
================================================================================
NOTES:
# LAST OF SEVERAL OCCURRENCES
COLUMN 17 PEAK WIND IN M.P.H.
PRELIMINARY LOCAL CLIMATOLOGICAL DATA (WS FORM: F-6) , PAGE 2
STATION: BLYTHE CA
MONTH: APRIL
YEAR: 2022
LATITUDE: 33 37 N
LONGITUDE: 114 43 W
[TEMPERATURE DATA] [PRECIPITATION DATA] SYMBOLS USED IN COLUMN 16
AVERAGE MONTHLY: 74.4 TOTAL FOR MONTH: 0.00 1 = FOG OR MIST
DPTR FM NORMAL: 2.3 DPTR FM NORMAL: -0.09 2 = FOG REDUCING VISIBILITY
HIGHEST: 100 ON 9 GRTST 24HR 0.00 ON 1- 1 TO 1/4 MILE OR LESS
LOWEST: 46 ON 13 3 = THUNDER
SNOW, ICE PELLETS, HAIL 4 = ICE PELLETS
TOTAL MONTH: M 5 = HAIL
GRTST 24HR M ON M 6 = FREEZING RAIN OR DRIZZLE
GRTST DEPTH: M ON M 7 = DUSTSTORM OR SANDSTORM:
VSBY 1/2 MILE OR LESS
8 = SMOKE OR HAZE
[NO. OF DAYS WITH] [WEATHER - DAYS WITH] 9 = BLOWING SNOW
X = TORNADO
MAX 32 OR BELOW: 0 0.01 INCH OR MORE: 0
MAX 90 OR ABOVE: 19 0.10 INCH OR MORE: 0
MIN 32 OR BELOW: 0 0.50 INCH OR MORE: 0
MIN 0 OR BELOW: 0 1.00 INCH OR MORE: 0
[HDD (BASE 65) ]
TOTAL THIS MO. 5 CLEAR (SCALE 0-3) 30
DPTR FM NORMAL -9 PTCLDY (SCALE 4-7) 0
TOTAL FM JUL 1 808 CLOUDY (SCALE 8-10) 0
DPTR FM NORMAL -200
[CDD (BASE 65) ]
TOTAL THIS MO. 292
DPTR FM NORMAL 63 [PRESSURE DATA]
TOTAL FM JAN 1 434 HIGHEST SLP M ON M
DPTR FM NORMAL 102 LOWEST SLP 29.55 ON 9
[REMARKS]
#FINAL-04-22#