000
CXUS55 KSEW 010930
CF6BLI
PRELIMINARY LOCAL CLIMATOLOGICAL DATA (WS FORM: F-6)
STATION: BELLINGHAM WA AIRPORT
MONTH: MAY
YEAR: 2021
LATITUDE: 48 47 N
LONGITUDE: 122 32 W
TEMPERATURE IN F: :PCPN: SNOW: WIND :SUNSHINE: SKY :PK WND
================================================================================
1 2 3 4 5 6A 6B 7 8 9 10 11 12 13 14 15 16 17 18
12Z AVG MX 2MIN
DY MAX MIN AVG DEP HDD CDD WTR SNW DPTH SPD SPD DIR MIN PSBL S-S WX SPD DR
================================================================================
1 60 48 54 2 11 0 0.00 M M 7.6 16 190 M M 7 22 180
2 61 44 53 0 12 0 0.00 M M 5.4 12 180 M M 2 18 190
3 57 48 53 0 12 0 0.11 M M 4.5 14 180 M M 8 1 20 190
4 61 45 53 0 12 0 0.01 M M 3.5 12 180 M M 5 1 15 190
5 68 40 54 1 11 0 0.00 M M 1.8 12 50 M M 0 1 15 20
6 66 47 57 3 8 0 0.23 M M 5.4 20 180 M M 6 1 27 190
7 55 45 50 -4 15 0 0.01 M M 6.9 15 190 M M 6 19 190
8 56 44 50 -4 15 0 0.02 M M 5.2 15 170 M M 7 1 19 160
9 61 43 52 -2 13 0 0.00 M M 3.3 10 290 M M 6 14 320
10 64 42 53 -1 12 0 0.00 M M 3.7 10 280 M M 2 14 270
11 68 41 55 0 10 0 0.00 M M 2.9 10 330 M M 0 1 15 320
12 67 49 58 3 7 0 0.02 M M 2.6 10 300 M M 6 14 270
13 69 47 58 3 7 0 0.00 M M 3.4 10 290 M M 2 12 17 310
14 69 51 60 5 5 0 0.00 M M 4.3 10 200 M M 0 16 190
15 69 52 61 6 4 0 0.00 M M 4.3 9 290 M M 1 14 290
16 72 53 63 7 2 0 0.00 M M 6.8 14 190 M M 1 21 190
17 61 50 56 0 9 0 0.20 M M 11.1 21 180 M M 9 31 170
18 57 46 52 -4 13 0 0.02 M M 7.8 18 180 M M 4 26 160
19 58 41 50 -6 15 0 0.31 M M 4.6 16 160 M M 7 13 19 150
20 64 36 50 -6 15 0 0.00 M M 3.6 10 300 M M 1 1 16 300
21 63 48 56 0 9 0 0.00 M M 8.3 16 170 M M 1 24 190
22 61 49 55 -2 10 0 0.00 M M 9.7 18 170 M M 4 18 33 190
23 62 53 58 1 7 0 0.03 M M 9.4 18 180 M M 7 35 180
24 59 51 55 -2 10 0 0.23 M M 6.9 18 170 M M 9 18 33 160
25 65 48 57 0 8 0 0.00 M M 6.3 14 180 M M 6 1 23 180
26 63 53 58 1 7 0 T M M 6.7 14 180 M M 8 23 200
27 61 51 56 -1 9 0 0.29 M M 9.8 24 180 M M 9 1 44 180
28 60 44 52 -6 13 0 0.05 M M 7.6 16 190 M M 6 1 23 180
29 68 39 54 -4 11 0 0.00 M M 3.4 13 290 M M 0 1 18 290
30 69 47 58 0 7 0 0.00 M M 2.1 9 300 M M 3 14 270
31 76 51 64 6 1 0 0.00 M M 1.9 13 300 M M 1 17 310
================================================================================
SM 1970 1446 300 0 1.53 M 170.8 M 134
================================================================================
AV 63.5 46.6 5.5 FASTST M M 4 MAX(MPH)
MISC ----> 24 180 44 180
================================================================================
NOTES:
# LAST OF SEVERAL OCCURRENCES
COLUMN 17 PEAK WIND IN M.P.H.
PRELIMINARY LOCAL CLIMATOLOGICAL DATA (WS FORM: F-6) , PAGE 2
STATION: BELLINGHAM WA AIRPORT
MONTH: MAY
YEAR: 2021
LATITUDE: 48 47 N
LONGITUDE: 122 32 W
[TEMPERATURE DATA] [PRECIPITATION DATA] SYMBOLS USED IN COLUMN 16
AVERAGE MONTHLY: 55.1 TOTAL FOR MONTH: 1.53 1 = FOG OR MIST
DPTR FM NORMAL: -0.4 DPTR FM NORMAL: -0.70 2 = FOG REDUCING VISIBILITY
HIGHEST: 76 ON 31 GRTST 24HR 0.31 ON 19-19 TO 1/4 MILE OR LESS
LOWEST: 36 ON 20 3 = THUNDER
SNOW, ICE PELLETS, HAIL 4 = ICE PELLETS
TOTAL MONTH: M 5 = HAIL
GRTST 24HR M ON M 6 = FREEZING RAIN OR DRIZZLE
GRTST DEPTH: M ON M 7 = DUSTSTORM OR SANDSTORM:
VSBY 1/2 MILE OR LESS
8 = SMOKE OR HAZE
[NO. OF DAYS WITH] [WEATHER - DAYS WITH] 9 = BLOWING SNOW
X = TORNADO
MAX 32 OR BELOW: 0 0.01 INCH OR MORE: 13
MAX 90 OR ABOVE: 0 0.10 INCH OR MORE: 6
MIN 32 OR BELOW: 0 0.50 INCH OR MORE: 0
MIN 0 OR BELOW: 0 1.00 INCH OR MORE: 0
[HDD (BASE 65) ]
TOTAL THIS MO. 300 CLEAR (SCALE 0-3) 12
DPTR FM NORMAL 3 PTCLDY (SCALE 4-7) 15
TOTAL FM JUL 1 4697 CLOUDY (SCALE 8-10) 4
DPTR FM NORMAL -247
[CDD (BASE 65) ]
TOTAL THIS MO. 0
DPTR FM NORMAL -1 [PRESSURE DATA]
TOTAL FM JAN 1 0 HIGHEST SLP M ON M
DPTR FM NORMAL -1 LOWEST SLP 29.80 ON 6
[REMARKS]
#FINAL-05-21#