000
CXUS55 KOHX 261110
CF6BNA
PRELIMINARY LOCAL CLIMATOLOGICAL DATA (WS FORM: F-6)
STATION: NASHVILLE
MONTH: APRIL
YEAR: 2024
LATITUDE: 36 7 N
LONGITUDE: 86 41 W
TEMPERATURE IN F: :PCPN: SNOW: WIND :SUNSHINE: SKY :PK WND
================================================================================
1 2 3 4 5 6A 6B 7 8 9 10 11 12 13 14 15 16 17 18
12Z AVG MX 2MIN
DY MAX MIN AVG DEP HDD CDD WTR SNW DPTH SPD SPD DIR MIN PSBL S-S WX SPD DR
================================================================================
1 79 69 74 18 0 9 0.00 0.0 0 10.8 18 200 M M 9 26 190
2 74 53 64 8 1 0 0.98 0.0 0 13.2 26 200 M M 9 13 38 280
3 57 45 51 -6 14 0 0.02 0.0 0 11.1 24 280 M M 8 1 39 270
4 56 42 49 -8 16 0 0.00 0.0 0 10.0 20 360 M M 9 30 280
5 51 36 44 -14 21 0 0.00 0.0 0 7.5 13 20 M M 7 21 350
6 63 37 50 -8 15 0 0.00 0.0 0 5.5 12 60 M M 2 16 60
7 77 40 59 1 6 0 0.00 0.0 0 9.8 24 180 M M 5 30 190
8 74 58 66 8 0 1 0.05 0.0 0 10.2 17 210 M M 8 29 210
9 64 58 61 2 4 0 0.40 0.0 0 8.3 20 190 M M 10 1 30 210
10 70 61 66 7 0 1 0.10 0.0 0 8.7 20 160 M M 10 1 25 170
11 70 55 63 4 2 0 0.35 0.0 0 8.0 24 300 M M 9 13 41 290
12 67 48 58 -2 7 0 0.00 0.0 0 9.1 25 290 M M 3 38 280
13 80 42 61 1 4 0 0.00 0.0 0 4.8 10 270 M M 0 17 330
14 87 56 72 12 0 7 0.00 0.0 0 10.0 22 200 M M 3 36 220
15 86 60 73 12 0 8 0.00 0.0 0 7.7 21 190 M M 3 27 190
16 87 65 76 15 0 11 T 0.0 0 12.0 24 180 M M 8 33 180
17 80 66 73 12 0 8 0.06 0.0 0 11.2 21 190 M M 8 1 32 190
18 87 66 77 15 0 12 0.00 0.0 0 8.4 18 200 M M 7 26 200
19 73 58 66 4 0 1 0.02 0.0 0 9.0 23 340 M M 9 18 36 290
20 67 48 58 -4 7 0 0.36 0.0 0 9.4 18 10 M M 8 13 24 40
21 61 46 54 -8 11 0 0.00 0.0 0 10.8 20 330 M M 6 27 330
22 67 37 52 -11 13 0 0.00 0.0 0 4.3 13 330 M M 2 17 320
23 76 42 59 -4 6 0 0.00 0.0 0 9.5 23 210 M M 5 36 200
24 77 56 67 4 0 2 0.04 0.0 0 8.1 18 350 M M 5 28 270
25 74 47 61 -3 4 0 T M 0 5.1 10 70 M M 5 14 110
================================================================================
SM 1804 1291 131 60 2.38 0.0 222.5 M 158
================================================================================
AV 72.2 51.6 8.9 FASTST M M 6 MAX(MPH)
MISC ----> 26 200 41 290
================================================================================
NOTES:
# LAST OF SEVERAL OCCURRENCES
COLUMN 17 PEAK WIND IN M.P.H.
PRELIMINARY LOCAL CLIMATOLOGICAL DATA (WS FORM: F-6) , PAGE 2
STATION: NASHVILLE
MONTH: APRIL
YEAR: 2024
LATITUDE: 36 7 N
LONGITUDE: 86 41 W
[TEMPERATURE DATA] [PRECIPITATION DATA] SYMBOLS USED IN COLUMN 16
AVERAGE MONTHLY: 61.9 TOTAL FOR MONTH: 2.38 1 = FOG OR MIST
DPTR FM NORMAL: 1.9 DPTR FM NORMAL: -1.48 2 = FOG REDUCING VISIBILITY
HIGHEST: 87 ON 18,16 GRTST 24HR 0.99 ON 2- 3 TO 1/4 MILE OR LESS
LOWEST: 36 ON 5 3 = THUNDER
SNOW, ICE PELLETS, HAIL 4 = ICE PELLETS
TOTAL MONTH: 0.0 INCH 5 = HAIL
GRTST 24HR 0.0 6 = FREEZING RAIN OR DRIZZLE
GRTST DEPTH: 0 7 = DUSTSTORM OR SANDSTORM:
VSBY 1/2 MILE OR LESS
8 = SMOKE OR HAZE
[NO. OF DAYS WITH] [WEATHER - DAYS WITH] 9 = BLOWING SNOW
X = TORNADO
MAX 32 OR BELOW: 0 0.01 INCH OR MORE: 10
MAX 90 OR ABOVE: 0 0.10 INCH OR MORE: 5
MIN 32 OR BELOW: 0 0.50 INCH OR MORE: 1
MIN 0 OR BELOW: 0 1.00 INCH OR MORE: 0
[HDD (BASE 65) ]
TOTAL THIS MO. 131 CLEAR (SCALE 0-3) 5
DPTR FM NORMAL -34 PTCLDY (SCALE 4-7) 10
TOTAL FM JUL 1 2769 CLOUDY (SCALE 8-10) 10
DPTR FM NORMAL -538
[CDD (BASE 65) ]
TOTAL THIS MO. 60
DPTR FM NORMAL 21 [PRESSURE DATA]
TOTAL FM JAN 1 77 HIGHEST SLP M ON M
DPTR FM NORMAL 26 LOWEST SLP 29.39 ON 11
[REMARKS]