000
CXUS54 KLCH 010837
CF6BPT
PRELIMINARY LOCAL CLIMATOLOGICAL DATA (WS FORM: F-6)
STATION: BEAUMONT PORT ARTHUR
MONTH: MAY
YEAR: 2023
LATITUDE: 29 57 N
LONGITUDE: 94 1 W
TEMPERATURE IN F: :PCPN: SNOW: WIND :SUNSHINE: SKY :PK WND
================================================================================
1 2 3 4 5 6A 6B 7 8 9 10 11 12 13 14 15 16 17 18
12Z AVG MX 2MIN
DY MAX MIN AVG DEP HDD CDD WTR SNW DPTH SPD SPD DIR MIN PSBL S-S WX SPD DR
================================================================================
1 84 57 71 -2 0 6 0.00 0.0 M 4.2 12 170 M M 0 128 17 170
2 82 61 72 -1 0 7 0.00 0.0 M 4.2 12 130 M M 5 12 15 140
3 86 64 75 2 0 10 0.00 0.0 M 5.3 12 120 M M 0 18 19 100
4 85 63 74 0 0 9 0.02 0.0 M 8.2 15 140 M M 4 1 21 100
5 89 74 82 8 0 17 0.00 0.0 M 9.8 17 160 M M 8 1 23 160
6 86 67 77 3 0 12 1.04 0.0 M 11.8 25 330 M M 7 138 42 330
7 80 75 78 4 0 13 0.01 0.0 M 10.3 21 160 M M 7 1 27 170
8 86 66 76 2 0 11 0.89 0.0 M 9.7 21 160 M M 5 138 30 300
9 80 67 74 -1 0 9 0.23 0.0 M 7.2 25 180 M M 6 13 37 180
10 78 67 73 -2 0 8 3.76 0.0 M 9.0 21 110 M M 8 13 27 270
11 86 75 81 6 0 16 T 0.0 M 13.9 22 150 M M 9 18 29 140
12 87 77 82 6 0 17 0.00 0.0 M 13.2 18 140 M M 8 18 26 150
13 86 77 82 6 0 17 0.00 0.0 M 14.9 22 140 M M 7 31 150
14 86 75 81 5 0 16 0.00 0.0 M 12.0 21 170 M M 7 26 120
15 89 71 80 4 0 15 0.00 0.0 0 4.3 12 200 M M 3 12 16 210
16 90 68 79 2 0 14 0.02 0.0 M 5.0 15 200 M M 3 123 23 190
17 87 68 78 1 0 13 0.00 0.0 M 5.8 12 10 M M 1 16 290
18 90 65 78 1 0 13 0.00 0.0 M 4.2 10 260 M M 0 15 250
19 92 69 81 4 0 16 0.00 0.0 M 4.1 15 180 M M 1 1 20 150
20 93 71 82 4 0 17 0.00 0.0 M 7.7 17 10 M M 1 38 25 10
21 83 70 77 -1 0 12 0.00 0.0 M 9.1 14 40 M M 5 18 40
22 87 69 78 0 0 13 0.01 0.0 M 5.1 10 20 M M 4 18 15 20
23 89 67 78 0 0 13 0.00 0.0 M 5.1 13 20 M M 1 18 18 40
24 90 67 79 1 0 14 0.00 0.0 M 6.4 17 80 M M 1 18 23 60
25 88 68 78 -1 0 13 0.00 0.0 M 7.4 14 50 M M 2 22 60
26 90 68 79 0 0 14 0.01 0.0 0 6.9 17 80 M M 2 8 26 80
27 90 67 79 0 0 14 0.00 0.0 0 4.6 12 60 M M 2 1 16 70
28 89 66 78 -1 0 13 0.45 0.0 0 5.1 15 120 M M 1 18 25 150
29 89 69 79 -1 0 14 0.00 0.0 0 5.3 15 150 M M 2 20 140
30 90 67 79 -1 0 14 0.28 0.0 M 5.2 20 360 M M 2 138 27 360
31 89 69 79 -1 0 14 0.43 0.0 M 3.4 21 290 M M 3 13 31 310
================================================================================
SM 2696 2124 0 404 7.15 0.0 228.4 M 115
================================================================================
AV 87.0 68.5 7.4 FASTST M M 4 MAX(MPH)
MISC ----> # 25 330 42 330
================================================================================
NOTES:
# LAST OF SEVERAL OCCURRENCES
COLUMN 17 PEAK WIND IN M.P.H.
PRELIMINARY LOCAL CLIMATOLOGICAL DATA (WS FORM: F-6) , PAGE 2
STATION: BEAUMONT PORT ARTHUR
MONTH: MAY
YEAR: 2023
LATITUDE: 29 57 N
LONGITUDE: 94 1 W
[TEMPERATURE DATA] [PRECIPITATION DATA] SYMBOLS USED IN COLUMN 16
AVERAGE MONTHLY: 77.7 TOTAL FOR MONTH: 7.15 1 = FOG OR MIST
DPTR FM NORMAL: 1.2 DPTR FM NORMAL: 2.45 2 = FOG REDUCING VISIBILITY
HIGHEST: 93 ON 20 GRTST 24HR 3.76 ON 10-10 TO 1/4 MILE OR LESS
LOWEST: 57 ON 1 3 = THUNDER
SNOW, ICE PELLETS, HAIL 4 = ICE PELLETS
TOTAL MONTH: 0.0 INCH 5 = HAIL
GRTST 24HR 0.0 6 = FREEZING RAIN OR DRIZZLE
GRTST DEPTH: 0 7 = DUSTSTORM OR SANDSTORM:
VSBY 1/2 MILE OR LESS
8 = SMOKE OR HAZE
[NO. OF DAYS WITH] [WEATHER - DAYS WITH] 9 = BLOWING SNOW
X = TORNADO
MAX 32 OR BELOW: 0 0.01 INCH OR MORE: 12
MAX 90 OR ABOVE: 8 0.10 INCH OR MORE: 7
MIN 32 OR BELOW: 0 0.50 INCH OR MORE: 3
MIN 0 OR BELOW: 0 1.00 INCH OR MORE: 2
[HDD (BASE 65) ]
TOTAL THIS MO. 0 CLEAR (SCALE 0-3) 16
DPTR FM NORMAL -2 PTCLDY (SCALE 4-7) 14
TOTAL FM JUL 1 1024 CLOUDY (SCALE 8-10) 1
DPTR FM NORMAL -236
[CDD (BASE 65) ]
TOTAL THIS MO. 404
DPTR FM NORMAL 46 [PRESSURE DATA]
TOTAL FM JAN 1 868 HIGHEST SLP 30.18 ON 15
DPTR FM NORMAL 235 LOWEST SLP 29.78 ON 17
[REMARKS]
#FINAL-05-23#