695
CXUS53 KDVN 010956
CLABRL
CLIMATE REPORT
NATIONAL WEATHER SERVICE QUAD CITIES IA IL
342 AM CST WED JAN 1 2020
...................................
...THE BURLINGTON IA CLIMATE SUMMARY FOR THE YEAR OF 2019...
CLIMATE NORMAL PERIOD 1981 TO 2010
CLIMATE RECORD PERIOD 1897 TO 2019
WEATHER OBSERVED NORMAL DEPART
VALUE DATE(S) VALUE FROM
NORMAL
................................................
TEMPERATURE (F)
RECORD
HIGH 111 07/15/1936
07/14/1936
LOW -27 02/13/1905
HIGHEST 94 07/20 87 7
07/19
LOWEST -21 01/31 17 -38
AVG. MAXIMUM 60.5 62.8 -2.3
AVG. MINIMUM 42.1 43.1 -1.0
MEAN 51.3 53.0 -1.7
DAYS MAX >= 90 23
DAYS MAX <= 32 47
DAYS MIN <= 32 130
DAYS MIN <= 0 10
PRECIPITATION (INCHES)
TOTALS 44.60 38.48 6.12
DAILY AVG. 0.12 0.11 0.01
DAYS >= .01 124
DAYS >= .10 77
DAYS >= .50 33
DAYS >= 1.00 14
GREATEST
24 HR. TOTAL 2.57 09/27 TO 09/28
DEGREE_DAYS
HEATING TOTAL 6098 5599 499
SINCE 7/1 2239 2186 53
COOLING TOTAL 1236 1209 27
SINCE 1/1 1236 1207 29
.................................................
WIND (MPH)
AVERAGE WIND SPEED 8.5
HIGHEST WIND SPEED/DIRECTION 44/030 DATE 06/30
HIGHEST GUST SPEED/DIRECTION 67/330 DATE 05/28
AVERAGE SKY COVER 0.40
NUMBER OF DAYS FAIR 184
NUMBER OF DAYS PC 108
NUMBER OF DAYS CLOUDY 73
AVERAGE RH (PERCENT) 71
WEATHER CONDITIONS. NUMBER OF DAYS WITH
THUNDERSTORM 57 HAIL 0
SLEET 0 FOG 177
FOG W/VIS <= 1/4 MILE 21 HAZE 114
- INDICATES NEGATIVE NUMBERS.
R INDICATES RECORD WAS SET OR TIED.
MM INDICATES DATA IS MISSING.
T INDICATES TRACE AMOUNT.
$$
===================================================================
NOTE: SUPPLEMENTAL CLIMATE DATA WAS USED FROM A NEARBY
CLIMATOLOGICALLY REPRESENTATIVE STATION DURING HEAVY SNOW
===================================================================
GROSS