000
CXAK56 PAFG 011010
CF6BRW
PRELIMINARY LOCAL CLIMATOLOGICAL DATA (WS FORM: F-6)
STATION: UTQIAGVIK (BARROW) AK
MONTH: APRIL
YEAR: 2021
LATITUDE: 71 17 N
LONGITUDE: 156 47 W
TEMPERATURE IN F: :PCPN: SNOW: WIND :SUNSHINE: SKY :PK WND
================================================================================
1 2 3 4 5 6A 6B 7 8 9 10 11 12 13 14 15 16 17 18
12Z AVG MX 2MIN
DY MAX MIN AVG DEP HDD CDD WTR SNW DPTH SPD SPD DIR MIN PSBL S-S WX SPD DR
================================================================================
1 -4 -17 -10 -2 75 0 0.00 M M 7.5 14 50 M M 0 17 50
2 -11 -25 -18 -11 83 0 0.00 M M 5.5 9 170 M M 2 18 10 170
3 -8 -27 -17 -11 82 0 0.00 M M 6.5 15 60 M M 1 128 19 50
4 -1 -13 -7 -1 72 0 0.00 M M 12.7 18 10 M M 0 8 23 360
5 0 -13 -6 -1 71 0 0.00 M M 8.5 14 250 M M 4 18 16 260
6 0 -13 -6 -1 71 0 0.01 M M 9.7 13 280 M M 4 18 16 280
7 -7 -21 -14 -10 79 0 T M M 11.2 15 300 M M 7 8 19 300
8 -12 -21 -16 -13 81 0 T M M 9.1 14 280 M M 2 8 15 280
9 -9 -20 -14 -11 79 0 0.00 M M 9.9 16 270 M M 0 19 260
10 -6 -20 -13 -11 78 0 0.00 M M 8.8 15 270 M M 2 8 17 270
11 -9 -25 -17 -16 82 0 0.00 M M 5.7 10 180 M M 0 18 12 180
12 6 -22 -8 -7 73 0 0.00 M M 12.9 21 80 M M 4 25 90
13 9 -5 2 2 63 0 0.00 M M 8.9 14 110 M M 0 17 110
14 17 5 11 10 54 0 0.00 M M 11.3 17 40 M M 6 20 40
15 14 3 9 8 56 0 0.00 M M 7.8 12 130 M M 8 14 120
16 27 -3 12 10 53 0 0.00 M M 10.9 15 150 M M 4 17 150
17 34 19 27 24 38 0 0.00 M M 12.4 18 180 M M 2 23 220
18 29 16 23 20 42 0 0.00 M M 9.1 13 160 M M 0 16 170
19 26 15 21 17 44 0 T M M 17.4 28 280 M M 7 18 32 280
20 21 12 17 12 48 0 0.00 M M 14.3 24 270 M M 6 29 280
21 24 12 18 12 47 0 0.00 M M 8.4 13 220 M M 2 12 14 210
22 27 10 19 13 46 0 0.00 M M 7.5 14 230 M M 0 16 230
23 31 4 18 11 47 0 0.00 M M 4.6 10 120 M M 0 12 130
24 35 13 24 16 41 0 0.00 M M 5.9 13 80 M M 0 1 15 80
25 22 9 16 8 49 0 0.00 M M 15.1 22 120 M M 0 29 80
26 22 9 16 7 49 0 0.00 M M 14.7 22 80 M M 2 26 100
27 21 18 20 10 45 0 0.00 M M 5.3 12 280 M M 10 8 13 280
28 21 17 19 9 46 0 0.00 M M 9.1 14 360 M M 10 18 17 10
29 21 18 20 9 45 0 0.00 M M 7.6 14 350 M M 10 18 16 340
30 22 18 20 8 45 0 T M M 4.1 9 270 M M 10 18 10 310
================================================================================
SM 362 -47 1784 0 0.01 M 282.4 M 103
================================================================================
AV 12.1 -1.6 9.4 FASTST M M 3 MAX(MPH)
MISC ----> 28 280 32 280
================================================================================
NOTES:
# LAST OF SEVERAL OCCURRENCES
COLUMN 17 PEAK WIND IN M.P.H.
PRELIMINARY LOCAL CLIMATOLOGICAL DATA (WS FORM: F-6) , PAGE 2
STATION: UTQIAGVIK (BARROW) AK
MONTH: APRIL
YEAR: 2021
LATITUDE: 71 17 N
LONGITUDE: 156 47 W
[TEMPERATURE DATA] [PRECIPITATION DATA] SYMBOLS USED IN COLUMN 16
AVERAGE MONTHLY: 5.3 TOTAL FOR MONTH: 0.01 1 = FOG OR MIST
DPTR FM NORMAL: 3.5 DPTR FM NORMAL: -0.15 2 = FOG REDUCING VISIBILITY
HIGHEST: 35 ON 24 GRTST 24HR 0.01 ON 6- 6 TO 1/4 MILE OR LESS
LOWEST: -27 ON 3 3 = THUNDER
SNOW, ICE PELLETS, HAIL 4 = ICE PELLETS
TOTAL MONTH: M 5 = HAIL
GRTST 24HR M ON M 6 = FREEZING RAIN OR DRIZZLE
GRTST DEPTH: M ON M 7 = DUSTSTORM OR SANDSTORM:
VSBY 1/2 MILE OR LESS
8 = SMOKE OR HAZE
[NO. OF DAYS WITH] [WEATHER - DAYS WITH] 9 = BLOWING SNOW
X = TORNADO
MAX 32 OR BELOW: 28 0.01 INCH OR MORE: 1
MAX 90 OR ABOVE: 0 0.10 INCH OR MORE: 0
MIN 32 OR BELOW: 30 0.50 INCH OR MORE: 0
MIN 0 OR BELOW: 14 1.00 INCH OR MORE: 0
[HDD (BASE 65) ]
TOTAL THIS MO. 1784 CLEAR (SCALE 0-3) 17
DPTR FM NORMAL -112 PTCLDY (SCALE 4-7) 9
TOTAL FM JUL 1 15912 CLOUDY (SCALE 8-10) 4
DPTR FM NORMAL -1247
[CDD (BASE 65) ]
TOTAL THIS MO. 0
DPTR FM NORMAL 0 [PRESSURE DATA]
TOTAL FM JAN 1 0 HIGHEST SLP M ON M
DPTR FM NORMAL 0 LOWEST SLP 29.64 ON 29
[REMARKS]
#FINAL-04-21#