000
CXUS55 KMSO 010900
CF6BTM
PRELIMINARY LOCAL CLIMATOLOGICAL DATA (WS FORM: F-6)
STATION: BUTTE MT
MONTH: JUNE
YEAR: 2023
LATITUDE: 45 57 N
LONGITUDE: 112 30 W
TEMPERATURE IN F: :PCPN: SNOW: WIND :SUNSHINE: SKY :PK WND
================================================================================
1 2 3 4 5 6A 6B 7 8 9 10 11 12 13 14 15 16 17 18
12Z AVG MX 2MIN
DY MAX MIN AVG DEP HDD CDD WTR SNW DPTH SPD SPD DIR MIN PSBL S-S WX SPD DR
================================================================================
1 65 45 55 3 10 0 0.44 M M 5.8 20 280 M M 7 13 30 290
2 56 47 52 0 13 0 0.17 M M 5.4 15 10 M M 10 23 20
3 54 48 51 -2 14 0 0.30 M M 5.4 13 280 M M 10 1 17 290
4 73 43 58 5 7 0 0.00 M M 4.1 15 140 M M 5 123 20 120
5 72 48 60 7 5 0 0.03 M M 5.4 21 160 M M 7 3 27 140
6 74 44 59 6 6 0 1.82 M M 4.5 22 270 M M 2 123 33 170
7 77 47 62 9 3 0 T M M 3.4 17 30 M M 1 3 25 10
8 65 50 58 4 7 0 0.36 M M 3.0 24 120 M M 7 13 37 90
9 73 51 62 8 3 0 0.01 M M 3.3 12 170 M M 5 13 15 170
10 71 47 59 5 6 0 0.01 M M 4.5 20 100 M M 2 3 27 80
11 69 47 58 4 7 0 0.23 M M 3.8 15 70 M M 6 13 21 80
12 59 50 55 1 10 0 0.58 M M 2.3 18 90 M M 9 13 29 130
13 68 47 58 3 7 0 0.08 M M 2.7 13 150 M M 7 123 16 140
14 65 48 57 2 8 0 0.03 M M 10.3 22 320 M M 6 1 35 310
15 57 40 49 -6 16 0 0.00 M M 4.9 17 300 M M 9 25 280
16 69 36 53 -3 12 0 0.00 M M 5.1 15 340 M M 1 20 340
17 63 46 55 -1 10 0 0.05 M M 4.2 18 230 M M 9 1 29 220
18 59 40 50 -6 15 0 0.26 M M 8.5 20 260 M M 8 1 29 260
19 55 35 45 -11 20 0 0.03 M M 6.8 25 280 M M 5 41 270
20 56 39 48 -8 17 0 0.06 M M 6.4 17 310 M M 8 25 290
21 56 32 44 -13 21 0 0.02 M M 5.1 21 140 M M 4 25 140
22 68 31 50 -7 15 0 0.00 M M 6.1 15 180 M M 0 23 110
23 67 43 55 -2 10 0 0.22 M M 5.8 21 290 M M 4 13 30 290
24 69 47 58 0 7 0 0.09 M M 4.6 22 290 M M 6 3 31 280
25 70 42 56 -2 9 0 0.10 M M 3.7 32 270 M M 1 13 51 260
26 70 41 56 -2 9 0 T M M 4.5 25 160 M M 2 3 30 160
27 71 44 58 -1 7 0 T M M 6.4 20 110 M M 4 3 26 110
28 68 48 58 -1 7 0 T M M 4.9 17 130 M M 5 3 23 360
29 78 41 60 1 5 0 0.00 M M 3.7 14 290 M M 0 19 300
30 82 45 64 4 1 0 0.00 M M 4.5 14 350 M M 1 19 340
================================================================================
SM 1999 1312 287 0 4.89 M 149.1 M 151
================================================================================
AV 66.6 43.7 5.0 FASTST M M 5 MAX(MPH)
MISC ----> 32 270 51 260
================================================================================
NOTES:
# LAST OF SEVERAL OCCURRENCES
COLUMN 17 PEAK WIND IN M.P.H.
PRELIMINARY LOCAL CLIMATOLOGICAL DATA (WS FORM: F-6) , PAGE 2
STATION: BUTTE MT
MONTH: JUNE
YEAR: 2023
LATITUDE: 45 57 N
LONGITUDE: 112 30 W
[TEMPERATURE DATA] [PRECIPITATION DATA] SYMBOLS USED IN COLUMN 16
AVERAGE MONTHLY: 55.2 TOTAL FOR MONTH: 4.89 1 = FOG OR MIST
DPTR FM NORMAL: -0.3 DPTR FM NORMAL: 2.44 2 = FOG REDUCING VISIBILITY
HIGHEST: 82 ON 30 GRTST 24HR 1.82 ON 6- 6 TO 1/4 MILE OR LESS
LOWEST: 31 ON 22 3 = THUNDER
SNOW, ICE PELLETS, HAIL 4 = ICE PELLETS
TOTAL MONTH: M 5 = HAIL
GRTST 24HR M ON M 6 = FREEZING RAIN OR DRIZZLE
GRTST DEPTH: M ON M 7 = DUSTSTORM OR SANDSTORM:
VSBY 1/2 MILE OR LESS
8 = SMOKE OR HAZE
[NO. OF DAYS WITH] [WEATHER - DAYS WITH] 9 = BLOWING SNOW
X = TORNADO
MAX 32 OR BELOW: 0 0.01 INCH OR MORE: 20
MAX 90 OR ABOVE: 0 0.10 INCH OR MORE: 10
MIN 32 OR BELOW: 2 0.50 INCH OR MORE: 2
MIN 0 OR BELOW: 0 1.00 INCH OR MORE: 1
[HDD (BASE 65) ]
TOTAL THIS MO. 287 CLEAR (SCALE 0-3) 9
DPTR FM NORMAL -3 PTCLDY (SCALE 4-7) 15
TOTAL FM JUL 1 9580 CLOUDY (SCALE 8-10) 6
DPTR FM NORMAL 453
[CDD (BASE 65) ]
TOTAL THIS MO. 0
DPTR FM NORMAL -6 [PRESSURE DATA]
TOTAL FM JAN 1 0 HIGHEST SLP M ON M
DPTR FM NORMAL -6 LOWEST SLP 29.48 ON 18
[REMARKS]
#FINAL-06-23#