000
CXUS54 KLZK 011330
CF6BVX
PRELIMINARY LOCAL CLIMATOLOGICAL DATA (WS FORM: F-6)
STATION: BATESVILLE REGIONAL AIRPORT
MONTH: NOVEMBER
YEAR: 2023
LATITUDE: 35 43 N
LONGITUDE: 91 39 W
TEMPERATURE IN F: :PCPN: SNOW: WIND :SUNSHINE: SKY :PK WND
================================================================================
1 2 3 4 5 6A 6B 7 8 9 10 11 12 13 14 15 16 17 18
12Z AVG MX 2MIN
DY MAX MIN AVG DEP HDD CDD WTR SNW DPTH SPD SPD DIR MIN PSBL S-S WX SPD DR
================================================================================
1 52 25 39 -16 26 0 0.00 M M 3.3 7 120 M M 0 M M
2 60 32 46 -9 19 0 0.00 M M 5.4 13 210 M M 0 8 M M
3 67 36 52 -2 13 0 0.00 M M 5.4 12 160 M M 0 20 210
4 74 44 59 5 6 0 T M M 3.0 8 240 M M 2 M M
5 76 49 63 9 2 0 0.00 M M 3.7 9 190 M M 2 M M
6 82 58 70 17 0 5 0.00 M M 8.7 16 220 M M 0 25 220
7 78 62 70 17 0 5 0.00 M M 6.6 12 210 M M 1 16 150
8 78 65 72 20 0 7 0.00 M M 9.4 21 200 M M 4 33 210
9 70 44 57 5 8 0 0.53 M M 4.4 9 30 M M 8 18 M M
10 65 42 54 2 11 0 0.02 M M 3.7 10 70 M M 1 8 M M
11 63 39 51 0 14 0 T M M 4.0 8 50 M M 0 M M
12 68 35 52 1 13 0 T M M 2.3 6 310 M M 0 8 M M
13 72 39 56 6 9 0 0.00 M M 3.3 8 80 M M 0 M M
14 67 43 55 5 10 0 0.00 M M 4.4 6 320 M M 0 M M
15 69 38 54 4 11 0 0.00 M M 2.8 8 120 M M 2 M M
16 68 52 60 11 5 0 0.00 M M 3.4 8 200 M M 10 1 M M
17 69 52 61 12 4 0 0.00 M M 3.9 8 290 M M 7 M M
18 65 39 52 4 13 0 0.00 M M 2.3 6 130 M M 0 8 M M
19 64 32 48 0 17 0 T M M 3.9 12 60 M M 2 8 M M
20 52 46 49 2 16 0 0.53 M M 4.6 13 150 M M 10 123 24 300
21 51 46 49 2 16 0 0.01 M M 5.6 12 300 M M 9 1 18 99
22 53 34 44 -2 21 0 0.00 M M 3.8 9 280 M M 4 M M
23 62 28 45 -1 20 0 T M M 2.9 9 230 M M 0 18 M M
24 55 34 45 -1 20 0 0.00 M M 4.5 9 30 M M 0 M M
25 52 30 41 -4 24 0 0.00 M M 2.8 7 100 M M 0 M M
26 47 32 40 -5 25 0 0.10 M M 5.1 15 300 M M 7 1 22 290
27 50 24 37 -7 28 0 0.00 M M 4.2 13 310 M M 0 M M
28 52 29 41 -3 24 0 0.00 M M 3.3 7 140 M M 0 M M
29 64 38 51 7 14 0 0.00 M M 8.4 13 240 M M 0 M M
30 51 42 47 4 18 0 1.93 M M 6.3 12 100 M M 8 1 20 210
================================================================================
SM 1896 1209 407 17 3.12 M 135.2 M 77
================================================================================
AV 63.2 40.3 4.5 FASTST M M 3 MAX(MPH)
MISC ----> 21 200 33 210
================================================================================
NOTES:
# LAST OF SEVERAL OCCURRENCES
COLUMN 17 PEAK WIND IN M.P.H.
PRELIMINARY LOCAL CLIMATOLOGICAL DATA (WS FORM: F-6) , PAGE 2
STATION: BATESVILLE REGIONAL AIRPORT
MONTH: NOVEMBER
YEAR: 2023
LATITUDE: 35 43 N
LONGITUDE: 91 39 W
[TEMPERATURE DATA] [PRECIPITATION DATA] SYMBOLS USED IN COLUMN 16
AVERAGE MONTHLY: 51.8 TOTAL FOR MONTH: 3.12 1 = FOG OR MIST
DPTR FM NORMAL: 2.5 DPTR FM NORMAL: -1.94 2 = FOG REDUCING VISIBILITY
HIGHEST: 82 ON 6 GRTST 24HR 1.93 ON 30-30 TO 1/4 MILE OR LESS
LOWEST: 24 ON 27 3 = THUNDER
SNOW, ICE PELLETS, HAIL 4 = ICE PELLETS
TOTAL MONTH: M 5 = HAIL
GRTST 24HR M ON M 6 = FREEZING RAIN OR DRIZZLE
GRTST DEPTH: M ON M 7 = DUSTSTORM OR SANDSTORM:
VSBY 1/2 MILE OR LESS
8 = SMOKE OR HAZE
[NO. OF DAYS WITH] [WEATHER - DAYS WITH] 9 = BLOWING SNOW
X = TORNADO
MAX 32 OR BELOW: 0 0.01 INCH OR MORE: 6
MAX 90 OR ABOVE: 0 0.10 INCH OR MORE: 4
MIN 32 OR BELOW: 8 0.50 INCH OR MORE: 3
MIN 0 OR BELOW: 0 1.00 INCH OR MORE: 1
[HDD (BASE 65) ]
TOTAL THIS MO. 407 CLEAR (SCALE 0-3) 21
DPTR FM NORMAL -72 PTCLDY (SCALE 4-7) 5
TOTAL FM JUL 1 535 CLOUDY (SCALE 8-10) 4
DPTR FM NORMAL -161
[CDD (BASE 65) ]
TOTAL THIS MO. 17
DPTR FM NORMAL 12 [PRESSURE DATA]
TOTAL FM JAN 1 2052 HIGHEST SLP 30.56 ON 1
DPTR FM NORMAL 309 LOWEST SLP 29.75 ON 8
[REMARKS]
#FINAL-11-23#