000
CXUS53 KLMK 010810
CF6BWG
PRELIMINARY LOCAL CLIMATOLOGICAL DATA (WS FORM: F-6)
STATION: BOWLING GREEN KY
MONTH: JANUARY
YEAR: 2023
LATITUDE: 36 58 N
LONGITUDE: 86 26 W
TEMPERATURE IN F: :PCPN: SNOW: WIND :SUNSHINE: SKY :PK WND
================================================================================
1 2 3 4 5 6A 6B 7 8 9 10 11 12 13 14 15 16 17 18
12Z AVG MX 2MIN
DY MAX MIN AVG DEP HDD CDD WTR SNW DPTH SPD SPD DIR MIN PSBL S-S WX SPD DR
================================================================================
1 66 40 53 15 12 0 0.00 0.0 0 4.1 13 200 M M 6 1 17 200
2 73 57 65 27 0 0 0.29 0.0 0 8.4 16 190 M M 8 13 24 190
3 70 59 65 27 0 0 1.35 0.0 0 12.0 28 270 M M 7 13 47 270
4 64 40 52 14 13 0 0.00 0.0 0 9.3 24 230 M M 3 34 220
5 54 36 45 8 20 0 0.00 0.0 0 8.8 23 220 M M 3 32 220
6 51 32 42 5 23 0 0.00 0.0 0 3.8 13 220 M M 1 19 260
7 54 40 47 10 18 0 T 0.0 0 3.3 10 110 M M 10 13 120
8 50 39 45 8 20 0 0.00 0.0 0 4.4 12 290 M M 10 18 280
9 49 31 40 3 25 0 0.00 0.0 0 2.6 9 300 M M 3 13 300
10 58 29 44 7 21 0 0.00 0.0 0 4.6 17 220 M M 0 23 210
11 64 37 51 14 14 0 T 0.0 0 8.7 18 200 M M 7 27 200
12 65 41 53 16 12 0 0.46 0.0 0 10.4 21 260 M M 9 138 35 310
13 41 34 38 1 27 0 0.02 T 0 9.5 15 300 M M 10 18 25 300
14 40 26 33 -4 32 0 0.00 0.0 0 3.7 10 310 M M 6 16 330
15 51 24 38 1 27 0 0.00 0.0 0 2.5 10 110 M M 0 14 120
16 57 29 43 6 22 0 0.34 0.0 0 9.1 21 190 M M 7 28 200
17 67 43 55 18 10 0 0.06 0.0 0 6.9 17 250 M M 4 1 26 250
18 69 41 55 18 10 0 0.42 0.0 0 8.1 24 160 M M 5 1 35 160
19 67 44 56 19 9 0 0.25 0.0 0 14.4 35 220 M M 5 1 51 240
20 44 29 37 0 28 0 0.00 0.0 0 6.3 16 280 M M 8 24 270
21 48 24 36 -1 29 0 0.00 0.0 0 2.6 10 60 M M 0 17 80
22 44 38 41 4 24 0 0.52 0.0 0 3.7 10 280 M M 10 1 16 290
23 43 28 36 -1 29 0 0.01 T 0 4.6 17 280 M M 6 1 24 310
24 51 24 38 1 27 0 0.04 0.0 0 3.0 15 110 M M 2 1 23 140
25 53 38 46 9 19 0 0.20 0.0 0 12.7 31 220 M M 10 1 42 230
26 40 30 35 -2 30 0 0.03 T 0 10.0 18 260 M M 9 26 270
27 55 24 40 2 25 0 0.00 0.0 0 10.9 24 220 M M 2 38 220
28 60 38 49 11 16 0 0.04 0.0 0 11.1 21 180 M M 4 30 190
29 51 45 48 10 17 0 0.54 0.0 0 7.2 24 190 M M 10 1 34 190
30 48 34 41 3 24 0 T 0.0 0 4.1 9 330 M M 10 1 15 330
31 34 29 32 -6 33 0 0.25 T 0 5.4 10 20 M M 10 168 17 20
================================================================================
SM 1681 1103 616 0 4.82 T 216.2 M 185
================================================================================
AV 54.2 35.6 7.0 FASTST M M 6 MAX(MPH)
MISC ----> 35 220 51 240
================================================================================
NOTES:
# LAST OF SEVERAL OCCURRENCES
COLUMN 17 PEAK WIND IN M.P.H.
PRELIMINARY LOCAL CLIMATOLOGICAL DATA (WS FORM: F-6) , PAGE 2
STATION: BOWLING GREEN KY
MONTH: JANUARY
YEAR: 2023
LATITUDE: 36 58 N
LONGITUDE: 86 26 W
[TEMPERATURE DATA] [PRECIPITATION DATA] SYMBOLS USED IN COLUMN 16
AVERAGE MONTHLY: 44.9 TOTAL FOR MONTH: 4.82 1 = FOG OR MIST
DPTR FM NORMAL: 7.7 DPTR FM NORMAL: 1.18 2 = FOG REDUCING VISIBILITY
HIGHEST: 73 ON 2 GRTST 24HR 1.46 ON 2- 3 TO 1/4 MILE OR LESS
LOWEST: 24 ON 27,24 3 = THUNDER
SNOW, ICE PELLETS, HAIL 4 = ICE PELLETS
TOTAL MONTH: T 5 = HAIL
GRTST 24HR T ON 13-13 6 = FREEZING RAIN OR DRIZZLE
GRTST DEPTH: 0 7 = DUSTSTORM OR SANDSTORM:
VSBY 1/2 MILE OR LESS
8 = SMOKE OR HAZE
[NO. OF DAYS WITH] [WEATHER - DAYS WITH] 9 = BLOWING SNOW
X = TORNADO
MAX 32 OR BELOW: 0 0.01 INCH OR MORE: 16
MAX 90 OR ABOVE: 0 0.10 INCH OR MORE: 10
MIN 32 OR BELOW: 13 0.50 INCH OR MORE: 3
MIN 0 OR BELOW: 0 1.00 INCH OR MORE: 1
[HDD (BASE 65) ]
TOTAL THIS MO. 616 CLEAR (SCALE 0-3) 9
DPTR FM NORMAL -244 PTCLDY (SCALE 4-7) 12
TOTAL FM JUL 1 2083 CLOUDY (SCALE 8-10) 10
DPTR FM NORMAL -265
[CDD (BASE 65) ]
TOTAL THIS MO. 0
DPTR FM NORMAL 0 [PRESSURE DATA]
TOTAL FM JAN 1 0 HIGHEST SLP M ON M
DPTR FM NORMAL 0 LOWEST SLP 29.53 ON 25
[REMARKS]
#FINAL-01-23#