000
CXUS53 KLMK 010710
CF6BWG
PRELIMINARY LOCAL CLIMATOLOGICAL DATA (WS FORM: F-6)
STATION: BOWLING GREEN KY
MONTH: APRIL
YEAR: 2022
LATITUDE: 36 58 N
LONGITUDE: 86 26 W
TEMPERATURE IN F: :PCPN: SNOW: WIND :SUNSHINE: SKY :PK WND
================================================================================
1 2 3 4 5 6A 6B 7 8 9 10 11 12 13 14 15 16 17 18
12Z AVG MX 2MIN
DY MAX MIN AVG DEP HDD CDD WTR SNW DPTH SPD SPD DIR MIN PSBL S-S WX SPD DR
================================================================================
1 53 36 45 -9 20 0 0.00 0.0 0 4.5 14 280 M M 5 19 280
2 60 31 46 -9 19 0 0.00 0.0 0 5.2 14 310 M M 4 24 300
3 64 35 50 -5 15 0 0.00 0.0 0 1.6 10 300 M M 0 17 30
4 63 40 52 -3 13 0 T 0.0 0 3.0 10 190 M M 7 8 16 200
5 58 51 55 -1 10 0 0.48 0.0 0 3.6 13 40 M M 9 1 18 40
6 61 47 54 -2 11 0 0.23 0.0 0 4.8 15 310 M M 9 13 22 320
7 59 43 51 -5 14 0 0.01 0.0 0 7.6 22 250 M M 5 30 280
8 47 39 43 -14 22 0 0.08 0.0 0 9.1 23 270 M M 10 34 230
9 54 34 44 -13 21 0 0.00 0.0 0 6.6 18 280 M M 7 28 280
10 76 30 53 -4 12 0 0.00 0.0 0 8.9 20 180 M M 0 26 180
11 66 58 62 4 3 0 0.83 0.0 0 10.2 22 50 M M 7 13 33 60
12 76 58 67 9 0 2 0.88 0.0 0 9.8 20 180 M M 8 13 30 170
13 83 63 73 15 0 8 1.16 0.0 0 14.0 36 280 M M 5 138 53 290
14 66 45 56 -3 9 0 0.05 0.0 0 6.1 17 300 M M 3 1 27 310
15 71 39 55 -4 10 0 0.08 0.0 0 5.4 17 180 M M 2 3 28 300
16 72 50 61 2 4 0 0.03 0.0 0 5.0 15 140 M M 5 1 20 330
17 58 44 51 -9 14 0 0.35 0.0 0 8.7 20 50 M M 4 27 40
18 51 40 46 -14 19 0 0.21 0.0 0 7.2 16 280 M M 7 1 25 280
19 58 35 47 -13 18 0 T 0.0 0 4.3 12 100 M M 0 17 290
20 73 39 56 -4 9 0 0.02 0.0 0 7.5 17 170 M M 3 25 180
21 73 59 66 5 0 1 0.03 0.0 0 9.1 24 190 M M 9 35 190
22 84 54 69 8 0 4 0.00 0.0 0 4.8 15 170 M M 2 1 24 220
23 85 57 71 10 0 6 0.00 0.0 0 9.9 22 190 M M 0 29 190
24 83 67 75 13 0 10 0.00 0.0 0 11.4 23 190 M M 1 35 220
25 79 57 68 6 0 3 0.07 0.0 0 7.8 18 220 M M 9 25 200
26 62 45 54 -8 11 0 0.00 0.0 0 5.4 14 290 M M 1 24 270
27 72 38 55 -8 10 0 0.00 0.0 0 2.2 10 90 M M 0 8 17 80
28 78 44 61 -2 4 0 0.00 0.0 0 4.8 13 100 M M 0 18 130
29 82 57 70 7 0 5 T 0.0 0 5.8 14 210 M M 5 21 180
30 83 62 73 9 0 8 0.00 0.0 0 11.6 23 190 M M 3 35 190
================================================================================
SM 2050 1397 268 47 4.51 0.0 205.9 M 130
================================================================================
AV 68.3 46.6 6.9 FASTST M M 4 MAX(MPH)
MISC ----> 36 280 53 290
================================================================================
NOTES:
# LAST OF SEVERAL OCCURRENCES
COLUMN 17 PEAK WIND IN M.P.H.
PRELIMINARY LOCAL CLIMATOLOGICAL DATA (WS FORM: F-6) , PAGE 2
STATION: BOWLING GREEN KY
MONTH: APRIL
YEAR: 2022
LATITUDE: 36 58 N
LONGITUDE: 86 26 W
[TEMPERATURE DATA] [PRECIPITATION DATA] SYMBOLS USED IN COLUMN 16
AVERAGE MONTHLY: 57.5 TOTAL FOR MONTH: 4.51 1 = FOG OR MIST
DPTR FM NORMAL: -1.5 DPTR FM NORMAL: -0.30 2 = FOG REDUCING VISIBILITY
HIGHEST: 85 ON 23 GRTST 24HR 1.21 ON 13-14 TO 1/4 MILE OR LESS
LOWEST: 30 ON 10 3 = THUNDER
SNOW, ICE PELLETS, HAIL 4 = ICE PELLETS
TOTAL MONTH: 0.0 INCH 5 = HAIL
GRTST 24HR 0.0 6 = FREEZING RAIN OR DRIZZLE
GRTST DEPTH: 0 7 = DUSTSTORM OR SANDSTORM:
VSBY 1/2 MILE OR LESS
8 = SMOKE OR HAZE
[NO. OF DAYS WITH] [WEATHER - DAYS WITH] 9 = BLOWING SNOW
X = TORNADO
MAX 32 OR BELOW: 0 0.01 INCH OR MORE: 15
MAX 90 OR ABOVE: 0 0.10 INCH OR MORE: 7
MIN 32 OR BELOW: 2 0.50 INCH OR MORE: 3
MIN 0 OR BELOW: 0 1.00 INCH OR MORE: 1
[HDD (BASE 65) ]
TOTAL THIS MO. 268 CLEAR (SCALE 0-3) 13
DPTR FM NORMAL 48 PTCLDY (SCALE 4-7) 12
TOTAL FM JUL 1 3457 CLOUDY (SCALE 8-10) 5
DPTR FM NORMAL -277
[CDD (BASE 65) ]
TOTAL THIS MO. 47
DPTR FM NORMAL 7 [PRESSURE DATA]
TOTAL FM JAN 1 60 HIGHEST SLP M ON M
DPTR FM NORMAL 12 LOWEST SLP 29.56 ON 5
[REMARKS]
#FINAL-04-22#