000
CXUS55 KRIW 011110
CF6BYG
PRELIMINARY LOCAL CLIMATOLOGICAL DATA (WS FORM: F-6)
STATION: BUFFALO WY
MONTH: NOVEMBER
YEAR: 2022
LATITUDE: 44 22 N
LONGITUDE: 106 43 W
TEMPERATURE IN F: :PCPN: SNOW: WIND :SUNSHINE: SKY :PK WND
================================================================================
1 2 3 4 5 6A 6B 7 8 9 10 11 12 13 14 15 16 17 18
12Z AVG MX 2MIN
DY MAX MIN AVG DEP HDD CDD WTR SNW DPTH SPD SPD DIR MIN PSBL S-S WX SPD DR
================================================================================
1 69 43 56 16 9 0 0.00 M M 11.5 32 230 M M 0 42 220
2 64 M M M M M M M M 16.9 33 220 M M 0 44 230
3 M 19 M M M M M M M M M M M M M 18 M M
4 36 15 26 -14 39 0 0.00 M M 6.3 15 170 M M 1 18 170
5 57 29 43 4 22 0 0.02 M M 12.3 40 350 M M 5 8 59 350
6 38 24 31 -8 34 0 0.00 M M 8.8 23 280 M M 0 31 280
7 57 24 41 3 24 0 T M M 18.0 32 160 M M 2 1 43 170
8 24 14 19 -19 46 0 0.00 M M 9.1 18 330 M M 8 12 23 330
9 20 10 15 -23 50 0 0.02 M M 7.7 18 330 M M 10 18 24 330
10 15 4 10 -27 55 0 0.01 M M 9.7 22 330 M M 8 18 31 340
11 32 7 20 -17 45 0 0.00 M M 3.9 10 290 M M 0 11 170
12 41 15 28 -8 37 0 0.00 M M 6.7 17 190 M M 0 21 190
13 30 18 24 -12 41 0 0.00 M M 14.8 32 350 M M 6 43 350
14 31 16 24 -12 41 0 0.01 M M 12.5 32 320 M M 8 1 45 340
15 29 M M M M M T M M 16.4 28 350 M M 4 1 39 340
16 34 M M M M M 0.01 M M 16.1 31 340 M M 6 12 44 340
17 22 3 13 -21 52 0 T M M 24.2 39 330 M M 8 19 56 330
18 28 -3 13 -21 52 0 0.00 M M 6.5 26 330 M M 1 42 320
19 32 15 24 -10 41 0 0.00 M M 8.2 22 330 M M 0 33 340
20 41 23 32 -1 33 0 0.00 M M 4.6 12 250 M M 0 15 350
21 43 26 35 2 30 0 0.00 M M 6.4 15 320 M M 0 19 330
22 46 25 36 4 29 0 0.00 M M 4.3 10 240 M M 0 11 240
23 48 28 38 6 27 0 T M M 17.0 36 330 M M 7 1 53 340
24 43 23 33 1 32 0 0.00 M M 7.7 24 340 M M 1 33 340
25 56 37 47 16 18 0 0.00 M M 5.1 14 130 M M 0 17 130
26 55 28 42 11 23 0 0.01 M M 8.0 22 330 M M 7 1 31 320
27 M 28 M M M M 0.00 M M 5.8 36 340 M M 1 55 340
28 M M M M M M T M M 14.1 30 340 M M 8 42 340
29 M M M M M M T M M 6.4 16 360 M M 8 21 350
30 42 6 24 -5 41 0 0.00 M M 8.9 22 180 M M 0 28 170
================================================================================
SM 1033 477 821 0 0.08 M 297.9 M 99
================================================================================
AV 39.7 19.1 10.3 FASTST M M 3 MAX(MPH)
MISC ----> 40 350 59 350
================================================================================
NOTES:
# LAST OF SEVERAL OCCURRENCES
COLUMN 17 PEAK WIND IN M.P.H.
PRELIMINARY LOCAL CLIMATOLOGICAL DATA (WS FORM: F-6) , PAGE 2
STATION: BUFFALO WY
MONTH: NOVEMBER
YEAR: 2022
LATITUDE: 44 22 N
LONGITUDE: 106 43 W
[TEMPERATURE DATA] [PRECIPITATION DATA] SYMBOLS USED IN COLUMN 16
AVERAGE MONTHLY: 29.4 TOTAL FOR MONTH: 0.08 1 = FOG OR MIST
DPTR FM NORMAL: -5.6 DPTR FM NORMAL: -0.28 2 = FOG REDUCING VISIBILITY
HIGHEST: 69 ON 1 GRTST 24HR 0.03 ON 9-10 TO 1/4 MILE OR LESS
LOWEST: -3 ON 18 3 = THUNDER
SNOW, ICE PELLETS, HAIL 4 = ICE PELLETS
TOTAL MONTH: M 5 = HAIL
GRTST 24HR M ON M 6 = FREEZING RAIN OR DRIZZLE
GRTST DEPTH: M ON M 7 = DUSTSTORM OR SANDSTORM:
VSBY 1/2 MILE OR LESS
8 = SMOKE OR HAZE
[NO. OF DAYS WITH] [WEATHER - DAYS WITH] 9 = BLOWING SNOW
X = TORNADO
MAX 32 OR BELOW: 10 0.01 INCH OR MORE: 6
MAX 90 OR ABOVE: 0 0.10 INCH OR MORE: 0
MIN 32 OR BELOW: 23 0.50 INCH OR MORE: 0
MIN 0 OR BELOW: 1 1.00 INCH OR MORE: 0
[HDD (BASE 65) ]
TOTAL THIS MO. 821 CLEAR (SCALE 0-3) 16
DPTR FM NORMAL -79 PTCLDY (SCALE 4-7) 9
TOTAL FM JUL 1 1384 CLOUDY (SCALE 8-10) 5
DPTR FM NORMAL -372
[CDD (BASE 65) ]
TOTAL THIS MO. 0
DPTR FM NORMAL 0 [PRESSURE DATA]
TOTAL FM JAN 1 817 HIGHEST SLP 30.63 ON 17
DPTR FM NORMAL 289 LOWEST SLP 29.14 ON 5
[REMARKS]
#FINAL-11-22#