000
CXUS55 KPIH 021831
CF6BYI
PRELIMINARY LOCAL CLIMATOLOGICAL DATA (WS FORM: F-6)
STATION: BURLEY
MONTH: DECEMBER
YEAR: 2023
LATITUDE: 42 32 N
LONGITUDE: 113 46 W
TEMPERATURE IN F: :PCPN: SNOW: WIND :SUNSHINE: SKY :PK WND
================================================================================
1 2 3 4 5 6A 6B 7 8 9 10 11 12 13 14 15 16 17 18
12Z AVG MX 2MIN
DY MAX MIN AVG DEP HDD CDD WTR SNW DPTH SPD SPD DIR MIN PSBL S-S WX SPD DR
================================================================================
1 34 25 30 -2 35 0 0.18 M M 9.6 22 260 M M 9 12 37 280
2 41 27 34 2 31 0 0.09 M M 15.0 29 270 M M 8 1 48 280
3 42 33 38 7 27 0 0.19 M M 10.8 22 250 M M 10 1 31 250
4 48 29 39 8 26 0 0.01 M M 6.5 20 250 M M 5 26 250
5 49 27 38 7 27 0 0.00 M M 4.3 14 170 M M 0 20 160
6 54 29 42 12 23 0 0.01 M M 8.3 22 200 M M 2 31 160
7 45 32 39 9 26 0 0.25 M M 10.6 30 250 M M 8 1 39 250
8 34 28 31 1 34 0 0.01 M M 19.3 29 260 M M 5 1 42 250
9 33 23 28 -2 37 0 0.00 M M 6.3 20 200 M M 4 28 200
10 40 32 36 6 29 0 T M M 7.4 20 210 M M 10 25 210
11 33 31 32 3 33 0 0.07 M M 6.7 13 60 M M 10 16 18 50
12 37 32 35 6 30 0 T M M 5.0 10 290 M M 10 1 15 280
13 34 24 29 0 36 0 0.00 M M 2.3 8 190 M M 7 1 12 10
14 31 24 28 -1 37 0 0.00 M M 3.8 12 60 M M 10 1 15 60
15 33 23 28 -1 37 0 0.00 M M 10.2 17 50 M M 6 1 24 60
16 43 24 34 5 31 0 0.00 M M 3.1 14 50 M M 0 1 19 60
17 38 22 30 2 35 0 0.00 M M 7.0 17 60 M M 2 12 25 70
18 43 26 35 7 30 0 T M M 10.3 21 60 M M 2 28 60
19 55 31 43 15 22 0 0.00 M M 4.2 10 180 M M 4 14 180
20 53 28 41 13 24 0 0.00 M M 5.0 13 60 M M 5 17 50
21 51 25 38 10 27 0 0.00 M M 2.4 9 50 M M 1 1 12 50
22 54 26 40 12 25 0 0.02 M M 6.9 22 280 M M 4 1 34 270
23 34 26 30 2 35 0 0.04 M M 17.2 32 250 M M 8 1 45 260
24 32 16 24 -4 41 0 0.00 M M 3.6 10 220 M M 0 13 220
25 30 14 22 -6 43 0 0.00 M M 6.4 13 60 M M 0 18 60
26 26 14 20 -8 45 0 0.05 M M 7.0 13 60 M M 7 1 16 60
27 36 22 29 1 36 0 T M M 13.4 20 50 M M 2 1 27 80
28 38 23 31 3 34 0 0.00 M M 10.2 17 50 M M 1 25 60
29 42 26 34 6 31 0 0.00 M M 10.9 22 60 M M 0 28 50
30 42 24 33 5 32 0 0.00 M M 6.7 17 50 M M 0 1 23 50
31 43 20 32 4 33 0 0.00 M M 1.2 8 190 M M 0 1 9 180
================================================================================
SM 1248 786 992 0 0.92 M 241.6 M 140
================================================================================
AV 40.3 25.4 7.8 FASTST M M 5 MAX(MPH)
MISC ----> 32 250 48 280
================================================================================
NOTES:
# LAST OF SEVERAL OCCURRENCES
COLUMN 17 PEAK WIND IN M.P.H.
PRELIMINARY LOCAL CLIMATOLOGICAL DATA (WS FORM: F-6) , PAGE 2
STATION: BURLEY
MONTH: DECEMBER
YEAR: 2023
LATITUDE: 42 32 N
LONGITUDE: 113 46 W
[TEMPERATURE DATA] [PRECIPITATION DATA] SYMBOLS USED IN COLUMN 16
AVERAGE MONTHLY: 32.8 TOTAL FOR MONTH: 0.92 1 = FOG OR MIST
DPTR FM NORMAL: 3.6 DPTR FM NORMAL: -0.14 2 = FOG REDUCING VISIBILITY
HIGHEST: 55 ON 19 GRTST 24HR 0.25 ON 2- 3 TO 1/4 MILE OR LESS
LOWEST: 14 ON 26,25 3 = THUNDER
SNOW, ICE PELLETS, HAIL 4 = ICE PELLETS
TOTAL MONTH: M 5 = HAIL
GRTST 24HR M ON M 6 = FREEZING RAIN OR DRIZZLE
GRTST DEPTH: M ON M 7 = DUSTSTORM OR SANDSTORM:
VSBY 1/2 MILE OR LESS
8 = SMOKE OR HAZE
[NO. OF DAYS WITH] [WEATHER - DAYS WITH] 9 = BLOWING SNOW
X = TORNADO
MAX 32 OR BELOW: 4 0.01 INCH OR MORE: 11
MAX 90 OR ABOVE: 0 0.10 INCH OR MORE: 3
MIN 32 OR BELOW: 30 0.50 INCH OR MORE: 0
MIN 0 OR BELOW: 0 1.00 INCH OR MORE: 0
[HDD (BASE 65) ]
TOTAL THIS MO. 992 CLEAR (SCALE 0-3) 13
DPTR FM NORMAL -119 PTCLDY (SCALE 4-7) 11
TOTAL FM JUL 1 2433 CLOUDY (SCALE 8-10) 7
DPTR FM NORMAL -187
[CDD (BASE 65) ]
TOTAL THIS MO. 0
DPTR FM NORMAL 0 [PRESSURE DATA]
TOTAL FM JAN 1 472 HIGHEST SLP 30.63 ON 9
DPTR FM NORMAL -20 LOWEST SLP 29.70 ON 6
[REMARKS]
#FINAL-12-23#