000
CXUS54 KHGX 011510
CF6BYY
PRELIMINARY LOCAL CLIMATOLOGICAL DATA (WS FORM: F-6)
STATION: Bay City
MONTH: DECEMBER
YEAR: 2022
LATITUDE: 28 58 N
LONGITUDE: 95 52 W
TEMPERATURE IN F: :PCPN: SNOW: WIND :SUNSHINE: SKY :PK WND
================================================================================
1 2 3 4 5 6A 6B 7 8 9 10 11 12 13 14 15 16 17 18
12Z AVG MX 2MIN
DY MAX MIN AVG DEP HDD CDD WTR SNW DPTH SPD SPD DIR MIN PSBL S-S WX SPD DR
================================================================================
1 62 44 53 M 12 0 M M 0 10.7 17 60 M M 7 21 60
2 77 61 69 M 0 4 M 0.0 0 8.4 20 180 M M 10 12 23 180
3 75 60 68 M 0 3 0.00 0.0 0 4.8 13 10 M M 9 12 M M
4 74 55 65 M 0 0 M 0.0 0 3.1 10 150 M M 8 12 M M
5 80 64 72 M 0 7 T 0.0 0 7.1 17 230 M M 6 12 22 220
6 80 68 74 M 0 9 0.00 0.0 0 9.9 20 190 M M 6 1 25 200
7 80 69 75 M 0 10 0.00 0.0 0 6.5 15 190 M M 8 12 17 190
8 80 69 75 M 0 10 0.00 0.0 0 6.4 10 180 M M 8 12 M M
9 80 67 74 M 0 9 0.00 0.0 0 5.7 13 160 M M 7 12 18 180
10 79 63 71 M 0 6 0.00 0.0 0 6.4 15 160 M M 8 12 20 160
11 74 65 70 M 0 5 0.42 0.0 0 3.0 6 60 M M 9 12 16 340
12 74 64 69 M 0 4 M 0.0 0 9.1 14 160 M M 9 20 140
13 79 71 75 M 0 10 M 0.0 0 12.6 24 190 M M 8 1 32 190
14 72 49 61 M 4 0 0.24 0.0 0 7.6 20 360 M M 5 1 29 360
15 66 40 53 M 12 0 M 0.0 0 3.9 10 200 M M 0 8 M M
16 72 45 59 M 6 0 0.17 0.0 0 9.3 20 10 M M 5 25 10
17 53 41 47 M 18 0 0.00 0.0 0 7.1 16 20 M M 8 20 20
18 54 39 47 M 18 0 0.00 0.0 0 9.3 15 80 M M 6 22 80
19 57 47 52 M 13 0 0.96 0.0 0 11.4 18 80 M M 10 1 24 80
20 58 47 53 M 12 0 0.02 0.0 0 10.0 15 20 M M 8 1 22 20
21 53 42 48 M 17 0 0.00 0.0 0 3.2 8 360 M M 6 1 M M
22 67 23 45 M 20 0 0.00 0.0 0 10.5 31 10 M M 7 1 40 10
23 32 18 25 M 40 0 0.00 0.0 0 17.5 25 10 M M 0 35 360
24 41 21 31 M 34 0 0.00 0.0 0 5.8 12 10 M M 0 M M
25 51 25 38 M 27 0 0.00 0.0 0 4.6 9 180 M M 0 M M
26 63 28 46 M 19 0 M M 0 4.0 10 340 M M 2 M M
27 61 34 48 M 17 0 M M 0 5.4 12 170 M M 0 M M
28 75 35 55 M 10 0 0.00 0.0 0 9.5 21 190 M M 3 1 29 180
29 76 64 70 M 0 5 0.01 0.0 0 10.6 18 180 M M 9 1 25 180
30 74 54 64 M 1 0 0.02 0.0 0 4.9 15 240 M M 5 12 18 240
31 75 50 63 M 2 0 0.00 0.0 0 4.5 10 230 M M 5 12 16 220
================================================================================
SM 2094 1522 282 82 1.84 0.0 232.8 M 182
================================================================================
AV 67.5 49.1 7.5 FASTST M M 6 MAX(MPH)
MISC ----> 31 10 40 10
================================================================================
NOTES:
# LAST OF SEVERAL OCCURRENCES
COLUMN 17 PEAK WIND IN M.P.H.
PRELIMINARY LOCAL CLIMATOLOGICAL DATA (WS FORM: F-6) , PAGE 2
STATION: Bay City
MONTH: DECEMBER
YEAR: 2022
LATITUDE: 28 58 N
LONGITUDE: 95 52 W
[TEMPERATURE DATA] [PRECIPITATION DATA] SYMBOLS USED IN COLUMN 16
AVERAGE MONTHLY: 58.3 TOTAL FOR MONTH: 1.84 1 = FOG OR MIST
DPTR FM NORMAL: 0.0 DPTR FM NORMAL: M 2 = FOG REDUCING VISIBILITY
HIGHEST: 80 ON 9, 8 GRTST 24HR 0.96 ON 19-19 TO 1/4 MILE OR LESS
LOWEST: 18 ON 23 3 = THUNDER
SNOW, ICE PELLETS, HAIL 4 = ICE PELLETS
TOTAL MONTH: 0.0 INCH 5 = HAIL
GRTST 24HR 0.0 6 = FREEZING RAIN OR DRIZZLE
GRTST DEPTH: 0 7 = DUSTSTORM OR SANDSTORM:
VSBY 1/2 MILE OR LESS
8 = SMOKE OR HAZE
[NO. OF DAYS WITH] [WEATHER - DAYS WITH] 9 = BLOWING SNOW
X = TORNADO
MAX 32 OR BELOW: 1 0.01 INCH OR MORE: 7
MAX 90 OR ABOVE: 0 0.10 INCH OR MORE: 4
MIN 32 OR BELOW: 5 0.50 INCH OR MORE: 1
MIN 0 OR BELOW: 0 1.00 INCH OR MORE: 0
[HDD (BASE 65) ]
TOTAL THIS MO. 282 CLEAR (SCALE 0-3) 6
DPTR FM NORMAL M PTCLDY (SCALE 4-7) 15
TOTAL FM JUL 1 497 CLOUDY (SCALE 8-10) 10
DPTR FM NORMAL M
[CDD (BASE 65) ]
TOTAL THIS MO. 82
DPTR FM NORMAL M [PRESSURE DATA]
TOTAL FM JAN 1 3322 HIGHEST SLP M ON M
DPTR FM NORMAL M LOWEST SLP M ON M
[REMARKS]
#FINAL-12-22#