000
CXUS51 KCLE 010800
CF6CAK
PRELIMINARY LOCAL CLIMATOLOGICAL DATA (WS FORM: F-6)
STATION: AKRON CANTON OH
MONTH: MARCH
YEAR: 2021
LATITUDE: 40 55 N
LONGITUDE: 81 26 W
TEMPERATURE IN F: :PCPN: SNOW: WIND :SUNSHINE: SKY :PK WND
================================================================================
1 2 3 4 5 6A 6B 7 8 9 10 11 12 13 14 15 16 17 18
12Z AVG MX 2MIN
DY MAX MIN AVG DEP HDD CDD WTR SNW DPTH SPD SPD DIR MIN PSBL S-S WX SPD DR
================================================================================
1 56 25 41 9 24 0 0.17 T 0 15.1 28 300 M M 8 18 37 300
2 39 18 29 -4 36 0 0.00 0.0 0 7.4 18 320 M M 2 24 330
3 58 28 43 10 22 0 0.00 0.0 0 9.8 22 260 M M 1 27 240
4 39 21 30 -3 35 0 T T 0 10.5 17 350 M M 7 8 29 350
5 37 16 27 -7 38 0 0.00 0.0 0 8.3 21 290 M M 1 27 340
6 38 24 31 -3 34 0 0.00 0.0 0 9.7 20 290 M M 2 25 280
7 42 18 30 -4 35 0 0.00 0.0 0 5.8 16 350 M M 3 20 350
8 59 20 40 5 25 0 0.00 0.0 0 11.4 21 220 M M 4 24 210
9 66 42 54 19 11 0 0.00 0.0 0 6.5 15 270 M M 5 18 240
10 70 41 56 21 9 0 0.00 0.0 0 13.3 25 200 M M 6 37 210
11 67 55 61 25 4 0 0.20 0.0 0 17.1 25 220 M M 9 37 220
12 59 35 47 11 18 0 0.00 0.0 0 10.4 21 300 M M 5 27 290
13 49 23 36 0 29 0 0.00 0.0 0 6.4 14 10 M M 4 18 20
14 51 26 39 2 26 0 0.00 0.0 0 11.8 24 340 M M 4 32 320
15 42 21 32 -5 33 0 T 0.0 0 11.4 20 100 M M 8 24 100
16 61 37 49 12 16 0 T 0.0 0 6.7 15 140 M M 8 19 130
17 67 27 47 9 18 0 T 0.0 0 4.4 15 170 M M 6 18 19 200
18 54 36 45 7 20 0 1.00 0.0 0 16.8 26 40 M M 10 1 35 40
19 45 28 37 -1 28 0 0.00 0.0 0 14.1 23 40 M M 2 33 40
20 57 23 40 1 25 0 0.00 0.0 0 7.9 16 130 M M 0 21 120
21 65 23 44 5 21 0 0.00 0.0 0 7.7 13 170 M M 0 15 180
22 68 39 54 14 11 0 0.00 0.0 0 8.2 16 200 M M 3 23 160
23 69 45 57 17 8 0 0.00 0.0 0 10.8 22 150 M M 7 29 150
24 74 56 65 25 0 0 T 0.0 0 13.7 24 210 M M 6 30 190
25 71 48 60 19 5 0 0.01 0.0 0 8.3 24 170 M M 7 32 170
26 64 45 55 14 10 0 0.03 0.0 0 15.8 47 240 M M 10 8 57 240
27 68 42 55 13 10 0 0.00 0.0 0 6.3 20 200 M M 4 18 24 200
28 57 37 47 5 18 0 0.32 T 0 16.5 36 280 M M 9 18 46 290
29 49 34 42 0 23 0 T T 0 9.8 15 290 M M 5 24 290
30 73 40 57 14 8 0 0.00 0.0 0 14.6 24 190 M M 3 36 220
31 65 38 52 9 13 0 0.27 0.0 0 12.3 30 210 M M 9 1 38 210
================================================================================
SM 1779 1011 613 0 2.00 T 328.8 M 158
================================================================================
AV 57.4 32.6 10.6 FASTST M M 5 MAX(MPH)
MISC ----> 47 240 57 240
================================================================================
NOTES:
# LAST OF SEVERAL OCCURRENCES
COLUMN 17 PEAK WIND IN M.P.H.
PRELIMINARY LOCAL CLIMATOLOGICAL DATA (WS FORM: F-6) , PAGE 2
STATION: AKRON CANTON OH
MONTH: MARCH
YEAR: 2021
LATITUDE: 40 55 N
LONGITUDE: 81 26 W
[TEMPERATURE DATA] [PRECIPITATION DATA] SYMBOLS USED IN COLUMN 16
AVERAGE MONTHLY: 45.0 TOTAL FOR MONTH: 2.00 1 = FOG OR MIST
DPTR FM NORMAL: 7.4 DPTR FM NORMAL: -0.98 2 = FOG REDUCING VISIBILITY
HIGHEST: 74 ON 24 GRTST 24HR 1.00 ON 18-18 TO 1/4 MILE OR LESS
LOWEST: 16 ON 5 3 = THUNDER
SNOW, ICE PELLETS, HAIL 4 = ICE PELLETS
TOTAL MONTH: T 5 = HAIL
GRTST 24HR T ON 1- 1 6 = FREEZING RAIN OR DRIZZLE
GRTST DEPTH: 0 7 = DUSTSTORM OR SANDSTORM:
VSBY 1/2 MILE OR LESS
8 = SMOKE OR HAZE
[NO. OF DAYS WITH] [WEATHER - DAYS WITH] 9 = BLOWING SNOW
X = TORNADO
MAX 32 OR BELOW: 0 0.01 INCH OR MORE: 7
MAX 90 OR ABOVE: 0 0.10 INCH OR MORE: 5
MIN 32 OR BELOW: 15 0.50 INCH OR MORE: 1
MIN 0 OR BELOW: 0 1.00 INCH OR MORE: 1
[HDD (BASE 65) ]
TOTAL THIS MO. 613 CLEAR (SCALE 0-3) 8
DPTR FM NORMAL -238 PTCLDY (SCALE 4-7) 16
TOTAL FM JUL 1 4643 CLOUDY (SCALE 8-10) 7
DPTR FM NORMAL -752
[CDD (BASE 65) ]
TOTAL THIS MO. 0
DPTR FM NORMAL 0 [PRESSURE DATA]
TOTAL FM JAN 1 0 HIGHEST SLP 30.62 ON 20
DPTR FM NORMAL 0 LOWEST SLP 29.56 ON 28
[REMARKS]
#FINAL-03-21#