000
CXUS55 KABQ 011010
CF6CAO
PRELIMINARY LOCAL CLIMATOLOGICAL DATA (WS FORM: F-6)
STATION: CLAYTON NM
MONTH: DECEMBER
YEAR: 2020
LATITUDE: 36 27 N
LONGITUDE: 103 9 W
TEMPERATURE IN F: :PCPN: SNOW: WIND :SUNSHINE: SKY :PK WND
================================================================================
1 2 3 4 5 6A 6B 7 8 9 10 11 12 13 14 15 16 17 18
12Z AVG MX 2MIN
DY MAX MIN AVG DEP HDD CDD WTR SNW DPTH SPD SPD DIR MIN PSBL S-S WX SPD DR
================================================================================
1 54 21 38 1 27 0 T 0.1 0 19.0 39 10 M M 1 1 51 360
2 28 22 25 -12 40 0 T T 0 25.6 35 340 M M 10 1 49 340
3 40 20 30 -6 35 0 T T 0 13.9 24 340 M M 1 34 350
4 56 25 41 5 24 0 0.00 0.0 0 13.1 21 10 M M 0 27 360
5 53 32 43 7 22 0 0.00 0.0 0 16.1 29 10 M M 0 35 360
6 61 32 47 11 18 0 0.00 0.0 0 9.2 15 30 M M 0 21 330
7 61 33 47 12 18 0 0.00 0.0 0 12.2 23 350 M M 0 30 340
8 67 25 46 11 19 0 0.00 0.0 0 9.3 21 270 M M 0 26 260
9 65 33 49 14 16 0 0.00 0.0 0 9.6 16 10 M M 0 21 360
10 56 31 44 9 21 0 T 0.0 0 10.0 18 320 M M 5 23 350
11 36 22 29 -6 36 0 T T 0 7.3 18 10 M M 10 1 23 10
12 36 15 26 -8 39 0 0.10 0.5 0 9.2 21 140 M M 9 1 26 150
13 29 13 21 -13 44 0 0.17 2.5 3 15.6 28 360 M M 5 1 35 360
14 38 18 28 -6 37 0 0.00 0.0 0 17.7 33 200 M M 0 42 240
15 27 15 21 -13 44 0 T 0.3 0 17.2 35 360 M M 4 19 46 360
16 46 11 29 -5 36 0 0.00 0.0 0 8.3 18 20 M M 0 23 30
17 45 21 33 -1 32 0 0.00 0.0 0 15.0 29 210 M M 0 39 220
18 53 27 40 6 25 0 0.00 0.0 0 13.5 24 360 M M 2 32 360
19 49 24 37 3 28 0 0.00 0.0 0 10.1 22 220 M M 0 29 220
20 50 26 38 4 27 0 0.00 0.0 0 12.4 24 220 M M 0 32 220
21 56 30 43 9 22 0 0.00 0.0 0 8.5 20 150 M M 0 26 150
22 63 33 48 14 17 0 0.00 0.0 0 15.7 24 280 M M 0 37 290
23 48 15 32 -2 33 0 0.00 0.0 0 15.7 36 360 M M 0 45 360
24 50 13 32 -2 33 0 0.00 0.0 0 11.8 23 340 M M 0 35 340
25 58 23 41 7 24 0 0.00 0.0 0 12.0 28 210 M M 0 37 220
26 67 24 46 12 19 0 0.00 0.0 0 7.9 16 270 M M 0 22 240
27 52 28 40 6 25 0 0.00 0.0 0 8.3 17 360 M M 1 27 300
28 40 28 34 0 31 0 0.00 0.0 0 12.7 25 160 M M 6 1 31 170
29 50 26 38 4 27 0 T T 0 16.6 30 360 M M 8 126 41 350
30 38 18 28 -7 37 0 0.00 0.0 0 8.8 23 340 M M 1 32 360
31 44 15 30 -5 35 0 0.00 0.0 0 9.6 22 270 M M 0 30 270
================================================================================
SM 1516 719 891 0 0.27 3.4 391.9 M 63
================================================================================
AV 48.9 23.2 12.6 FASTST M M 2 MAX(MPH)
MISC ----> 39 10 51 360
================================================================================
NOTES:
# LAST OF SEVERAL OCCURRENCES
COLUMN 17 PEAK WIND IN M.P.H.
PRELIMINARY LOCAL CLIMATOLOGICAL DATA (WS FORM: F-6) , PAGE 2
STATION: CLAYTON NM
MONTH: DECEMBER
YEAR: 2020
LATITUDE: 36 27 N
LONGITUDE: 103 9 W
[TEMPERATURE DATA] [PRECIPITATION DATA] SYMBOLS USED IN COLUMN 16
AVERAGE MONTHLY: 36.0 TOTAL FOR MONTH: 0.27 1 = FOG OR MIST
DPTR FM NORMAL: 1.2 DPTR FM NORMAL: -0.09 2 = FOG REDUCING VISIBILITY
HIGHEST: 67 ON 26, 8 GRTST 24HR 0.27 ON 12-13 TO 1/4 MILE OR LESS
LOWEST: 11 ON 16 3 = THUNDER
SNOW, ICE PELLETS, HAIL 4 = ICE PELLETS
TOTAL MONTH: 3.4 INCHES 5 = HAIL
GRTST 24HR 2.5 ON 13-13 6 = FREEZING RAIN OR DRIZZLE
GRTST DEPTH: 3 ON 13 7 = DUSTSTORM OR SANDSTORM:
VSBY 1/2 MILE OR LESS
8 = SMOKE OR HAZE
[NO. OF DAYS WITH] [WEATHER - DAYS WITH] 9 = BLOWING SNOW
X = TORNADO
MAX 32 OR BELOW: 3 0.01 INCH OR MORE: 2
MAX 90 OR ABOVE: 0 0.10 INCH OR MORE: 2
MIN 32 OR BELOW: 28 0.50 INCH OR MORE: 0
MIN 0 OR BELOW: 0 1.00 INCH OR MORE: 0
[HDD (BASE 65) ]
TOTAL THIS MO. 891 CLEAR (SCALE 0-3) 23
DPTR FM NORMAL -45 PTCLDY (SCALE 4-7) 4
TOTAL FM JUL 1 1916 CLOUDY (SCALE 8-10) 4
DPTR FM NORMAL -75
[CDD (BASE 65) ]
TOTAL THIS MO. 0
DPTR FM NORMAL 0 [PRESSURE DATA]
TOTAL FM JAN 1 1194 HIGHEST SLP M ON M
DPTR FM NORMAL 285 LOWEST SLP 29.53 ON 22
[REMARKS]
#FINAL-12-20#