000
CXUS56 KMTR 011000
CF6CCR
PRELIMINARY LOCAL CLIMATOLOGICAL DATA (WS FORM: F-6)
STATION: CONCORD AIRPORT
MONTH: JANUARY
YEAR: 2024
LATITUDE: 37 58 N
LONGITUDE: 122 3 W
TEMPERATURE IN F: :PCPN: SNOW: WIND :SUNSHINE: SKY :PK WND
================================================================================
1 2 3 4 5 6A 6B 7 8 9 10 11 12 13 14 15 16 17 18
12Z AVG MX 2MIN
DY MAX MIN AVG DEP HDD CDD WTR SNW DPTH SPD SPD DIR MIN PSBL S-S WX SPD DR
================================================================================
1 62 43 53 4 12 0 0.00 M M 2.8 7 310 M M 1 1 9 140
2 62 42 52 3 13 0 0.34 M M 3.7 16 220 M M 7 128 22 210
3 57 43 50 1 15 0 0.11 M M 6.2 17 220 M M 5 1 19 270
4 61 39 50 1 15 0 0.00 M M 3.2 10 260 M M 1 12 290
5 64 43 54 5 11 0 T M M 2.7 10 360 M M 3 1 13 360
6 56 37 47 -2 18 0 0.08 M M 8.7 22 310 M M 2 18 29 310
7 55 32 44 -5 21 0 0.00 M M 3.5 13 280 M M 0 8 16 270
8 59 33 46 -3 19 0 0.00 M M 2.8 9 330 M M 3 12 340
9 60 46 53 4 12 0 T M M 9.6 18 200 M M 6 18 22 190
10 57 39 48 -1 17 0 0.20 M M 10.6 24 260 M M 5 18 37 250
11 57 33 45 -4 20 0 0.00 M M 2.8 18 300 M M 0 25 290
12 54 38 46 -3 19 0 0.00 M M 4.9 9 190 M M 3 12 240
13 55 47 51 2 14 0 0.30 M M 9.6 20 180 M M 10 18 24 170
14 60 45 53 4 12 0 0.04 M M 4.8 14 360 M M 5 1 16 190
15 59 42 51 2 14 0 0.00 M M 3.1 12 60 M M 5 1 15 30
16 55 41 48 -1 17 0 0.22 M M 3.1 10 360 M M 9 18 11 360
17 61 46 54 5 11 0 0.00 M M 2.0 9 330 M M 5 12 11 350
18 57 43 50 1 15 0 0.00 M M 3.5 10 60 M M 2 18 15 40
19 53 48 51 2 14 0 0.06 M M 4.6 13 60 M M 9 18 17 60
20 60 49 55 5 10 0 0.15 M M 6.0 15 200 M M 10 1 18 210
21 63 51 57 7 8 0 0.31 M M 6.2 18 170 M M 10 1 23 160
22 62 54 58 8 7 0 0.09 M M 6.9 20 180 M M 9 1 26 170
23 63 49 56 6 9 0 T M M 3.2 12 240 M M 6 1 14 270
24 57 51 54 4 11 0 0.28 M M 4.5 12 250 M M 9 1 14 250
25 62 45 54 4 11 0 0.00 M M 4.7 12 330 M M 2 15 330
26 60 49 55 5 10 0 0.00 M M 3.6 9 360 M M 4 12 360
27 64 50 57 7 8 0 0.00 M M 3.5 10 60 M M 0 15 50
28 69 50 60 10 5 0 0.00 M M 4.1 13 60 M M 0 16 70
29 69 44 57 7 8 0 0.00 M M 2.7 10 350 M M 1 128 12 350
30 69 50 60 9 5 0 0.00 M M 3.5 15 320 M M 0 1 17 310
31 61 52 57 6 8 0 0.67 M M 5.6 21 170 M M 6 1 28 140
================================================================================
SM 1863 1374 389 0 2.85 M 146.7 M 138
================================================================================
AV 60.1 44.3 4.7 FASTST M M 4 MAX(MPH)
MISC ----> 24 260 37 250
================================================================================
NOTES:
# LAST OF SEVERAL OCCURRENCES
COLUMN 17 PEAK WIND IN M.P.H.
PRELIMINARY LOCAL CLIMATOLOGICAL DATA (WS FORM: F-6) , PAGE 2
STATION: CONCORD AIRPORT
MONTH: JANUARY
YEAR: 2024
LATITUDE: 37 58 N
LONGITUDE: 122 3 W
[TEMPERATURE DATA] [PRECIPITATION DATA] SYMBOLS USED IN COLUMN 16
AVERAGE MONTHLY: 52.2 TOTAL FOR MONTH: 2.85 1 = FOG OR MIST
DPTR FM NORMAL: 2.8 DPTR FM NORMAL: -0.36 2 = FOG REDUCING VISIBILITY
HIGHEST: 69 ON 30,29 GRTST 24HR 0.89 ON 31-31 TO 1/4 MILE OR LESS
LOWEST: 32 ON 7 3 = THUNDER
SNOW, ICE PELLETS, HAIL 4 = ICE PELLETS
TOTAL MONTH: M 5 = HAIL
GRTST 24HR M ON M 6 = FREEZING RAIN OR DRIZZLE
GRTST DEPTH: M ON M 7 = DUSTSTORM OR SANDSTORM:
VSBY 1/2 MILE OR LESS
8 = SMOKE OR HAZE
[NO. OF DAYS WITH] [WEATHER - DAYS WITH] 9 = BLOWING SNOW
X = TORNADO
MAX 32 OR BELOW: 0 0.01 INCH OR MORE: 13
MAX 90 OR ABOVE: 0 0.10 INCH OR MORE: 9
MIN 32 OR BELOW: 1 0.50 INCH OR MORE: 1
MIN 0 OR BELOW: 0 1.00 INCH OR MORE: 0
[HDD (BASE 65) ]
TOTAL THIS MO. 389 CLEAR (SCALE 0-3) 12
DPTR FM NORMAL -95 PTCLDY (SCALE 4-7) 12
TOTAL FM JUL 1 1064 CLOUDY (SCALE 8-10) 7
DPTR FM NORMAL -254
[CDD (BASE 65) ]
TOTAL THIS MO. 0
DPTR FM NORMAL 0 [PRESSURE DATA]
TOTAL FM JAN 1 0 HIGHEST SLP M ON M
DPTR FM NORMAL 0 LOWEST SLP 29.54 ON 31
[REMARKS]
#FINAL-01-24#