000
CXUS56 KMTR 010845
CLMCCR
CLIMATE REPORT
NATIONAL WEATHER SERVICE SAN FRANCISCO BAY AREA
145 AM PDT MON MAY 01 2023
...................................
...THE CONCORD AIRPORT CLIMATE SUMMARY FOR THE MONTH OF APRIL 2023...
CLIMATE NORMAL PERIOD: 1991 TO 2020
CLIMATE RECORD PERIOD: 1999 TO 2023
WEATHER OBSERVED NORMAL DEPART LAST YEAR`S
VALUE DATE(S) VALUE FROM VALUE DATE(S)
NORMAL
................................................................
TEMPERATURE (F)
RECORD
HIGH 94 MM
LOW 37 04/07/2012
04/06/2012
04/11/1967
HIGHEST 89 04/27 88 04/08
LOWEST 38 04/04 40 04/12
AVG. MAXIMUM 70.9 73.0
AVG. MINIMUM 46.9 47.6
MEAN 58.9 60.3
DAYS MAX >= 90 0 0
DAYS MAX <= 32 0 0
DAYS MIN <= 32 0 0
DAYS MIN <= 0 0 0
PRECIPITATION (INCHES)
TOTALS 0.04 1.12 -1.08 0.77
DAILY AVG. 0.00 0.03
DAYS >= .01 3 5
DAYS >= .10 0 3
DAYS >= .50 0 0
DAYS >= 1.00 0 0
GREATEST
24 HR. TOTAL 0.02 04/17 TO 04/17 0.46 04/20 TO 04/21
04/07 TO 04/07
04/17 TO 04/17
DEGREE DAYS
HEATING TOTAL 199 143
SINCE 7/1 2531 MM
COOLING TOTAL 22 11
SINCE 1/1 22 MM
................................................................
WIND (MPH)
AVERAGE WIND SPEED 7.8
RESULTANT WIND SPEED/DIRECTION 5/240
HIGHEST WIND SPEED/DIRECTION 29/270 DATE 04/03
HIGHEST GUST SPEED/DIRECTION 36/270 DATE 04/03
SKY COVER
POSSIBLE SUNSHINE (PERCENT) MM
AVERAGE SKY COVER 0.13
NUMBER OF DAYS FAIR 26
NUMBER OF DAYS PC 3
NUMBER OF DAYS CLOUDY 1
AVERAGE RH (PERCENT) 60
WEATHER CONDITIONS. NUMBER OF DAYS WITH
THUNDERSTORM 0 MIXED PRECIP 0
HEAVY RAIN 0 RAIN 0
LIGHT RAIN 3 FREEZING RAIN 0
LT FREEZING RAIN 0 HAIL 0
HEAVY SNOW 0 SNOW 0
LIGHT SNOW 0 SLEET 0
FOG 3 FOG W/VIS <= 1/4 MILE 0
HAZE 2
- INDICATES NEGATIVE NUMBERS.
R INDICATES RECORD WAS SET OR TIED.
MM INDICATES DATA IS MISSING.
T INDICATES TRACE AMOUNT.
$$