000
CXUS55 KBOU 011000
CF6CCU
PRELIMINARY LOCAL CLIMATOLOGICAL DATA (WS FORM: F-6)
STATION: COPPER MTN/RED CLIFF
MONTH: FEBRUARY
YEAR: 2023
LATITUDE: 39 28 N
LONGITUDE: 106 9 W
TEMPERATURE IN F: :PCPN: SNOW: WIND :SUNSHINE: SKY :PK WND
================================================================================
1 2 3 4 5 6A 6B 7 8 9 10 11 12 13 14 15 16 17 18
12Z AVG MX 2MIN
DY MAX MIN AVG DEP HDD CDD WTR SNW DPTH SPD SPD DIR MIN PSBL S-S WX SPD DR
================================================================================
1 21 7 14 M 51 0 M M M 9.3 15 290 M M 2 20 310
2 25 14 20 M 45 0 M M M 9.3 15 290 M M 2 20 300
3 34 18 26 M 39 0 M M M 8.0 17 270 M M 0 20 270
4 27 19 23 M 42 0 M M M 14.3 26 290 M M 3 8 40 300
5 34 21 28 M 37 0 M M M 13.2 22 240 M M 3 8 32 240
6 21 7 14 M 51 0 M M M 12.7 22 300 M M 9 38 300
7 25 7 16 M 49 0 M M M 3.4 14 280 M M 1 8 M M
8 19 3 11 M 54 0 M M M 12.6 24 290 M M 8 8 32 300
9 7 0 4 M 61 0 M M M 12.8 22 300 M M 9 23 290
10 34 0 17 M 48 0 M M M 6.8 13 270 M M 0 M M
11 37 25 31 M 34 0 M M M 8.2 14 200 M M 0 20 200
12 32 19 26 M 39 0 M M M 8.8 20 270 M M 3 24 270
13 34 19 27 M 38 0 M M M 8.4 15 160 M M 3 8 28 160
14 19 10 15 M 50 0 M M M 13.5 26 290 M M 9 8 33 290
15 10 0 5 M 60 0 M M M 11.9 31 120 M M 10 8 41 130
16 9 -6 2 M 63 0 M M M 8.5 17 290 M M 3 23 290
17 28 9 19 M 46 0 M M M 9.3 18 260 M M 0 21 260
18 27 16 22 M 43 0 M M M 13.0 28 270 M M 1 8 38 270
19 19 14 17 M 48 0 M M M 26.5 36 260 M M 8 8 54 270
20 27 19 23 M 42 0 M M M 23.0 44 260 M M 9 8 53 270
21 34 19 27 M 38 0 M M M 15.8 33 260 M M 7 8 45 260
22 25 1 13 M 52 0 M M M 21.3 36 270 M M 10 46 230
23 10 1 6 M 59 0 M M M 14.2 24 270 M M 10 8 30 270
24 19 9 14 M 51 0 M M M 17.7 27 180 M M 10 8 39 200
25 34 19 27 M 38 0 M M M 13.9 18 180 M M 3 8 29 200
26 32 16 24 M 41 0 M M M 19.2 29 290 M M 6 36 290
27 21 9 15 M 50 0 M M M 11.1 21 260 M M 7 8 35 300
28 16 7 12 M 53 0 M M M 18.8 31 260 M M 9 8 46 250
================================================================================
SM 680 302 1322 0 M M 365.6 M 145
================================================================================
AV 24.3 10.8 13.1 FASTST M M 5 MAX(MPH)
MISC ----> 44 260 54 270
================================================================================
NOTES:
# LAST OF SEVERAL OCCURRENCES
COLUMN 17 PEAK WIND IN M.P.H.
PRELIMINARY LOCAL CLIMATOLOGICAL DATA (WS FORM: F-6) , PAGE 2
STATION: COPPER MTN/RED CLIFF
MONTH: FEBRUARY
YEAR: 2023
LATITUDE: 39 28 N
LONGITUDE: 106 9 W
[TEMPERATURE DATA] [PRECIPITATION DATA] SYMBOLS USED IN COLUMN 16
AVERAGE MONTHLY: 17.5 TOTAL FOR MONTH: M 1 = FOG OR MIST
DPTR FM NORMAL: 0.0 DPTR FM NORMAL: M 2 = FOG REDUCING VISIBILITY
HIGHEST: 37 ON 11 GRTST 24HR M ON M TO 1/4 MILE OR LESS
LOWEST: -6 ON 16 3 = THUNDER
SNOW, ICE PELLETS, HAIL 4 = ICE PELLETS
TOTAL MONTH: M 5 = HAIL
GRTST 24HR M ON M 6 = FREEZING RAIN OR DRIZZLE
GRTST DEPTH: M ON M 7 = DUSTSTORM OR SANDSTORM:
VSBY 1/2 MILE OR LESS
8 = SMOKE OR HAZE
[NO. OF DAYS WITH] [WEATHER - DAYS WITH] 9 = BLOWING SNOW
X = TORNADO
MAX 32 OR BELOW: 21 0.01 INCH OR MORE: 0
MAX 90 OR ABOVE: 0 0.10 INCH OR MORE: 0
MIN 32 OR BELOW: 28 0.50 INCH OR MORE: 0
MIN 0 OR BELOW: 4 1.00 INCH OR MORE: 0
[HDD (BASE 65) ]
TOTAL THIS MO. 1322 CLEAR (SCALE 0-3) 11
DPTR FM NORMAL M PTCLDY (SCALE 4-7) 6
TOTAL FM JUL 1 7001 CLOUDY (SCALE 8-10) 11
DPTR FM NORMAL M
[CDD (BASE 65) ]
TOTAL THIS MO. 0
DPTR FM NORMAL M [PRESSURE DATA]
TOTAL FM JAN 1 0 HIGHEST SLP M ON M
DPTR FM NORMAL M LOWEST SLP M ON M
[REMARKS]
#FINAL-02-23#