000
CXUS55 KBOU 010900
CF6CCU
PRELIMINARY LOCAL CLIMATOLOGICAL DATA (WS FORM: F-6)
STATION: COPPER MTN/RED CLIFF
MONTH: SEPTEMBER
YEAR: 2021
LATITUDE: 39 28 N
LONGITUDE: 106 9 W
TEMPERATURE IN F: :PCPN: SNOW: WIND :SUNSHINE: SKY :PK WND
================================================================================
1 2 3 4 5 6A 6B 7 8 9 10 11 12 13 14 15 16 17 18
12Z AVG MX 2MIN
DY MAX MIN AVG DEP HDD CDD WTR SNW DPTH SPD SPD DIR MIN PSBL S-S WX SPD DR
================================================================================
1 61 46 54 M 11 0 0.08 M M 9.6 23 150 M M 8 31 150
2 54 45 50 M 15 0 0.19 M M 5.6 13 260 M M 9 28 17 260
3 57 45 51 M 14 0 0.52 M M 10.0 21 280 M M 6 28 290
4 59 41 50 M 15 0 0.04 M M 8.7 17 270 M M 4 23 290
5 63 43 53 M 12 0 0.00 M M 8.5 14 290 M M 0 20 290
6 64 46 55 M 10 0 0.00 M M 10.8 22 280 M M 0 28 280
7 68 48 58 M 7 0 0.00 M M 5.7 15 310 M M 0 21 320
8 70 54 62 M 3 0 0.00 M M 6.5 18 300 M M 0 24 300
9 70 54 62 M 3 0 0.00 M M 9.8 15 300 M M 0 21 300
10 72 54 63 M 2 0 0.00 M M 8.5 16 290 M M 1 24 290
11 64 52 58 M 7 0 0.00 M M 10.7 20 250 M M 2 27 270
12 61 45 53 M 12 0 0.00 M M 10.9 20 250 M M 4 8 30 210
13 64 50 57 M 8 0 0.01 M M 11.7 24 240 M M 5 35 240
14 59 45 52 M 13 0 0.00 M M 11.0 18 270 M M 4 29 300
15 64 45 55 M 10 0 0.00 M M 12.1 18 300 M M 0 23 260
16 64 48 56 M 9 0 0.00 M M 11.5 23 250 M M 1 29 250
17 64 46 55 M 10 0 0.00 M M 7.8 14 260 M M 0 22 240
18 66 43 55 M 10 0 0.00 M M 9.6 23 280 M M 4 1 29 280
19 59 41 50 M 15 0 0.00 M M 14.1 25 260 M M 5 1 32 260
20 46 34 40 M 25 0 0.00 M M 8.8 13 290 M M 10 128 33 240
21 M M M M M M 0.00 M M M M M M M M M M
22 59 46 53 M 12 0 0.00 M M 10.5 17 290 M M 0 23 280
23 64 39 52 M 13 0 0.00 M M 8.8 22 120 M M 3 26 30
24 59 43 51 M 14 0 0.00 M M 7.2 18 160 M M 0 22 310
25 63 45 54 M 11 0 0.00 M M 10.9 20 260 M M 0 23 270
26 68 45 57 M 8 0 0.00 M M 6.3 14 250 M M 2 30 0
27 63 46 55 M 10 0 0.00 M M 12.0 27 100 M M 3 35 120
28 55 37 46 M 19 0 0.29 M M 7.8 13 260 M M 8 2 20 290
29 45 36 41 M 24 0 0.27 M M 4.9 9 290 M M 9 12 20 220
30 52 34 43 M 22 0 0.13 M M 7.4 18 110 M M 7 12 24 110
================================================================================
SM 1777 1296 344 0 1.53 M 267.6 M 95
================================================================================
AV 61.3 44.7 9.2 FASTST M M 3 MAX(MPH)
MISC ----> 27 100 # 35 240
================================================================================
NOTES:
# LAST OF SEVERAL OCCURRENCES
COLUMN 17 PEAK WIND IN M.P.H.
PRELIMINARY LOCAL CLIMATOLOGICAL DATA (WS FORM: F-6) , PAGE 2
STATION: COPPER MTN/RED CLIFF
MONTH: SEPTEMBER
YEAR: 2021
LATITUDE: 39 28 N
LONGITUDE: 106 9 W
[TEMPERATURE DATA] [PRECIPITATION DATA] SYMBOLS USED IN COLUMN 16
AVERAGE MONTHLY: 53.0 TOTAL FOR MONTH: 1.53 1 = FOG OR MIST
DPTR FM NORMAL: 0.0 DPTR FM NORMAL: M 2 = FOG REDUCING VISIBILITY
HIGHEST: 72 ON 10 GRTST 24HR 0.52 ON 3- 3 TO 1/4 MILE OR LESS
LOWEST: 34 ON 30,20 3 = THUNDER
SNOW, ICE PELLETS, HAIL 4 = ICE PELLETS
TOTAL MONTH: M 5 = HAIL
GRTST 24HR M ON M 6 = FREEZING RAIN OR DRIZZLE
GRTST DEPTH: M ON M 7 = DUSTSTORM OR SANDSTORM:
VSBY 1/2 MILE OR LESS
8 = SMOKE OR HAZE
[NO. OF DAYS WITH] [WEATHER - DAYS WITH] 9 = BLOWING SNOW
X = TORNADO
MAX 32 OR BELOW: 0 0.01 INCH OR MORE: 8
MAX 90 OR ABOVE: 0 0.10 INCH OR MORE: 5
MIN 32 OR BELOW: 0 0.50 INCH OR MORE: 1
MIN 0 OR BELOW: 0 1.00 INCH OR MORE: 0
[HDD (BASE 65) ]
TOTAL THIS MO. 344 CLEAR (SCALE 0-3) 15
DPTR FM NORMAL M PTCLDY (SCALE 4-7) 10
TOTAL FM JUL 1 717 CLOUDY (SCALE 8-10) 5
DPTR FM NORMAL M
[CDD (BASE 65) ]
TOTAL THIS MO. 0
DPTR FM NORMAL M [PRESSURE DATA]
TOTAL FM JAN 1 6 HIGHEST SLP M ON M
DPTR FM NORMAL M LOWEST SLP M ON M
[REMARKS]
#FINAL-09-21#