000
CXUS55 KBOU 012358
CF6CCU
PRELIMINARY LOCAL CLIMATOLOGICAL DATA (WS FORM: F-6)
STATION: COPPER MTN/RED CLIFF
MONTH: SEPTEMBER
YEAR: 2020
LATITUDE: 39 28 N
LONGITUDE: 106 9 W
TEMPERATURE IN F: :PCPN: SNOW: WIND :SUNSHINE: SKY :PK WND
================================================================================
1 2 3 4 5 6A 6B 7 8 9 10 11 12 13 14 15 16 17 18
12Z AVG MX 2MIN
DY MAX MIN AVG DEP HDD CDD WTR SNW DPTH SPD SPD DIR MIN PSBL S-S WX SPD DR
================================================================================
1 55 36 46 M 19 0 M M M 13.5 69 310 M M 5 2 35 260
2 63 45 54 M 11 0 M M M 15.1 69 320 M M 0 25 280
3 68 46 57 M 8 0 M M M 9.0 20 300 M M 0 28 300
4 72 54 63 M 2 0 M M M 4.5 13 290 M M 0 22 300
5 73 55 64 M 1 0 M M M 12.1 17 270 M M 1 27 290
6 68 54 61 M 4 0 M M M 12.9 22 290 M M 2 35 290
7 61 52 57 M 8 0 M M M 13.6 21 270 M M 4 8 35 270
8 52 21 37 M 28 0 M M M 16.8 31 110 M M 10 8 40 100
9 43 19 31 M 34 0 M M M 24.7 79 20 M M 6 1 89 20
10 45 32 39 M 26 0 M M M 10.4 10 160 M M 7 2 20 160
11 41 30 36 M 29 0 M M M M M M M M 7 12 M M
12 59 36 48 M 17 0 M M M 16.2 66 310 M M 1 39 290
13 66 45 56 M 9 0 M M M 6.1 17 130 M M 3 23 130
14 61 46 54 M 11 0 M M M 5.0 15 160 M M 4 29 320
15 63 46 55 M 10 0 M M M 5.0 12 350 M M 2 23 290
16 64 45 55 M 10 0 M M M 7.8 16 80 M M 0 28 20
17 61 46 54 M 11 0 M M M 7.2 14 290 M M 1 8 24 290
18 64 46 55 M 10 0 M M M 9.7 15 160 M M 4 8 23 270
19 59 41 50 M 15 0 M M M 11.2 17 280 M M 4 33 260
20 59 41 50 M 15 0 M M M 11.9 29 260 M M 5 36 260
21 61 46 54 M 11 0 M M M 5.6 17 M M M 3 28 50
22 61 41 51 M 14 0 M M M 7.9 20 260 M M 5 46 300
23 59 39 49 M 16 0 M M M 10.7 15 290 M M 4 28 280
24 64 43 54 M 11 0 M M M 11.6 15 230 M M 0 24 240
25 63 50 57 M 8 0 M M M 15.3 24 260 M M 0 37 260
26 61 46 54 M 11 0 M M M 19.8 30 250 M M 1 48 250
27 46 30 38 M 27 0 M M M 19.6 31 270 M M 4 45 290
28 43 23 33 M 32 0 M M M 6.1 10 M M M 1 M M
29 59 34 47 M 18 0 M M M 12.0 62 310 M M 0 67 250
30 59 37 48 M 17 0 M M M 14.5 29 300 M M 0 45 300
================================================================================
SM 1773 1225 443 0 M M 335.8 M 84
================================================================================
AV 59.1 40.8 11.6 FASTST M M 3 MAX(MPH)
MISC ----> 79 20 89 20
================================================================================
NOTES:
# LAST OF SEVERAL OCCURRENCES
COLUMN 17 PEAK WIND IN M.P.H.
PRELIMINARY LOCAL CLIMATOLOGICAL DATA (WS FORM: F-6) , PAGE 2
STATION: COPPER MTN/RED CLIFF
MONTH: SEPTEMBER
YEAR: 2020
LATITUDE: 39 28 N
LONGITUDE: 106 9 W
[TEMPERATURE DATA] [PRECIPITATION DATA] SYMBOLS USED IN COLUMN 16
AVERAGE MONTHLY: 50.0 TOTAL FOR MONTH: M 1 = FOG OR MIST
DPTR FM NORMAL: 0.0 DPTR FM NORMAL: M 2 = FOG REDUCING VISIBILITY
HIGHEST: 73 ON 5 GRTST 24HR M ON M TO 1/4 MILE OR LESS
LOWEST: 19 ON 9 3 = THUNDER
SNOW, ICE PELLETS, HAIL 4 = ICE PELLETS
TOTAL MONTH: M 5 = HAIL
GRTST 24HR M ON M 6 = FREEZING RAIN OR DRIZZLE
GRTST DEPTH: M ON M 7 = DUSTSTORM OR SANDSTORM:
VSBY 1/2 MILE OR LESS
8 = SMOKE OR HAZE
[NO. OF DAYS WITH] [WEATHER - DAYS WITH] 9 = BLOWING SNOW
X = TORNADO
MAX 32 OR BELOW: 0 0.01 INCH OR MORE: 0
MAX 90 OR ABOVE: 0 0.10 INCH OR MORE: 0
MIN 32 OR BELOW: 6 0.50 INCH OR MORE: 0
MIN 0 OR BELOW: 0 1.00 INCH OR MORE: 0
[HDD (BASE 65) ]
TOTAL THIS MO. 443 CLEAR (SCALE 0-3) 17
DPTR FM NORMAL M PTCLDY (SCALE 4-7) 12
TOTAL FM JUL 1 834 CLOUDY (SCALE 8-10) 1
DPTR FM NORMAL M
[CDD (BASE 65) ]
TOTAL THIS MO. 0
DPTR FM NORMAL M [PRESSURE DATA]
TOTAL FM JAN 1 3 HIGHEST SLP M ON M
DPTR FM NORMAL M LOWEST SLP M ON M
[REMARKS]
#FINAL-09-20#