000
CXUS53 KARX 012113
CF6CCY
PRELIMINARY LOCAL CLIMATOLOGICAL DATA (WS FORM: F-6)
STATION: CHARLES_CITY IA
MONTH: JUNE
YEAR: 2023
LATITUDE: 43 4 N
LONGITUDE: 92 37 W
TEMPERATURE IN F: :PCPN: SNOW: WIND :SUNSHINE: SKY :PK WND
================================================================================
1 2 3 4 5 6A 6B 7 8 9 10 11 12 13 14 15 16 17 18
12Z AVG MX 2MIN
DY MAX MIN AVG DEP HDD CDD WTR SNW DPTH SPD SPD DIR MIN PSBL S-S WX SPD DR
================================================================================
1 79 63 71 7 0 6 M 0.0 0 8.6 20 170 M M 1 23 160
2 86 64 75 10 0 10 0.00 0.0 0 7.0 15 30 M M 3 24 120
3 90 63 77 12 0 12 0.00 0.0 0 7.1 10 90 M M 1 14 130
4 90 64 77 12 0 12 0.00 0.0 0 7.5 14 70 M M 0 21 80
5 88 59 74 8 0 9 0.00 0.0 0 5.3 10 130 M M 0 14 90
6 86 64 75 9 0 10 0.03 0.0 0 4.7 10 330 M M 3 18 20 330
7 77 63 70 4 0 5 0.00 0.0 0 7.2 13 120 M M 3 1 15 100
8 77 59 68 2 0 3 0.00 0.0 0 6.0 13 140 M M 2 18 130
9 81 52 67 0 0 2 0.00 0.0 0 6.3 12 190 M M 1 16 170
10 75 64 70 3 0 5 M 0.0 0 5.5 10 90 M M 6 M M
11 70 50 60 -8 5 0 0.00 0.0 0 12.8 17 40 M M 6 28 30
12 75 43 59 -9 6 0 M 0.0 0 8.4 21 320 M M 3 36 340
13 82 52 67 -1 0 2 0.00 0.0 0 8.8 17 330 M M 1 27 320
14 84 55 70 2 0 5 0.00 0.0 0 4.9 10 260 M M 0 14 0
15 82 55 69 0 0 4 0.00 0.0 0 7.7 15 60 M M 0 18 22 60
16 75 48 62 -7 3 0 0.00 0.0 0 7.5 10 80 M M 0 18 150
17 81 54 68 -1 0 3 0.01 0.0 0 9.1 16 160 M M 1 22 160
18 79 63 71 1 0 6 0.08 0.0 0 9.1 15 190 M M 6 1 20 160
19 86 63 75 5 0 10 0.00 0.0 0 6.9 12 140 M M 2 1 16 180
20 88 63 76 6 0 11 0.00 0.0 0 9.5 15 130 M M 0 22 110
21 88 61 75 5 0 10 0.00 0.0 0 8.0 16 140 M M 1 23 140
22 88 63 76 5 0 11 0.00 0.0 0 6.0 12 60 M M 0 17 60
23 90 61 76 5 0 11 0.00 0.0 0 4.2 10 170 M M 1 16 200
24 81 64 73 2 0 8 1.00 0.0 0 9.0 24 110 M M 4 1 47 110
25 73 61 67 -4 0 2 0.61 0.0 0 12.9 23 310 M M 5 1 31 310
26 75 61 68 -3 0 3 0.00 0.0 0 12.1 17 330 M M 6 24 330
27 81 55 68 -4 0 3 0.00 0.0 0 3.3 7 150 M M 1 18 M M
28 82 63 73 1 0 8 0.13 0.0 0 11.6 21 150 M M 1 18 25 180
29 86 64 75 3 0 10 0.00 0.0 0 3.7 9 330 M M 1 18 14 350
30 82 64 73 1 0 8 0.00 0.0 0 3.1 12 190 M M 4 1 M M
================================================================================
SM 2457 1778 14 189 1.86 0.0 223.8 M 63
================================================================================
AV 81.9 59.3 7.5 FASTST M M 2 MAX(MPH)
MISC ----> 24 110 47 110
================================================================================
NOTES:
# LAST OF SEVERAL OCCURRENCES
COLUMN 17 PEAK WIND IN M.P.H.
PRELIMINARY LOCAL CLIMATOLOGICAL DATA (WS FORM: F-6) , PAGE 2
STATION: CHARLES_CITY IA
MONTH: JUNE
YEAR: 2023
LATITUDE: 43 4 N
LONGITUDE: 92 37 W
[TEMPERATURE DATA] [PRECIPITATION DATA] SYMBOLS USED IN COLUMN 16
AVERAGE MONTHLY: 70.6 TOTAL FOR MONTH: 1.86 1 = FOG OR MIST
DPTR FM NORMAL: 2.0 DPTR FM NORMAL: -3.40 2 = FOG REDUCING VISIBILITY
HIGHEST: 90 ON 23, 4 GRTST 24HR 1.00 ON 24-24 TO 1/4 MILE OR LESS
LOWEST: 43 ON 12 3 = THUNDER
SNOW, ICE PELLETS, HAIL 4 = ICE PELLETS
TOTAL MONTH: 0.0 INCH 5 = HAIL
GRTST 24HR 0.0 6 = FREEZING RAIN OR DRIZZLE
GRTST DEPTH: 0 7 = DUSTSTORM OR SANDSTORM:
VSBY 1/2 MILE OR LESS
8 = SMOKE OR HAZE
[NO. OF DAYS WITH] [WEATHER - DAYS WITH] 9 = BLOWING SNOW
X = TORNADO
MAX 32 OR BELOW: 0 0.01 INCH OR MORE: 6
MAX 90 OR ABOVE: 3 0.10 INCH OR MORE: 3
MIN 32 OR BELOW: 0 0.50 INCH OR MORE: 2
MIN 0 OR BELOW: 0 1.00 INCH OR MORE: 1
[HDD (BASE 65) ]
TOTAL THIS MO. 14 CLEAR (SCALE 0-3) 21
DPTR FM NORMAL -24 PTCLDY (SCALE 4-7) 9
TOTAL FM JUL 1 7084 CLOUDY (SCALE 8-10) 0
DPTR FM NORMAL -264
[CDD (BASE 65) ]
TOTAL THIS MO. 189
DPTR FM NORMAL 43 [PRESSURE DATA]
TOTAL FM JAN 1 247 HIGHEST SLP M ON M
DPTR FM NORMAL 61 LOWEST SLP M ON M
[REMARKS]
#FINAL-06-23#