000
CXAK56 PAFC 010947
CF6CDB
PRELIMINARY LOCAL CLIMATOLOGICAL DATA (WS FORM: F-6)
STATION: COLD BAY
MONTH: OCTOBER
YEAR: 2022
LATITUDE: 55 13 N
LONGITUDE: 162 44 W
TEMPERATURE IN F: :PCPN: SNOW: WIND :SUNSHINE: SKY :PK WND
================================================================================
1 2 3 4 5 6A 6B 7 8 9 10 11 12 13 14 15 16 17 18
12Z AVG MX 2MIN
DY MAX MIN AVG DEP HDD CDD WTR SNW DPTH SPD SPD DIR MIN PSBL S-S WX SPD DR
================================================================================
1 54 42 48 3 17 0 0.01 M M 7.7 18 150 M M 7 18 21 110
2 52 44 48 3 17 0 0.04 M M 18.8 37 150 M M 10 18 47 150
3 50 44 47 3 18 0 0.28 M M 21.9 38 150 M M 7 1 44 150
4 52 38 45 1 20 0 0.05 M M 15.8 29 350 M M 9 1 39 340
5 49 46 48 4 17 0 T M M 19.2 30 340 M M 10 1 37 350
6 56 44 50 6 15 0 0.00 M M 16.5 31 140 M M 7 37 150
7 52 47 50 7 15 0 0.03 M M 8.5 23 140 M M 10 1 30 140
8 50 42 46 3 19 0 0.37 M M 24.7 38 300 M M 10 1 47 310
9 55 39 47 4 18 0 0.03 M M 19.4 46 160 M M 7 1 60 160
10 51 39 45 2 20 0 T M M 24.8 53 230 M M 7 1 68 230
11 46 29 38 -4 27 0 T M M 6.0 17 290 M M 2 21 290
12 45 26 36 -6 29 0 0.20 M M 8.2 22 330 M M 6 1 25 320
13 47 32 40 -2 25 0 0.68 M M 22.2 37 140 M M 9 1 47 140
14 49 44 47 5 18 0 0.59 M M 19.6 37 120 M M 10 1 43 120
15 48 41 45 3 20 0 0.29 M M 12.7 21 350 M M 10 1 25 360
16 44 35 40 -1 25 0 0.14 M M 12.7 23 290 M M 9 1 28 280
17 44 35 40 -1 25 0 0.06 M M 11.6 21 310 M M 4 1 24 310
18 45 36 41 0 24 0 0.05 M M 18.6 32 310 M M 9 1 38 310
19 51 34 43 2 22 0 0.39 M M 19.6 46 160 M M 7 1 56 160
20 51 34 43 3 22 0 0.05 M M 12.7 31 260 M M 3 18 39 260
21 46 40 43 3 22 0 0.09 M M 12.4 32 250 M M 6 37 240
22 44 38 41 1 24 0 0.45 M M 12.4 23 290 M M 10 1 28 300
23 50 40 45 5 20 0 T M M 15.8 36 260 M M 8 18 43 250
24 53 41 47 8 18 0 0.23 M M 11.9 28 280 M M 8 1 32 280
25 56 40 48 9 17 0 0.13 M M 30.0 41 260 M M 10 1 53 250
26 43 36 40 1 25 0 0.16 M M 34.1 49 300 M M 10 1 65 300
27 43 32 38 -1 27 0 0.23 M M 23.4 45 270 M M 8 18 55 280
28 47 31 39 1 26 0 0.86 M M 20.9 45 340 M M 9 1 57 120
29 37 31 34 -4 31 0 0.13 M M 21.0 46 300 M M 8 128 55 300
30 38 32 35 -3 30 0 0.06 M M 22.2 38 310 M M 8 15 47 290
31 39 30 35 -3 30 0 0.10 M M 11.3 29 140 M M 8 1 35 150
================================================================================
SM 1487 1162 683 0 5.70 M 536.6 M 246
================================================================================
AV 48.0 37.5 17.3 FASTST M M 8 MAX(MPH)
MISC ----> 53 230 68 230
================================================================================
NOTES:
# LAST OF SEVERAL OCCURRENCES
COLUMN 17 PEAK WIND IN M.P.H.
PRELIMINARY LOCAL CLIMATOLOGICAL DATA (WS FORM: F-6) , PAGE 2
STATION: COLD BAY
MONTH: OCTOBER
YEAR: 2022
LATITUDE: 55 13 N
LONGITUDE: 162 44 W
[TEMPERATURE DATA] [PRECIPITATION DATA] SYMBOLS USED IN COLUMN 16
AVERAGE MONTHLY: 42.7 TOTAL FOR MONTH: 5.70 1 = FOG OR MIST
DPTR FM NORMAL: 1.4 DPTR FM NORMAL: 0.77 2 = FOG REDUCING VISIBILITY
HIGHEST: 56 ON 25, 6 GRTST 24HR 0.97 ON 13-14 TO 1/4 MILE OR LESS
LOWEST: 26 ON 12 3 = THUNDER
SNOW, ICE PELLETS, HAIL 4 = ICE PELLETS
TOTAL MONTH: M 5 = HAIL
GRTST 24HR M ON M 6 = FREEZING RAIN OR DRIZZLE
GRTST DEPTH: M ON M 7 = DUSTSTORM OR SANDSTORM:
VSBY 1/2 MILE OR LESS
8 = SMOKE OR HAZE
[NO. OF DAYS WITH] [WEATHER - DAYS WITH] 9 = BLOWING SNOW
X = TORNADO
MAX 32 OR BELOW: 0 0.01 INCH OR MORE: 26
MAX 90 OR ABOVE: 0 0.10 INCH OR MORE: 16
MIN 32 OR BELOW: 8 0.50 INCH OR MORE: 3
MIN 0 OR BELOW: 0 1.00 INCH OR MORE: 0
[HDD (BASE 65) ]
TOTAL THIS MO. 683 CLEAR (SCALE 0-3) 2
DPTR FM NORMAL -52 PTCLDY (SCALE 4-7) 14
TOTAL FM JUL 1 1976 CLOUDY (SCALE 8-10) 15
DPTR FM NORMAL -57
[CDD (BASE 65) ]
TOTAL THIS MO. 0
DPTR FM NORMAL 0 [PRESSURE DATA]
TOTAL FM JAN 1 0 HIGHEST SLP M ON M
DPTR FM NORMAL 0 LOWEST SLP 28.48 ON 28
[REMARKS]
#FINAL-10-22#