000
CXUS55 KCYS 161113
CF6CDR
PRELIMINARY LOCAL CLIMATOLOGICAL DATA (WS FORM: F-6)...CORRECTED
STATION: CHADRON NEBRASKA AIRPORT
MONTH: NOVEMBER
YEAR: 2021
LATITUDE: 42 50 N
LONGITUDE: 103 6 W
TEMPERATURE IN F: :PCPN: SNOW: WIND :SUNSHINE: SKY :PK WND
================================================================================
1 2 3 4 5 6A 6B 7 8 9 10 11 12 13 14 15 16 17 18
12Z AVG MX 2MIN
DY MAX MIN AVG DEP HDD CDD WTR SNW DPTH SPD SPD DIR MIN PSBL S-S WX SPD DR
================================================================================
1 38 24 31 -10 34 0 0.03 M M 4.9 9 50 M M 8 1 12 60
2 42 20 31 -10 34 0 0.00 M M 4.7 14 180 M M 4 1 17 180
3 61 25 43 3 22 0 0.00 M M 7.4 15 290 M M 0 1 22 300
4 69 26 48 8 17 0 0.00 M M 3.3 16 280 M M 0 20 270
5 70 35 53 13 12 0 0.00 M M 12.8 25 290 M M 0 40 280
6 77 33 55 16 10 0 0.00 M M 7.0 23 230 M M 0 31 220
7 74 32 53 14 12 0 0.00 M M 7.8 22 300 M M 0 32 310
8 54 35 45 7 20 0 0.00 M M 5.4 18 170 M M 2 23 160
9 59 30 45 7 20 0 T M M 10.7 29 190 M M 4 39 180
10 55 29 42 4 23 0 0.02 M M 12.9 29 300 M M 7 41 300
11 47 28 38 1 27 0 0.00 M M 20.9 36 310 M M 1 53 320
12 44 23 34 -3 31 0 0.00 M M 12.6 31 300 M M 1 43 310
13 67 29 48 12 17 0 T M M 10.1 29 330 M M 6 44 320
14 63 39 51 15 14 0 0.00 M M 8.4 22 280 M M 5 29 260
15 73 38 56 20 9 0 0.00 M M 8.4 24 300 M M 0 32 300
16 67 33 50 15 15 0 0.00 M M 16.1 33 240 M M 3 46 230
17 40 14 27 -8 38 0 0.00 M M 16.3 33 320 M M 1 47 320
18 53 10 32 -2 33 0 0.00 M M 11.0 29 190 M M 0 38 180
19 59 28 44 10 21 0 0.00 M M 4.2 15 230 M M 1 17 230
20 50 26 38 4 27 0 T M M 2.7 14 30 M M 6 19 40
21 49 21 35 2 30 0 0.00 M M 7.0 18 280 M M 0 24 280
22 64 24 44 11 21 0 0.00 M M 7.5 20 270 M M 0 24 260
23 67 21 44 12 21 0 0.00 M M 7.8 30 260 M M 0 43 260
24 38 11 25 -7 40 0 0.03 M M 5.7 20 10 M M 5 1 27 20
25 53 8 31 -1 34 0 0.00 M M 6.9 18 240 M M 2 22 250
26 66 27 47 16 18 0 0.00 M M 6.5 14 290 M M 0 18 300
27 55 20 38 7 27 0 0.00 M M 9.3 22 280 M M 3 30 290
28 58 17 38 8 27 0 0.00 M M 5.6 14 290 M M 0 20 280
29 68 29 49 19 16 0 0.00 M M 9.0 25 300 M M 0 37 300
30 57 31 44 14 21 0 0.00 M M 9.6 28 200 M M 4 36 210
================================================================================
SM 1737 766 691 0 0.08 M 262.5 M 63
================================================================================
AV 57.9 25.5 8.8 FASTST M M 2 MAX(MPH)
MISC ----> 36 310 53 320
================================================================================
NOTES:
# LAST OF SEVERAL OCCURRENCES
COLUMN 17 PEAK WIND IN M.P.H.
PRELIMINARY LOCAL CLIMATOLOGICAL DATA (WS FORM: F-6) , PAGE 2
STATION: CHADRON NEBRASKA AIRPORT
MONTH: NOVEMBER
YEAR: 2021
LATITUDE: 42 50 N
LONGITUDE: 103 6 W
[TEMPERATURE DATA] [PRECIPITATION DATA] SYMBOLS USED IN COLUMN 16
AVERAGE MONTHLY: 41.7 TOTAL FOR MONTH: 0.08 1 = FOG OR MIST
DPTR FM NORMAL: 6.3 DPTR FM NORMAL: -0.32 2 = FOG REDUCING VISIBILITY
HIGHEST: 77 ON 6 GRTST 24HR 0.06 ON 31- 1 TO 1/4 MILE OR LESS
LOWEST: 8 ON 25 3 = THUNDER
SNOW, ICE PELLETS, HAIL 4 = ICE PELLETS
TOTAL MONTH: M 5 = HAIL
GRTST 24HR M ON M 6 = FREEZING RAIN OR DRIZZLE
GRTST DEPTH: M ON M 7 = DUSTSTORM OR SANDSTORM:
VSBY 1/2 MILE OR LESS
8 = SMOKE OR HAZE
[NO. OF DAYS WITH] [WEATHER - DAYS WITH] 9 = BLOWING SNOW
X = TORNADO
MAX 32 OR BELOW: 0 0.01 INCH OR MORE: 3
MAX 90 OR ABOVE: 0 0.10 INCH OR MORE: 0
MIN 32 OR BELOW: 24 0.50 INCH OR MORE: 0
MIN 0 OR BELOW: 0 1.00 INCH OR MORE: 0
[HDD (BASE 65) ]
TOTAL THIS MO. 691 CLEAR (SCALE 0-3) 21
DPTR FM NORMAL -197 PTCLDY (SCALE 4-7) 9
TOTAL FM JUL 1 1174 CLOUDY (SCALE 8-10) 0
DPTR FM NORMAL -406
[CDD (BASE 65) ]
TOTAL THIS MO. 0
DPTR FM NORMAL 0 [PRESSURE DATA]
TOTAL FM JAN 1 1082 HIGHEST SLP 30.59 ON 25
DPTR FM NORMAL 274 LOWEST SLP 29.51 ON 16
[REMARKS]
MEAN TEMPERATURE 41.7 DEGREES WAS 8TH WARMEST NOVEMBER
#FINAL-11-21#