000
CXUS54 KLUB 030634
CF6CDS
PRELIMINARY LOCAL CLIMATOLOGICAL DATA (WS FORM: F-6)
STATION: CHILDRESS
MONTH: OCTOBER
YEAR: 2021
LATITUDE: 34 25 N
LONGITUDE: 100 17 W
TEMPERATURE IN F: :PCPN: SNOW: WIND :SUNSHINE: SKY :PK WND
================================================================================
1 2 3 4 5 6A 6B 7 8 9 10 11 12 13 14 15 16 17 18
12Z AVG MX 2MIN
DY MAX MIN AVG DEP HDD CDD WTR SNW DPTH SPD SPD DIR MIN PSBL S-S WX SPD DR
================================================================================
1 76 60 68 -1 0 3 0.42 0.0 0 5.9 24 280 M M 9 13 33 300
2 79 56 68 0 0 3 0.04 0.0 0 5.5 14 330 M M 3 19 310
3 84 54 69 1 0 4 0.00 0.0 0 5.6 13 360 M M 0 21 280
4 90 57 74 6 0 9 0.00 0.0 0 4.8 13 240 M M 2 17 250
5 84 58 71 4 0 6 0.00 0.0 0 8.7 20 140 M M 0 27 150
6 84 53 69 2 0 4 0.00 0.0 0 5.6 12 130 M M 0 16 170
7 93 57 75 8 0 10 0.00 0.0 0 8.6 16 180 M M 0 23 180
8 97 61 79 13 0 14 0.00 0.0 0 10.5 21 230 M M 0 31 200
9 100 68 84 18 0 19 0.00 0.0 0 14.2 24 210 M M 0 33 210
10 85 57 71 5 0 6 0.01 0.0 0 12.0 35 350 M M 2 45 350
11 82 49 66 1 0 1 0.00 0.0 0 9.4 17 310 M M 0 26 320
12 91 59 75 10 0 10 0.00 0.0 0 16.3 26 190 M M 3 40 180
13 77 53 65 1 0 0 0.22 0.0 0 9.7 25 300 M M 1 3 39 290
14 86 47 67 3 0 2 0.00 0.0 0 6.4 21 10 M M 0 1 26 30
15 69 47 58 -6 7 0 0.00 0.0 0 13.3 25 20 M M 0 36 10
16 74 41 58 -5 7 0 0.00 0.0 0 5.5 12 220 M M 0 16 230
17 77 41 59 -4 6 0 0.00 0.0 0 8.0 20 180 M M 0 27 180
18 78 45 62 0 3 0 0.00 0.0 0 11.7 21 190 M M 0 31 180
19 87 51 69 7 0 4 0.00 0.0 0 11.4 21 180 M M 1 8 30 170
20 77 49 63 1 2 0 0.00 0.0 0 8.4 20 360 M M 0 28 320
21 77 46 62 1 3 0 0.00 0.0 0 5.8 13 140 M M 4 18 120
22 86 54 70 9 0 5 0.00 0.0 0 8.3 22 210 M M 2 28 200
23 94 62 78 18 0 13 0.00 0.0 0 13.4 24 220 M M 0 36 190
24 84 56 70 10 0 5 0.00 0.0 0 11.1 22 330 M M 0 27 200
25 84 49 67 7 0 2 0.00 0.0 0 7.8 18 160 M M 0 28 150
26 95 59 77 18 0 12 0.00 0.0 0 14.4 29 200 M M 0 41 190
27 70 53 62 3 3 0 0.00 0.0 0 21.2 41 350 M M 1 60 350
28 71 48 60 1 5 0 0.00 0.0 0 20.8 41 340 M M 0 64 360
29 73 45 59 1 6 0 0.00 0.0 0 11.7 23 350 M M 0 30 330
30 84 42 63 5 2 0 0.00 0.0 0 8.4 16 150 M M 0 23 160
31 67 45 56 -1 9 0 0.00 0.0 0 10.6 20 20 M M 0 29 20
================================================================================
SM 2555 1622 53 132 0.69 0.0 315.0 M 28
================================================================================
AV 82.4 52.3 10.2 FASTST M M 1 MAX(MPH)
MISC ----> # 41 350 64 360
================================================================================
NOTES:
# LAST OF SEVERAL OCCURRENCES
COLUMN 17 PEAK WIND IN M.P.H.
PRELIMINARY LOCAL CLIMATOLOGICAL DATA (WS FORM: F-6) , PAGE 2
STATION: CHILDRESS
MONTH: OCTOBER
YEAR: 2021
LATITUDE: 34 25 N
LONGITUDE: 100 17 W
[TEMPERATURE DATA] [PRECIPITATION DATA] SYMBOLS USED IN COLUMN 16
AVERAGE MONTHLY: 67.4 TOTAL FOR MONTH: 0.69 1 = FOG OR MIST
DPTR FM NORMAL: 4.3 DPTR FM NORMAL: -1.26 2 = FOG REDUCING VISIBILITY
HIGHEST: 100 ON 9 GRTST 24HR 0.46 ON 1- 2 TO 1/4 MILE OR LESS
LOWEST: 41 ON 17,16 3 = THUNDER
SNOW, ICE PELLETS, HAIL 4 = ICE PELLETS
TOTAL MONTH: 0.0 INCH 5 = HAIL
GRTST 24HR 0.0 6 = FREEZING RAIN OR DRIZZLE
GRTST DEPTH: 0 7 = DUSTSTORM OR SANDSTORM:
VSBY 1/2 MILE OR LESS
8 = SMOKE OR HAZE
[NO. OF DAYS WITH] [WEATHER - DAYS WITH] 9 = BLOWING SNOW
X = TORNADO
MAX 32 OR BELOW: 0 0.01 INCH OR MORE: 4
MAX 90 OR ABOVE: 7 0.10 INCH OR MORE: 2
MIN 32 OR BELOW: 0 0.50 INCH OR MORE: 0
MIN 0 OR BELOW: 0 1.00 INCH OR MORE: 0
[HDD (BASE 65) ]
TOTAL THIS MO. 53 CLEAR (SCALE 0-3) 29
DPTR FM NORMAL -85 PTCLDY (SCALE 4-7) 1
TOTAL FM JUL 1 53 CLOUDY (SCALE 8-10) 1
DPTR FM NORMAL -100
[CDD (BASE 65) ]
TOTAL THIS MO. 132
DPTR FM NORMAL 51 [PRESSURE DATA]
TOTAL FM JAN 1 2337 HIGHEST SLP 30.44 ON 16
DPTR FM NORMAL 80 LOWEST SLP 29.40 ON 26
[REMARKS]
#FINAL-10-21#