000
CXUS56 KEKA 041704
CF6CEC
PRELIMINARY LOCAL CLIMATOLOGICAL DATA (WS FORM: F-6)
STATION: CRESCENT CITY CA
MONTH: JULY
YEAR: 2021
LATITUDE: 41 46 N
LONGITUDE: 124 14 W
TEMPERATURE IN F: :PCPN: SNOW: WIND :SUNSHINE: SKY :PK WND
================================================================================
1 2 3 4 5 6A 6B 7 8 9 10 11 12 13 14 15 16 17 18
12Z AVG MX 2MIN
DY MAX MIN AVG DEP HDD CDD WTR SNW DPTH SPD SPD DIR MIN PSBL S-S WX SPD DR
================================================================================
1 69 58 64 8 1 0 0.00 M M 5.9 17 160 M M 9 18 21 160
2 63 57 60 4 5 0 0.00 M M 6.3 13 160 M M 10 18 18 160
3 62 56 59 3 6 0 0.00 M M 5.6 13 160 M M 10 28 18 140
4 60 54 57 1 8 0 0.00 M M 6.9 14 160 M M 10 18 17 180
5 60 55 58 2 7 0 0.00 M M 6.7 16 160 M M 10 18 22 180
6 61 55 58 1 7 0 0.00 M M 6.4 16 150 M M 10 18 21 160
7 63 56 60 3 5 0 0.00 M M 8.6 18 330 M M 7 18 25 320
8 63 54 59 2 6 0 0.00 M M 7.9 20 330 M M 5 18 27 330
9 59 54 57 0 8 0 0.00 M M 4.7 12 200 M M 10 18 15 160
10 61 53 57 0 8 0 0.00 M M 6.8 15 170 M M 10 18 M M
11 62 54 58 1 7 0 0.00 M M 8.1 23 180 M M 8 28 29 170
12 61 53 57 0 8 0 0.00 0.0 M 8.6 18 180 M M 9 18 22 180
13 63 54 59 2 6 0 0.00 M M 8.4 23 180 M M 7 18 28 180
14 62 53 58 1 7 0 0.00 M M 8.9 20 180 M M 8 18 23 180
15 62 53 58 1 7 0 0.00 M M 7.8 18 160 M M 9 18 22 150
16 62 53 58 1 7 0 0.00 M M 7.2 16 340 M M 6 18 23 340
17 62 54 58 1 7 0 0.00 M M 7.6 14 330 M M 7 18 18 330
18 61 53 57 -1 8 0 0.00 M M 7.0 16 180 M M 8 18 20 320
19 60 55 58 0 7 0 0.00 M M 7.0 16 180 M M 9 18 18 170
20 63 53 58 0 7 0 0.00 M M 8.5 17 340 M M 6 18 26 330
21 63 53 58 0 7 0 0.00 M M 9.3 21 350 M M 3 18 31 360
22 62 47 55 -3 10 0 0.00 M M 8.7 21 180 M M 3 28 28 330
23 63 47 55 -3 10 0 0.00 M M 6.9 22 170 M M 1 18 27 170
24 63 48 56 -2 9 0 0.00 M M 7.3 20 170 M M 1 18 26 180
25 59 53 56 -2 9 0 0.00 M M 8.1 18 190 M M 7 28 22 190
26 59 52 56 -2 9 0 0.00 M M 6.2 14 180 M M 8 28 19 180
27 64 54 59 1 6 0 0.05 M M 3.2 13 180 M M 5 1 15 180
28 66 54 60 2 5 0 0.00 M M 4.9 10 200 M M 0 18 14 50
29 64 51 58 0 7 0 0.00 M M 5.1 12 160 M M 2 28 15 160
30 64 52 58 0 7 0 0.00 M M 6.8 13 190 M M 7 28 16 180
31 59 52 56 -2 9 0 0.00 M M 7.0 15 160 M M 10 28 20 170
================================================================================
SM 1925 1650 220 0 0.05 0.0 218.4 M 215
================================================================================
AV 62.1 53.2 7.0 FASTST M M 7 MAX(MPH)
MISC ----> # 23 180 31 360
================================================================================
NOTES:
# LAST OF SEVERAL OCCURRENCES
COLUMN 17 PEAK WIND IN M.P.H.
PRELIMINARY LOCAL CLIMATOLOGICAL DATA (WS FORM: F-6) , PAGE 2
STATION: CRESCENT CITY CA
MONTH: JULY
YEAR: 2021
LATITUDE: 41 46 N
LONGITUDE: 124 14 W
[TEMPERATURE DATA] [PRECIPITATION DATA] SYMBOLS USED IN COLUMN 16
AVERAGE MONTHLY: 57.7 TOTAL FOR MONTH: 0.05 1 = FOG OR MIST
DPTR FM NORMAL: 0.4 DPTR FM NORMAL: -0.28 2 = FOG REDUCING VISIBILITY
HIGHEST: 69 ON 1 GRTST 24HR 0.05 ON 27-27 TO 1/4 MILE OR LESS
LOWEST: 47 ON 23,22 3 = THUNDER
SNOW, ICE PELLETS, HAIL 4 = ICE PELLETS
TOTAL MONTH: 0.0 INCH 5 = HAIL
GRTST 24HR 0.0 6 = FREEZING RAIN OR DRIZZLE
GRTST DEPTH: M ON M 7 = DUSTSTORM OR SANDSTORM:
VSBY 1/2 MILE OR LESS
8 = SMOKE OR HAZE
[NO. OF DAYS WITH] [WEATHER - DAYS WITH] 9 = BLOWING SNOW
X = TORNADO
MAX 32 OR BELOW: 0 0.01 INCH OR MORE: 1
MAX 90 OR ABOVE: 0 0.10 INCH OR MORE: 0
MIN 32 OR BELOW: 0 0.50 INCH OR MORE: 0
MIN 0 OR BELOW: 0 1.00 INCH OR MORE: 0
[HDD (BASE 65) ]
TOTAL THIS MO. 220 CLEAR (SCALE 0-3) 5
DPTR FM NORMAL -19 PTCLDY (SCALE 4-7) 11
TOTAL FM JUL 1 220 CLOUDY (SCALE 8-10) 15
DPTR FM NORMAL -19
[CDD (BASE 65) ]
TOTAL THIS MO. 0
DPTR FM NORMAL 0 [PRESSURE DATA]
TOTAL FM JAN 1 0 HIGHEST SLP 30.14 ON 20
DPTR FM NORMAL 0 LOWEST SLP 29.88 ON 25
[REMARKS]
#FINAL-07-21#