000
CXUS56 KEKA 070255
CF6CEC
PRELIMINARY LOCAL CLIMATOLOGICAL DATA (WS FORM: F-6)
STATION: CRESCENT CITY CA
MONTH: MAY
YEAR: 2021
LATITUDE: 41 46 N
LONGITUDE: 124 14 W
TEMPERATURE IN F: :PCPN: SNOW: WIND :SUNSHINE: SKY :PK WND
================================================================================
1 2 3 4 5 6A 6B 7 8 9 10 11 12 13 14 15 16 17 18
12Z AVG MX 2MIN
DY MAX MIN AVG DEP HDD CDD WTR SNW DPTH SPD SPD DIR MIN PSBL S-S WX SPD DR
================================================================================
1 57 49 53 1 12 0 0.08 M M 10.8 21 340 M M 6 18 31 340
2 57 44 51 -1 14 0 0.00 M M 12.7 28 330 M M 2 18 40 320
3 57 48 53 1 12 0 0.00 0.0 M 11.5 22 330 M M 3 28 29 330
4 58 47 53 1 12 0 0.00 0.0 M 9.0 18 340 M M 4 28 25 350
5 53 47 50 -2 15 0 0.00 0.0 M 6.6 14 190 M M 9 28 17 180
6 57 48 53 1 12 0 0.09 0.0 M 10.2 17 150 M M 7 18 21 340
7 56 47 52 0 13 0 0.00 0.0 M 16.9 30 330 M M 0 18 40 330
8 56 46 51 -1 14 0 0.00 0.0 M 15.7 29 330 M M 0 18 41 330
9 56 46 51 -2 14 0 0.00 M M 17.8 32 330 M M 0 18 43 330
10 57 48 53 0 12 0 0.00 M M 15.0 26 340 M M 0 18 38 340
11 58 42 50 -3 15 0 0.00 M M 11.3 25 340 M M 1 28 38 330
12 54 40 47 -6 18 0 0.00 M M 7.7 21 180 M M 6 28 26 170
13 54 48 51 -2 14 0 0.00 M M 5.8 16 180 M M 10 18 20 320
14 55 48 52 -1 13 0 0.00 M M 8.9 22 340 M M 9 18 33 350
15 56 45 51 -2 14 0 0.00 M M 15.0 28 340 M M 2 18 40 360
16 54 48 51 -2 14 0 0.00 M M 7.3 21 160 M M 10 18 27 170
17 57 48 53 0 12 0 0.00 M M 4.3 14 280 M M 9 18 16 280
18 58 48 53 -1 12 0 0.06 M M 10.5 18 320 M M 4 18 24 320
19 56 41 49 -5 16 0 0.00 M M 14.0 25 320 M M 0 18 33 320
20 57 45 51 -3 14 0 0.00 M M 14.6 26 330 M M 0 18 34 320
21 57 44 51 -3 14 0 0.00 M M 16.1 28 340 M M 0 8 40 330
22 57 47 52 -2 13 0 0.00 M M 11.1 20 340 M M 2 18 28 340
23 58 43 51 -3 14 0 0.00 M M 5.8 12 160 M M 3 28 15 160
24 59 50 55 1 10 0 0.07 M M 6.9 15 160 M M 10 18 18 150
25 58 48 53 -1 12 0 0.10 M M 8.7 17 320 M M 5 18 23 320
26 57 47 52 -2 13 0 0.00 M M 4.5 12 330 M M 6 18 16 360
27 57 45 51 -3 14 0 0.08 M M 7.3 14 350 M M 6 18 19 350
28 61 46 54 0 11 0 0.00 M M 10.2 21 170 M M 2 28 28 160
29 57 46 52 -2 13 0 0.00 M M 6.7 16 160 M M 8 18 20 170
30 60 50 55 1 10 0 0.00 M M 7.2 21 180 M M 5 18 27 350
31 63 48 56 1 9 0 0.00 M M 7.3 21 180 M M 0 18 25 170
================================================================================
SM 1767 1437 405 0 0.48 0.0 317.4 M 129
================================================================================
AV 57.0 46.4 10.2 FASTST M M 4 MAX(MPH)
MISC ----> 32 330 43 330
================================================================================
NOTES:
# LAST OF SEVERAL OCCURRENCES
COLUMN 17 PEAK WIND IN M.P.H.
PRELIMINARY LOCAL CLIMATOLOGICAL DATA (WS FORM: F-6) , PAGE 2
STATION: CRESCENT CITY CA
MONTH: MAY
YEAR: 2021
LATITUDE: 41 46 N
LONGITUDE: 124 14 W
[TEMPERATURE DATA] [PRECIPITATION DATA] SYMBOLS USED IN COLUMN 16
AVERAGE MONTHLY: 51.7 TOTAL FOR MONTH: 0.48 1 = FOG OR MIST
DPTR FM NORMAL: -1.6 DPTR FM NORMAL: -2.00 2 = FOG REDUCING VISIBILITY
HIGHEST: 63 ON 31 GRTST 24HR 0.17 ON 24-25 TO 1/4 MILE OR LESS
LOWEST: 40 ON 12 3 = THUNDER
SNOW, ICE PELLETS, HAIL 4 = ICE PELLETS
TOTAL MONTH: 0.0 INCH 5 = HAIL
GRTST 24HR 0.0 6 = FREEZING RAIN OR DRIZZLE
GRTST DEPTH: M ON M 7 = DUSTSTORM OR SANDSTORM:
VSBY 1/2 MILE OR LESS
8 = SMOKE OR HAZE
[NO. OF DAYS WITH] [WEATHER - DAYS WITH] 9 = BLOWING SNOW
X = TORNADO
MAX 32 OR BELOW: 0 0.01 INCH OR MORE: 6
MAX 90 OR ABOVE: 0 0.10 INCH OR MORE: 1
MIN 32 OR BELOW: 0 0.50 INCH OR MORE: 0
MIN 0 OR BELOW: 0 1.00 INCH OR MORE: 0
[HDD (BASE 65) ]
TOTAL THIS MO. 405 CLEAR (SCALE 0-3) 14
DPTR FM NORMAL 40 PTCLDY (SCALE 4-7) 10
TOTAL FM JUL 1 4387 CLOUDY (SCALE 8-10) 7
DPTR FM NORMAL 250
[CDD (BASE 65) ]
TOTAL THIS MO. 0
DPTR FM NORMAL 0 [PRESSURE DATA]
TOTAL FM JAN 1 0 HIGHEST SLP 30.33 ON 8
DPTR FM NORMAL 0 LOWEST SLP 29.83 ON 15
[REMARKS]
#FINAL-05-21#