000
CXUS55 KPAH 041352
CLMCGI
CLIMATE REPORT
NATIONAL WEATHER SERVICE PADUCAH KY
752 AM CST MON MAR 04 2024
...................................
...THE CAPE GIRARDEAU MO CLIMATE SUMMARY FOR THE MONTH OF FEBRUARY 2024...
CLIMATE NORMAL PERIOD 1991 TO 2020
CLIMATE RECORD PERIOD 1960 TO 2024
WEATHER OBSERVED NORMAL DEPART LAST YEAR`S
VALUE DATE(S) VALUE FROM VALUE
NORMAL
..............................................................
TEMPERATURE (F)
RECORD
HIGH 79 02/13/1962
LOW -14 02/19/2015
HIGHEST 79R 02/27 74
LOWEST 18 02/17 20
AVG. MAXIMUM 60.2 48.2 12.0 55.9
AVG. MINIMUM 34.5 29.7 4.8 34.9
MEAN 47.3 38.9 8.4 45.4
DAYS MAX >= 90 0 0.0 0.0 0
DAYS MAX <= 32 0 3.1 -3.1 1
DAYS MIN <= 32 12 17.9 -5.9 13
DAYS MIN <= 0 0 0.4 -0.4 0
PRECIPITATION (INCHES)
RECORD
MAXIMUM 9.66 1989
MINIMUM 0.25 2024
TOTALS 0.25R 3.31 -3.06 3.96
DAILY AVG. 0.01 NAN NAN 0.14
DAYS >= .01 3 8.9 -5.9 9
DAYS >= .10 1 5.6 -4.6 6
DAYS >= .50 0 2.3 -2.3 2
DAYS >= 1.00 0 1.0 -1.0 1
GREATEST
24 HR. TOTAL 0.15 02/22 TO 02/22
DEGREE DAYS
HEATING TOTAL 511 730 -219 543
SINCE 7/1 2829 3377 -548 MM
..............................................................
WIND (MPH)
AVERAGE WIND SPEED 9.2
HIGHEST WIND SPEED/DIRECTION 35/200 DATE 02/27
HIGHEST GUST SPEED/DIRECTION 48/200 DATE 02/27
SKY COVER
POSSIBLE SUNSHINE (PERCENT) MM
AVERAGE SKY COVER 0.23
NUMBER OF DAYS FAIR 22
NUMBER OF DAYS PC 5
NUMBER OF DAYS CLOUDY 2
AVERAGE RH (PERCENT) 66
WEATHER CONDITIONS. NUMBER OF DAYS WITH
THUNDERSTORM 4 MIXED PRECIP 0
HEAVY RAIN 1 RAIN 0
LIGHT RAIN 4 FREEZING RAIN 0
LT FREEZING RAIN 0 HAIL 0
HEAVY SNOW 0 SNOW 0
LIGHT SNOW 1 SLEET 0
FOG 8 FOG W/VIS <= 1/4 MILE 0
HAZE 3
- INDICATES NEGATIVE NUMBERS.
R INDICATES RECORD WAS SET OR TIED.
MM INDICATES DATA IS MISSING.
T INDICATES TRACE AMOUNT.
$$