337
CXUS51 KILN 010552
CF6CMH
PRELIMINARY LOCAL CLIMATOLOGICAL DATA (WS FORM: F-6)
STATION: COLUMBUS OH
MONTH: JUNE
YEAR: 2020
LATITUDE: 40 0 N
LONGITUDE: 82 53 W
TEMPERATURE IN F: :PCPN: SNOW: WIND :SUNSHINE: SKY :PK WND
================================================================================
1 2 3 4 5 6A 6B 7 8 9 10 11 12 13 14 15 16 17 18
12Z AVG MX 2MIN
DY MAX MIN AVG DEP HDD CDD WTR SNW DPTH SPD SPD DIR MIN PSBL S-S WX SPD DR
================================================================================
1 73 42 58 -9 7 0 T 0.0 0 3.9 10 230 M M 4 16 140
2 89 62 76 8 0 11 T 0.0 0 11.2 23 250 M M 4 29 250
3 90 70 80 12 0 15 T 0.0 0 10.7 22 300 M M 8 3 26 300
4 84 67 76 8 0 11 0.75 0.0 0 5.9 25 310 M M 10 138 29 310
5 86 68 77 8 0 12 0.00 0.0 0 3.8 12 210 M M 7 18 13 230
6 87 66 77 8 0 12 0.00 0.0 0 6.7 18 300 M M 3 1 27 320
7 81 58 70 1 0 5 0.00 0.0 0 6.4 15 50 M M 3 19 50
8 86 59 73 3 0 8 0.00 0.0 0 6.0 12 40 M M 3 21 350
9 93 63 78 8 0 13 0.00 0.0 0 8.3 21 170 M M 7 27 180
10 91 71 81 11 0 16 0.08 0.0 0 12.8 26 260 M M 6 13 42 200
11 81 61 71 0 0 6 T 0.0 0 10.9 25 270 M M 4 1 30 280
12 83 56 70 -1 0 5 0.00 0.0 0 7.1 23 320 M M 1 28 330
13 72 56 64 -7 1 0 0.10 0.0 0 7.6 21 20 M M 7 1 26 40
14 73 50 62 -9 3 0 0.00 0.0 0 6.9 15 10 M M 7 18 360
15 79 58 69 -3 0 4 T 0.0 0 5.6 13 110 M M 8 16 100
16 81 57 69 -3 0 4 0.00 0.0 0 5.8 14 60 M M 6 20 30
17 81 62 72 0 0 7 0.00 0.0 0 6.8 18 40 M M 8 22 50
18 79 62 71 -1 0 6 0.28 0.0 0 3.8 12 90 M M 8 13 14 340
19 86 60 73 0 0 8 0.00 0.0 0 3.1 12 300 M M 5 1 14 310
20 92 63 78 5 0 13 0.00 0.0 0 4.0 10 350 M M 2 1 13 350
21 93 69 81 8 0 16 T 0.0 0 7.7 29 280 M M 5 37 270
22 85 68 77 4 0 12 0.79 0.0 0 6.2 31 220 M M 9 18 39 210
23 81 65 73 -1 0 8 0.29 0.0 0 10.8 24 310 M M 7 1 30 290
24 78 60 69 -5 0 4 0.01 0.0 0 6.4 16 220 M M 5 20 300
25 84 59 72 -2 0 7 T 0.0 0 6.5 22 270 M M 3 13 27 280
26 88 62 75 1 0 10 0.07 0.0 0 8.3 22 250 M M 7 28 230
27 83 74 79 5 0 14 0.03 0.0 0 11.0 21 240 M M 9 13 28 240
28 84 71 78 4 0 13 T 0.0 0 5.7 14 220 M M 7 18 18 220
29 90 67 79 4 0 14 0.00 0.0 0 4.3 12 10 M M 6 1 14 20
30 91 67 79 4 0 14 0.00 0.0 0 3.9 15 230 M M 7 3 18 230
================================================================================
SM 2524 1873 11 268 2.40 0.0 208.1 M 176
================================================================================
AV 84.1 62.4 6.9 FASTST M M 6 MAX(MPH)
MISC ----> 31 220 42 200
================================================================================
NOTES:
# LAST OF SEVERAL OCCURRENCES
COLUMN 17 PEAK WIND IN M.P.H.
PRELIMINARY LOCAL CLIMATOLOGICAL DATA (WS FORM: F-6) , PAGE 2
STATION: COLUMBUS OH
MONTH: JUNE
YEAR: 2020
LATITUDE: 40 0 N
LONGITUDE: 82 53 W
[TEMPERATURE DATA] [PRECIPITATION DATA] SYMBOLS USED IN COLUMN 16
AVERAGE MONTHLY: 73.3 TOTAL FOR MONTH: 2.40 1 = FOG OR MIST
DPTR FM NORMAL: 1.8 DPTR FM NORMAL: -1.61 2 = FOG REDUCING VISIBILITY
HIGHEST: 93 ON 21, 9 GRTST 24HR 0.79 ON 22-22 TO 1/4 MILE OR LESS
LOWEST: 42 ON 1 3 = THUNDER
SNOW, ICE PELLETS, HAIL 4 = ICE PELLETS
TOTAL MONTH: 0.0 INCH 5 = HAIL
GRTST 24HR 0.0 6 = FREEZING RAIN OR DRIZZLE
GRTST DEPTH: 0 7 = DUSTSTORM OR SANDSTORM:
VSBY 1/2 MILE OR LESS
8 = SMOKE OR HAZE
[NO. OF DAYS WITH] [WEATHER - DAYS WITH] 9 = BLOWING SNOW
X = TORNADO
MAX 32 OR BELOW: 0 0.01 INCH OR MORE: 9
MAX 90 OR ABOVE: 7 0.10 INCH OR MORE: 5
MIN 32 OR BELOW: 0 0.50 INCH OR MORE: 2
MIN 0 OR BELOW: 0 1.00 INCH OR MORE: 0
[HDD (BASE 65) ]
TOTAL THIS MO. 11 CLEAR (SCALE 0-3) 5
DPTR FM NORMAL -8 PTCLDY (SCALE 4-7) 21
TOTAL FM JUL 1 4915 CLOUDY (SCALE 8-10) 4
DPTR FM NORMAL -330
[CDD (BASE 65) ]
TOTAL THIS MO. 268
DPTR FM NORMAL 52 [PRESSURE DATA]
TOTAL FM JAN 1 345 HIGHEST SLP M ON M
DPTR FM NORMAL 47 LOWEST SLP 29.59 ON 10
[REMARKS]
#FINAL-06-20#