000
CXUS53 KILX 011000
CF6CMI
PRELIMINARY LOCAL CLIMATOLOGICAL DATA (WS FORM: F-6)
STATION: CHAMPAIGN IL AIRPORT
MONTH: FEBRUARY
YEAR: 2021
LATITUDE: 40 1 N
LONGITUDE: 88 17 W
TEMPERATURE IN F: :PCPN: SNOW: WIND :SUNSHINE: SKY :PK WND
================================================================================
1 2 3 4 5 6A 6B 7 8 9 10 11 12 13 14 15 16 17 18
12Z AVG MX 2MIN
DY MAX MIN AVG DEP HDD CDD WTR SNW DPTH SPD SPD DIR MIN PSBL S-S WX SPD DR
================================================================================
1 32 20 26 0 39 0 0.00 M M 16.9 25 320 M M 5 31 320
2 33 18 26 0 39 0 0.00 M M 10.5 16 330 M M 0 1 22 340
3 36 15 26 0 39 0 0.00 M M 7.3 15 150 M M 0 18 19 140
4 37 22 30 3 35 0 0.27 M M 21.6 40 270 M M 8 1 52 270
5 31 18 25 -2 40 0 T M M 17.7 31 270 M M 5 43 280
6 25 7 16 -11 49 0 T M M 9.0 22 330 M M 4 1 27 330
7 8 -4 2 -25 63 0 T M M 8.1 20 330 M M 5 1 27 330
8 16 5 11 -16 54 0 T M M 8.5 14 360 M M 10 16 17 360
9 16 10 13 -15 52 0 T M M 11.5 16 360 M M 10 16 20 30
10 20 10 15 -13 50 0 M M M 14.1 21 10 M M 9 18 27 20
11 21 12 17 -11 48 0 T M M 14.5 21 40 M M 8 1 29 30
12 19 9 14 -14 51 0 0.00 M M 14.9 21 350 M M 6 26 340
13 14 0 7 -22 58 0 T M M 16.3 23 330 M M 10 18 29 330
14 7 -2 3 -26 62 0 T M M 17.6 22 350 M M 5 28 360
15 10 1 6 -23 59 0 M M M 19.1 25 350 M M 10 128 32 350
16 12 -8 2 -28 63 0 M M M 11.1 21 340 M M 5 1 26 340
17 18 -7 6 -24 59 0 T M M 6.6 13 40 M M 6 18 17 40
18 21 2 12 -18 53 0 T M M 10.1 16 320 M M 5 18 18 320
19 20 -4 8 -23 57 0 0.00 M M 8.4 14 220 M M 3 18 18 220
20 28 9 19 -12 46 0 0.00 M M 7.8 14 230 M M 4 17 230
21 40 11 26 -6 39 0 0.02 M M 16.9 28 160 M M 4 1 37 160
22 42 31 37 5 28 0 0.00 M M 17.7 28 270 M M 6 18 37 270
23 52 35 44 12 21 0 0.00 M M 11.9 18 220 M M 1 25 160
24 53 29 41 8 24 0 0.00 M M 13.1 23 300 M M 2 1 28 300
25 46 25 36 3 29 0 0.00 M M 5.8 14 310 M M 0 1 17 290
26 47 26 37 4 28 0 T M M 11.6 21 160 M M 4 1 26 160
27 56 31 44 10 21 0 0.00 M M 7.9 12 100 M M 4 12 15 160
28 60 33 47 13 18 0 1.15 M M 13.7 26 310 M M 8 1 35 290
================================================================================
SM 820 354 1224 0 1.44 M 350.2 M 147
================================================================================
AV 29.3 12.6 12.5 FASTST M M 5 MAX(MPH)
MISC ----> 40 270 52 270
================================================================================
NOTES:
# LAST OF SEVERAL OCCURRENCES
COLUMN 17 PEAK WIND IN M.P.H.
PRELIMINARY LOCAL CLIMATOLOGICAL DATA (WS FORM: F-6) , PAGE 2
STATION: CHAMPAIGN IL AIRPORT
MONTH: FEBRUARY
YEAR: 2021
LATITUDE: 40 1 N
LONGITUDE: 88 17 W
[TEMPERATURE DATA] [PRECIPITATION DATA] SYMBOLS USED IN COLUMN 16
AVERAGE MONTHLY: 21.0 TOTAL FOR MONTH: 1.44 1 = FOG OR MIST
DPTR FM NORMAL: -8.5 DPTR FM NORMAL: -0.58 2 = FOG REDUCING VISIBILITY
HIGHEST: 60 ON 28 GRTST 24HR 1.15 ON 28-28 TO 1/4 MILE OR LESS
LOWEST: -8 ON 16 3 = THUNDER
SNOW, ICE PELLETS, HAIL 4 = ICE PELLETS
TOTAL MONTH: M 5 = HAIL
GRTST 24HR M ON M 6 = FREEZING RAIN OR DRIZZLE
GRTST DEPTH: M ON M 7 = DUSTSTORM OR SANDSTORM:
VSBY 1/2 MILE OR LESS
8 = SMOKE OR HAZE
[NO. OF DAYS WITH] [WEATHER - DAYS WITH] 9 = BLOWING SNOW
X = TORNADO
MAX 32 OR BELOW: 17 0.01 INCH OR MORE: 3
MAX 90 OR ABOVE: 0 0.10 INCH OR MORE: 2
MIN 32 OR BELOW: 26 0.50 INCH OR MORE: 1
MIN 0 OR BELOW: 6 1.00 INCH OR MORE: 1
[HDD (BASE 65) ]
TOTAL THIS MO. 1224 CLEAR (SCALE 0-3) 6
DPTR FM NORMAL 232 PTCLDY (SCALE 4-7) 17
TOTAL FM JUL 1 4318 CLOUDY (SCALE 8-10) 5
DPTR FM NORMAL -186
[CDD (BASE 65) ]
TOTAL THIS MO. 0
DPTR FM NORMAL 0 [PRESSURE DATA]
TOTAL FM JAN 1 0 HIGHEST SLP 30.54 ON 14
DPTR FM NORMAL 0 LOWEST SLP 29.41 ON 4
[REMARKS]
#FINAL-02-21#