000
CXUS53 KILX 011743
CLMCMI


CLIMATE REPORT
NATIONAL WEATHER SERVICE LINCOLN IL
1227 PM CDT WED NOV 1 2017

...................................

...THE CHAMPAIGN IL AIRPORT CLIMATE SUMMARY FOR THE MONTH OF OCTOBER 2017...

CLIMATE NORMAL PERIOD 1981 TO 2010
CLIMATE RECORD PERIOD 9999 TO 9999

WEATHER         OBSERVED          NORMAL  DEPART  LAST YEAR`S
                 VALUE   DATE(S)  VALUE   FROM    VALUE
                                          NORMAL
.............................................................
TEMPERATURE (F)
RECORD
 HIGH              MM   MM
 LOW               MM   MM
HIGHEST            87   10/14        MM      MM       87
LOWEST             28   10/31        MM      MM       33
AVG. MAXIMUM     69.1              65.4     3.7     72.1
AVG. MINIMUM     48.3              42.0     6.3     49.5
MEAN             58.7              53.7     5.0     60.8
DAYS MAX >= 90      0               0.1    -0.1        0
DAYS MAX <= 32      0               0.0     0.0        0
DAYS MIN <= 32      3               4.7    -1.7        0
DAYS MIN <= 0       0               0.0     0.0        0

PRECIPITATION (INCHES)
RECORD
 MAXIMUM           MM   MM
 MINIMUM           MM   MM
TOTALS           6.43              3.14    3.29     2.17
DAILY AVG.       0.21              0.10    0.11     0.07
DAYS >= .01        13                MM      MM        8
DAYS >= .10         6                MM      MM        5
DAYS >= .50         5                MM      MM        1
DAYS >= 1.00        2                MM      MM        0
GREATEST
 24 HR. TOTAL    2.13   10/10 TO 10/10              1.09

DEGREE_DAYS
HEATING TOTAL     244               369    -125      177
 SINCE 7/1        292               461    -169      200
COOLING TOTAL      57                19      38       54
 SINCE 1/1       1126               944     182     1273
..............................................................

WIND (MPH)
AVERAGE WIND SPEED              10.5
HIGHEST WIND SPEED/DIRECTION    36/190    DATE  10/07
HIGHEST GUST SPEED/DIRECTION    48/190    DATE  10/07

SKY COVER
POSSIBLE SUNSHINE (PERCENT)   MM
AVERAGE SKY COVER           0.50
NUMBER OF DAYS FAIR           11
NUMBER OF DAYS PC             10
NUMBER OF DAYS CLOUDY         10

AVERAGE RH (PERCENT)     69

WEATHER CONDITIONS. NUMBER OF DAYS WITH
THUNDERSTORM              0     MIXED PRECIP               0
HEAVY RAIN                5     RAIN                       8
LIGHT RAIN               14     FREEZING RAIN              0
LT FREEZING RAIN          0     HAIL                       0
HEAVY SNOW                0     SNOW                       0
LIGHT SNOW                1     SLEET                      0
FOG                      15     FOG W/VIS <= 1/4 MILE      3
HAZE                      7

-  INDICATES NEGATIVE NUMBERS.
R  INDICATES RECORD WAS SET OR TIED.
MM INDICATES DATA IS MISSING.
T  INDICATES TRACE AMOUNT.

$$
