000
CXUS53 KILX 011610
CLMCMI


CLIMATE REPORT
NATIONAL WEATHER SERVICE LINCOLN IL
1027 AM CDT FRI JUL 1 2016

...................................

...THE CHAMPAIGN IL AIRPORT CLIMATE SUMMARY FOR THE MONTH OF JUNE 2016...

CLIMATE NORMAL PERIOD 1981 TO 2010
CLIMATE RECORD PERIOD 9999 TO 9999

WEATHER         OBSERVED          NORMAL  DEPART  LAST YEAR`S
                 VALUE   DATE(S)  VALUE   FROM    VALUE
                                          NORMAL
.............................................................
TEMPERATURE (F)
RECORD
 HIGH              MM   MM
 LOW               MM   MM
HIGHEST            94   06/11        MM      MM       91
                        06/10
LOWEST             50   06/29        MM      MM       52
                        06/08
AVG. MAXIMUM     85.9              83.3     2.6     81.4
AVG. MINIMUM     62.7              60.5     2.2     63.1
MEAN             74.3              71.9     2.4     72.2
DAYS MAX >= 90      9               5.7     3.3        2
DAYS MAX <= 32      0               0.0     0.0        0
DAYS MIN <= 32      0               0.0     0.0        0
DAYS MIN <= 0       0               0.0     0.0        0

PRECIPITATION (INCHES)
RECORD
 MAXIMUM           MM   MM
 MINIMUM           MM   MM
TOTALS           5.19              4.17    1.02     8.35
DAILY AVG.       0.17              0.14    0.03     0.28
DAYS >= .01         7                MM      MM       16
DAYS >= .10         7                MM      MM       12
DAYS >= .50         3                MM      MM        6
DAYS >= 1.00        3                MM      MM        3
GREATEST
 24 HR. TOTAL    2.07   06/14 TO 06/15              1.82

DEGREE_DAYS
HEATING TOTAL       2                17     -15        6
 SINCE 7/1       4761              5823   -1062     6173
COOLING TOTAL     290               223      67      231
 SINCE 1/1        390               315      75      385
..............................................................

WIND (MPH)
AVERAGE WIND SPEED              8.6
HIGHEST WIND SPEED/DIRECTION    31/280    DATE  06/06
HIGHEST GUST SPEED/DIRECTION    37/280    DATE  06/06

SKY COVER
POSSIBLE SUNSHINE (PERCENT)   MM
AVERAGE SKY COVER           0.20
NUMBER OF DAYS FAIR           27
NUMBER OF DAYS PC              3
NUMBER OF DAYS CLOUDY          0

AVERAGE RH (PERCENT)     66

WEATHER CONDITIONS. NUMBER OF DAYS WITH
THUNDERSTORM              5     MIXED PRECIP               0
HEAVY RAIN                5     RAIN                       4
LIGHT RAIN                8     FREEZING RAIN              0
LT FREEZING RAIN          0     HAIL                       0
HEAVY SNOW                0     SNOW                       0
LIGHT SNOW                0     SLEET                      0
FOG                      12     FOG W/VIS <= 1/4 MILE      1
HAZE                      3

-  INDICATES NEGATIVE NUMBERS.
R  INDICATES RECORD WAS SET OR TIED.
MM INDICATES DATA IS MISSING.
T  INDICATES TRACE AMOUNT.

$$
