000
CXUS53 KILX 011445
CLMCMI


CLIMATE REPORT
NATIONAL WEATHER SERVICE LINCOLN IL
937 AM CDT TUE SEP 1 2015

...................................

...THE CHAMPAIGN IL AIRPORT CLIMATE SUMMARY FOR THE MONTH OF AUGUST 2015...

CLIMATE NORMAL PERIOD 1981 TO 2010
CLIMATE RECORD PERIOD 9999 TO 9999

WEATHER         OBSERVED          NORMAL  DEPART  LAST YEAR`S
                 VALUE   DATE(S)  VALUE   FROM    VALUE
                                          NORMAL
.............................................................
TEMPERATURE (F)
RECORD
 HIGH              MM   MM
 LOW               MM   MM
HIGHEST            89   08/15        MM      MM       92
                        08/02
LOWEST             50   08/25        MM      MM       51
                        08/24
AVG. MAXIMUM     82.6              82.9    -0.3     82.1
AVG. MINIMUM     60.3              61.5    -1.2     64.2
MEAN             71.4              72.2    -0.8     73.1
DAYS MAX >= 90      0               2.8    -2.8        2
DAYS MAX <= 32      0               0.0     0.0        0
DAYS MIN <= 32      0               0.0     0.0        0
DAYS MIN <= 0       0               0.0     0.0        0

PRECIPITATION (INCHES)
RECORD
 MAXIMUM           MM   MM
 MINIMUM           MM   MM
TOTALS           2.65              3.61   -0.96     1.71
DAILY AVG.       0.09              0.12   -0.03     0.06
DAYS >= .01         5                MM      MM       12
DAYS >= .10         4                MM      MM        6
DAYS >= .50         1                MM      MM        1
DAYS >= 1.00        1                MM      MM        0
GREATEST
 24 HR. TOTAL    2.02   08/18 TO 08/19              0.52

DEGREE_DAYS
HEATING TOTAL       5                 7      -2        2
 SINCE 7/1          6                 9      -3        9
COOLING TOTAL     213               230     -17      264
 SINCE 1/1        864               827      37      856
..............................................................

WIND (MPH)
AVERAGE WIND SPEED              5.6
HIGHEST WIND SPEED/DIRECTION    22/210    DATE  08/18
HIGHEST GUST SPEED/DIRECTION    39/230    DATE  08/18

SKY COVER
POSSIBLE SUNSHINE (PERCENT)   MM
AVERAGE SKY COVER           0.20
NUMBER OF DAYS FAIR           22
NUMBER OF DAYS PC              9
NUMBER OF DAYS CLOUDY          0

AVERAGE RH (PERCENT)     73

WEATHER CONDITIONS. NUMBER OF DAYS WITH
THUNDERSTORM              0     MIXED PRECIP               0
HEAVY RAIN                3     RAIN                       3
LIGHT RAIN               12     FREEZING RAIN              0
LT FREEZING RAIN          0     HAIL                       0
HEAVY SNOW                0     SNOW                       0
LIGHT SNOW                0     SLEET                      0
FOG                      17     FOG W/VIS <= 1/4 MILE      1
HAZE                      5

-  INDICATES NEGATIVE NUMBERS.
R  INDICATES RECORD WAS SET OR TIED.
MM INDICATES DATA IS MISSING.
T  INDICATES TRACE AMOUNT.

$$
