000
CXUS53 KILX 011347
CLMCMI


CLIMATE REPORT
NATIONAL WEATHER SERVICE LINCOLN IL
841 AM CDT WED JUN 1 2016

...................................

...THE CHAMPAIGN IL AIRPORT CLIMATE SUMMARY FOR THE MONTH OF MAY 2016...

CLIMATE NORMAL PERIOD 1981 TO 2010
CLIMATE RECORD PERIOD 9999 TO 9999

WEATHER         OBSERVED          NORMAL  DEPART  LAST YEAR`S
                 VALUE   DATE(S)  VALUE   FROM    VALUE
                                          NORMAL
.............................................................
TEMPERATURE (F)
RECORD
 HIGH              MM   MM
 LOW               MM   MM
HIGHEST            89   05/31        MM      MM       88
                        05/30
LOWEST             38   05/15        MM      MM       35
AVG. MAXIMUM     74.2              75.1    -0.9     77.9
AVG. MINIMUM     51.0              51.0     0.0     55.6
MEAN             62.6              63.1    -0.5     66.8
DAYS MAX >= 90      0               1.6    -1.6        0
DAYS MAX <= 32      0               0.0     0.0        0
DAYS MIN <= 32      0               0.5    -0.5        0
DAYS MIN <= 0       0               0.0     0.0        0

PRECIPITATION (INCHES)
RECORD
 MAXIMUM           MM   MM
 MINIMUM           MM   MM
TOTALS           2.53              4.55   -2.02     5.59
DAILY AVG.       0.08              0.15   -0.07     0.18
DAYS >= .01        14                MM      MM       13
DAYS >= .10         8                MM      MM       11
DAYS >= .50         0                MM      MM        2
DAYS >= 1.00        0                MM      MM        1
GREATEST
 24 HR. TOTAL    0.70   04/30 TO 05/01              2.59

DEGREE_DAYS
HEATING TOTAL     153               142      11       90
 SINCE 7/1       4759              5806   -1047     6167
COOLING TOTAL      86                81       5      151
 SINCE 1/1        100                92       8      154
..............................................................

WIND (MPH)
AVERAGE WIND SPEED              10.5
HIGHEST WIND SPEED/DIRECTION    37/170    DATE  05/27
HIGHEST GUST SPEED/DIRECTION    46/250    DATE  05/26

SKY COVER
POSSIBLE SUNSHINE (PERCENT)   MM
AVERAGE SKY COVER           0.40
NUMBER OF DAYS FAIR           13
NUMBER OF DAYS PC             12
NUMBER OF DAYS CLOUDY          6

AVERAGE RH (PERCENT)     67

WEATHER CONDITIONS. NUMBER OF DAYS WITH
THUNDERSTORM              6     MIXED PRECIP               0
HEAVY RAIN                4     RAIN                       8
LIGHT RAIN               16     FREEZING RAIN              0
LT FREEZING RAIN          0     HAIL                       0
HEAVY SNOW                0     SNOW                       0
LIGHT SNOW                0     SLEET                      0
FOG                      14     FOG W/VIS <= 1/4 MILE      2
HAZE                      3

-  INDICATES NEGATIVE NUMBERS.
R  INDICATES RECORD WAS SET OR TIED.
MM INDICATES DATA IS MISSING.
T  INDICATES TRACE AMOUNT.

$$
