000
CXUS53 KILX 011423
CLMCMI


CLIMATE REPORT
NATIONAL WEATHER SERVICE LINCOLN IL
908 AM CDT FRI APR 1 2016

...................................

...THE CHAMPAIGN IL AIRPORT CLIMATE SUMMARY FOR THE MONTH OF MARCH 2016...

CLIMATE NORMAL PERIOD 1981 TO 2010
CLIMATE RECORD PERIOD 9999 TO 9999

WEATHER         OBSERVED          NORMAL  DEPART  LAST YEAR`S
                 VALUE   DATE(S)  VALUE   FROM    VALUE
                                          NORMAL
.............................................................
TEMPERATURE (F)
RECORD
 HIGH              MM   MM
 LOW               MM   MM
HIGHEST            75   03/15        MM      MM       74
LOWEST             15   03/02        MM      MM       -9
AVG. MAXIMUM     58.0              50.7     7.3     47.2
AVG. MINIMUM     37.1              30.6     6.5     26.4
MEAN             47.5              40.6     6.9     36.8
DAYS MAX >= 90      0               0.0     0.0        0
DAYS MAX <= 32      0               1.6    -1.6        4
DAYS MIN <= 32     11              18.5    -7.5       20
DAYS MIN <= 0       0               0.0     0.0        2

PRECIPITATION (INCHES)
RECORD
 MAXIMUM           MM   MM
 MINIMUM           MM   MM
TOTALS           3.05              2.75    0.30     1.10
DAILY AVG.       0.10              0.09    0.01     0.04
DAYS >= .01        13                MM      MM        9
DAYS >= .10         9                MM      MM        5
DAYS >= .50         4                MM      MM        0
DAYS >= 1.00        0                MM      MM        0
GREATEST
 24 HR. TOTAL    1.14   03/30 TO 03/31              0.20

DEGREE_DAYS
HEATING TOTAL     535               756    -221      868
 SINCE 7/1       4222              5258   -1036     5744
COOLING TOTAL       0                 1      -1        0
 SINCE 1/1          0                 1      -1        0
..............................................................

WIND (MPH)
AVERAGE WIND SPEED              12.3
HIGHEST WIND SPEED/DIRECTION    36/200    DATE  03/31
HIGHEST GUST SPEED/DIRECTION    46/260    DATE  03/16

SKY COVER
POSSIBLE SUNSHINE (PERCENT)   MM
AVERAGE SKY COVER           0.50
NUMBER OF DAYS FAIR            9
NUMBER OF DAYS PC             14
NUMBER OF DAYS CLOUDY          8

AVERAGE RH (PERCENT)     72

WEATHER CONDITIONS. NUMBER OF DAYS WITH
THUNDERSTORM              3     MIXED PRECIP               0
HEAVY RAIN                4     RAIN                       5
LIGHT RAIN               15     FREEZING RAIN              0
LT FREEZING RAIN          0     HAIL                       0
HEAVY SNOW                0     SNOW                       1
LIGHT SNOW                2     SLEET                      0
FOG                      17     FOG W/VIS <= 1/4 MILE      4
HAZE                      3

-  INDICATES NEGATIVE NUMBERS.
R  INDICATES RECORD WAS SET OR TIED.
MM INDICATES DATA IS MISSING.
T  INDICATES TRACE AMOUNT.

$$
