000
CXUS53 KILX 011638 RRA
CLMCMI

CLIMATE REPORT
NATIONAL WEATHER SERVICE LINCOLN IL
1038 AM CST TUE DEC 1 2015

...................................

...THE CHAMPAIGN IL AIRPORT CLIMATE SUMMARY FOR THE MONTH OF NOVEMBER 2015...

CLIMATE NORMAL PERIOD 1981 TO 2010
CLIMATE RECORD PERIOD 9999 TO 9999

WEATHER         OBSERVED          NORMAL  DEPART  LAST YEAR`S
                 VALUE   DATE(S)  VALUE   FROM    VALUE
                                          NORMAL
.............................................................
TEMPERATURE (F)
RECORD
 HIGH              MM   MM
 LOW               MM   MM
HIGHEST            74   11/04        MM      MM       68
LOWEST              7   11/22        MM      MM        8
AVG. MAXIMUM     56.4              51.1     5.3     44.2
AVG. MINIMUM     35.4              32.1     3.3     24.9
MEAN             45.9              41.6     4.3     34.5
DAYS MAX >= 90      0               0.0     0.0        0
DAYS MAX <= 32      1               1.2    -0.2        7
DAYS MIN <= 32     11              15.6    -4.6       21
DAYS MIN <= 0       0               0.0     0.0        0

PRECIPITATION (INCHES)
RECORD
 MAXIMUM           MM   MM
 MINIMUM           MM   MM
TOTALS           4.12              3.50    0.62     2.22
DAILY AVG.       0.14              0.12    0.02     0.07
DAYS >= .01        12                MM      MM        7
DAYS >= .10         7                MM      MM        4
DAYS >= .50         4                MM      MM        2
DAYS >= 1.00        2                MM      MM        0
GREATEST
 24 HR. TOTAL    1.34   11/17 TO 11/18              1.42

DEGREE_DAYS
HEATING TOTAL     566               703    -137      908
 SINCE 7/1        867              1164    -297     1350
COOLING TOTAL       1                 1       0        0
 SINCE 1/1       1085               945     140      948
..............................................................

WIND (MPH)
AVERAGE WIND SPEED              12.2
HIGHEST WIND SPEED/DIRECTION    39/150    DATE  11/11
HIGHEST GUST SPEED/DIRECTION    51/170    DATE  11/11

SKY COVER
POSSIBLE SUNSHINE (PERCENT)   MM
AVERAGE SKY COVER           0.40
NUMBER OF DAYS FAIR           16
NUMBER OF DAYS PC              8
NUMBER OF DAYS CLOUDY          6

AVERAGE RH (PERCENT)     71

WEATHER CONDITIONS. NUMBER OF DAYS WITH
THUNDERSTORM              0     MIXED PRECIP               0
HEAVY RAIN                4     RAIN                       6
LIGHT RAIN               12     FREEZING RAIN              0
LT FREEZING RAIN          0     HAIL                       0
HEAVY SNOW                1     SNOW                       1
LIGHT SNOW                1     SLEET                      0
FOG                      17     FOG W/VIS <= 1/4 MILE      5
HAZE                      4

-  INDICATES NEGATIVE NUMBERS.
R  INDICATES RECORD WAS SET OR TIED.
MM INDICATES DATA IS MISSING.
T  INDICATES TRACE AMOUNT.

$$
