000
CXUS53 KILX 011454
CLMCMI


CLIMATE REPORT
NATIONAL WEATHER SERVICE LINCOLN IL
936 AM CDT THU AUG 1 2013

...................................

...THE CHAMPAIGN IL AIRPORT CLIMATE SUMMARY FOR THE MONTH OF JULY 2013...

CLIMATE NORMAL PERIOD 1981 TO 2010
CLIMATE RECORD PERIOD 9999 TO 9999

WEATHER         OBSERVED          NORMAL  DEPART  LAST YEAR`S
                 VALUE   DATE(S)  VALUE   FROM    VALUE
                                          NORMAL
.............................................................
TEMPERATURE (F)
RECORD
 HIGH              MM   MM
 LOW               MM   MM
HIGHEST            93   07/19        MM      MM      101
                        07/17
LOWEST             49   07/28        MM      MM       58
AVG. MAXIMUM     81.7              84.2    -2.5     93.1
AVG. MINIMUM     63.4              63.9    -0.5     67.8
MEAN             72.6              74.0    -1.4     80.5
DAYS MAX >= 90      5               4.2     0.8       24
DAYS MAX <= 32      0               0.0     0.0        0
DAYS MIN <= 32      0               0.0     0.0        0
DAYS MIN <= 0       0               0.0     0.0        0

PRECIPITATION (INCHES)
RECORD
 MAXIMUM           MM   MM
 MINIMUM           MM   MM
TOTALS           5.03              4.34    0.69       MM
DAILY AVG.       0.16              0.14    0.02       MM
DAYS >= .01        10                MM      MM       MM
DAYS >= .10         6                MM      MM       MM
DAYS >= .50         2                MM      MM       MM
DAYS >= 1.00        1                MM      MM       MM
GREATEST
 24 HR. TOTAL    3.40   07/21 TO 07/22                MM

DEGREE_DAYS
HEATING TOTAL       8                 2       6        0
 SINCE 7/1          8                 2       6        0
COOLING TOTAL     250               282     -32      488
 SINCE 1/1        601               597       4      942
..............................................................

WIND (MPH)
AVERAGE WIND SPEED              5.9
HIGHEST WIND SPEED/DIRECTION    26/250    DATE  07/10
HIGHEST GUST SPEED/DIRECTION    38/250    DATE  07/10

SKY COVER
POSSIBLE SUNSHINE (PERCENT)   MM
AVERAGE SKY COVER           0.30
NUMBER OF DAYS FAIR           22
NUMBER OF DAYS PC              6
NUMBER OF DAYS CLOUDY          3

AVERAGE RH (PERCENT)     76

WEATHER CONDITIONS. NUMBER OF DAYS WITH
THUNDERSTORM              5     MIXED PRECIP               0
HEAVY RAIN                4     RAIN                       5
LIGHT RAIN               14     FREEZING RAIN              0
LT FREEZING RAIN          0     HAIL                       0
HEAVY SNOW                0     SNOW                       0
LIGHT SNOW                0     SLEET                      0
FOG                      23     FOG W/VIS <= 1/4 MILE      5
HAZE                      5

-  INDICATES NEGATIVE NUMBERS.
R  INDICATES RECORD WAS SET OR TIED.
MM INDICATES DATA IS MISSING.
T  INDICATES TRACE AMOUNT.

$$
