000
CXUS53 KILX 011456
CLMCMI


CLIMATE REPORT
NATIONAL WEATHER SERVICE LINCOLN IL
845 AM CST SUN NOV 1 2015

...................................

...THE CHAMPAIGN IL AIRPORT CLIMATE SUMMARY FOR THE MONTH OF OCTOBER 2015...

CLIMATE NORMAL PERIOD 1981 TO 2010
CLIMATE RECORD PERIOD 9999 TO 9999

WEATHER         OBSERVED          NORMAL  DEPART  LAST YEAR`S
                 VALUE   DATE(S)  VALUE   FROM    VALUE
                                          NORMAL
.............................................................
TEMPERATURE (F)
RECORD
 HIGH              MM   MM
 LOW               MM   MM
HIGHEST            83   10/21        MM      MM       85
LOWEST             28   10/18        MM      MM       30
                        10/17
AVG. MAXIMUM     68.5              65.4     3.1     63.9
AVG. MINIMUM     44.3              42.0     2.3     43.7
MEAN             56.4              53.7     2.7     53.8
DAYS MAX >= 90      0               0.1    -0.1        0
DAYS MAX <= 32      0               0.0     0.0        0
DAYS MIN <= 32      2               4.7    -2.7        1
DAYS MIN <= 0       0               0.0     0.0        0

PRECIPITATION (INCHES)
RECORD
 MAXIMUM           MM   MM
 MINIMUM           MM   MM
TOTALS           1.34              3.14   -1.80     3.42
DAILY AVG.       0.04              0.10   -0.06     0.11
DAYS >= .01         5                MM      MM       12
DAYS >= .10         3                MM      MM        7
DAYS >= .50         1                MM      MM        1
DAYS >= 1.00        0                MM      MM        1
GREATEST
 24 HR. TOTAL    1.00   10/27 TO 10/28              1.52

DEGREE_DAYS
HEATING TOTAL     271               369     -98      351
 SINCE 7/1        301               461    -160      442
COOLING TOTAL      11                19      -8       10
 SINCE 1/1       1084               944     140      948
..............................................................

WIND (MPH)
AVERAGE WIND SPEED              10.8
HIGHEST WIND SPEED/DIRECTION    30/280    DATE  10/24
HIGHEST GUST SPEED/DIRECTION    36/250    DATE  10/29

SKY COVER
POSSIBLE SUNSHINE (PERCENT)   MM
AVERAGE SKY COVER           0.30
NUMBER OF DAYS FAIR           19
NUMBER OF DAYS PC              7
NUMBER OF DAYS CLOUDY          5

AVERAGE RH (PERCENT)     64

WEATHER CONDITIONS. NUMBER OF DAYS WITH
THUNDERSTORM              1     MIXED PRECIP               0
HEAVY RAIN                2     RAIN                       3
LIGHT RAIN                7     FREEZING RAIN              0
LT FREEZING RAIN          0     HAIL                       0
HEAVY SNOW                0     SNOW                       0
LIGHT SNOW                0     SLEET                      0
FOG                       9     FOG W/VIS <= 1/4 MILE      3
HAZE                      7

-  INDICATES NEGATIVE NUMBERS.
R  INDICATES RECORD WAS SET OR TIED.
MM INDICATES DATA IS MISSING.
T  INDICATES TRACE AMOUNT.

$$
