000
CXUS53 KILX 011416
CLMCMI


CLIMATE REPORT
NATIONAL WEATHER SERVICE LINCOLN IL
906 AM CDT MON JUL 1 2013

...................................

...THE CHAMPAIGN IL AIRPORT CLIMATE SUMMARY FOR THE MONTH OF JUNE 2013...

CLIMATE NORMAL PERIOD 1981 TO 2010
CLIMATE RECORD PERIOD 9999 TO 9999

WEATHER         OBSERVED          NORMAL  DEPART  LAST YEAR`S
                 VALUE   DATE(S)  VALUE   FROM    VALUE
                                          NORMAL
.............................................................
TEMPERATURE (F)
RECORD
 HIGH              MM   MM
 LOW               MM   MM
HIGHEST            97   06/12        MM      MM       99
LOWEST             50   06/03        MM      MM       45
AVG. MAXIMUM     82.2              83.3    -1.1     84.3
AVG. MINIMUM     61.5              60.5     1.0     59.4
MEAN             71.9              71.9     0.0     71.9
DAYS MAX >= 90      2               5.7    -3.7        4
DAYS MAX <= 32      0               0.0     0.0        0
DAYS MIN <= 32      0               0.0     0.0        0
DAYS MIN <= 0       0               0.0     0.0        0

PRECIPITATION (INCHES)
RECORD
 MAXIMUM           MM   MM
 MINIMUM           MM   MM
TOTALS           3.25              4.17   -0.92     2.12
DAILY AVG.       0.12              0.14   -0.02     0.07
DAYS >= .01         6                MM      MM        6
DAYS >= .10         3                MM      MM        6
DAYS >= .50         1                MM      MM        2
DAYS >= 1.00        1                MM      MM        0
GREATEST
 24 HR. TOTAL    2.40   06/25 TO 06/25              1.14

DEGREE_DAYS
HEATING TOTAL      13                17      -4       14
 SINCE 7/1       5651              5823    -172     4495
COOLING TOTAL     219               223      -4      228
 SINCE 1/1        351               315      36      454
..............................................................

WIND (MPH)
AVERAGE WIND SPEED              9.1
HIGHEST WIND SPEED/DIRECTION    44/270    DATE  06/15
HIGHEST GUST SPEED/DIRECTION    52/270    DATE  06/15

SKY COVER
POSSIBLE SUNSHINE (PERCENT)   MM
AVERAGE SKY COVER           0.30
NUMBER OF DAYS FAIR           20
NUMBER OF DAYS PC              8
NUMBER OF DAYS CLOUDY          2

AVERAGE RH (PERCENT)     70

WEATHER CONDITIONS. NUMBER OF DAYS WITH
THUNDERSTORM              6     MIXED PRECIP               0
HEAVY RAIN                5     RAIN                       5
LIGHT RAIN               16     FREEZING RAIN              0
LT FREEZING RAIN          0     HAIL                       1
HEAVY SNOW                0     SNOW                       0
LIGHT SNOW                0     SLEET                      0
FOG                      16     FOG W/VIS <= 1/4 MILE      4
HAZE                      5

-  INDICATES NEGATIVE NUMBERS.
R  INDICATES RECORD WAS SET OR TIED.
MM INDICATES DATA IS MISSING.
T  INDICATES TRACE AMOUNT.

$$
