000
CXUS53 KILX 011535
CLMCMI


CLIMATE REPORT
NATIONAL WEATHER SERVICE LINCOLN IL
1017 AM CDT FRI NOV 1 2013

...................................

...THE CHAMPAIGN IL AIRPORT CLIMATE SUMMARY FOR THE MONTH OF OCTOBER 2013...

CLIMATE NORMAL PERIOD 1981 TO 2010
CLIMATE RECORD PERIOD 9999 TO 9999

WEATHER         OBSERVED          NORMAL  DEPART  LAST YEAR`S
                 VALUE   DATE(S)  VALUE   FROM    VALUE
                                          NORMAL
.............................................................
TEMPERATURE (F)
RECORD
 HIGH              MM   MM
 LOW               MM   MM
HIGHEST            89   10/04        MM      MM       82
LOWEST             22   10/25        MM      MM       27
AVG. MAXIMUM     66.8              65.4     1.4     62.3
AVG. MINIMUM     43.1              42.0     1.1     42.0
MEAN             55.0              53.7     1.3     52.1
DAYS MAX >= 90      0               0.1    -0.1        0
DAYS MAX <= 32      0               0.0     0.0        0
DAYS MIN <= 32      7               4.7     2.3        7
DAYS MIN <= 0       0               0.0     0.0        0

PRECIPITATION (INCHES)
RECORD
 MAXIMUM           MM   MM
 MINIMUM           MM   MM
TOTALS           4.00              3.14    0.86     4.26
DAILY AVG.       0.13              0.10    0.03     0.14
DAYS >= .01        11                MM      MM       13
DAYS >= .10         5                MM      MM        8
DAYS >= .50         2                MM      MM        5
DAYS >= 1.00        2                MM      MM        0
GREATEST
 24 HR. TOTAL    1.65   10/30 TO 10/31              0.82

DEGREE_DAYS
HEATING TOTAL     349               369     -20      397
 SINCE 7/1        392               461     -69      486
COOLING TOTAL      45                19      26        6
 SINCE 1/1       1067               944     123     1290
..............................................................

WIND (MPH)
AVERAGE WIND SPEED              8.6
HIGHEST WIND SPEED/DIRECTION    31/190    DATE  10/31
HIGHEST GUST SPEED/DIRECTION    39/200    DATE  10/31

SKY COVER
POSSIBLE SUNSHINE (PERCENT)   MM
AVERAGE SKY COVER           0.40
NUMBER OF DAYS FAIR           16
NUMBER OF DAYS PC             11
NUMBER OF DAYS CLOUDY          4

AVERAGE RH (PERCENT)     70

WEATHER CONDITIONS. NUMBER OF DAYS WITH
THUNDERSTORM              3     MIXED PRECIP               2
HEAVY RAIN                3     RAIN                       6
LIGHT RAIN               13     FREEZING RAIN              0
LT FREEZING RAIN          0     HAIL                       0
HEAVY SNOW                0     SNOW                       0
LIGHT SNOW                2     SLEET                      0
FOG                       9     FOG W/VIS <= 1/4 MILE      2
HAZE                      1

-  INDICATES NEGATIVE NUMBERS.
R  INDICATES RECORD WAS SET OR TIED.
MM INDICATES DATA IS MISSING.
T  INDICATES TRACE AMOUNT.

$$
