000
CXUS53 KILX 011447
CLMCMI


CLIMATE REPORT
NATIONAL WEATHER SERVICE LINCOLN IL
936 AM CDT TUE OCT 1 2013

...................................

...THE CHAMPAIGN IL AIRPORT CLIMATE SUMMARY FOR THE MONTH OF SEPTEMBER 2013...

CLIMATE NORMAL PERIOD 1981 TO 2010
CLIMATE RECORD PERIOD 9999 TO 9999

WEATHER         OBSERVED          NORMAL  DEPART  LAST YEAR`S
                 VALUE   DATE(S)  VALUE   FROM    VALUE
                                          NORMAL
.............................................................
TEMPERATURE (F)
RECORD
 HIGH              MM   MM
 LOW               MM   MM
HIGHEST            98   09/10        MM      MM       91
LOWEST             44   09/22        MM      MM       34
AVG. MAXIMUM     82.6              78.0     4.6     76.9
AVG. MINIMUM     56.2              53.0     3.2     53.2
MEAN             69.4              65.5     3.9     65.1
DAYS MAX >= 90      4               1.5     2.5        1
DAYS MAX <= 32      0               0.0     0.0        0
DAYS MIN <= 32      0               0.0     0.0        0
DAYS MIN <= 0       0               0.0     0.0        0

PRECIPITATION (INCHES)
RECORD
 MAXIMUM           MM   MM
 MINIMUM           MM   MM
TOTALS           0.55              3.28   -2.73     5.94
DAILY AVG.       0.02              0.11   -0.09     0.20
DAYS >= .01         6                MM      MM       10
DAYS >= .10         1                MM      MM        8
DAYS >= .50         0                MM      MM        3
DAYS >= 1.00        0                MM      MM        1
GREATEST
 24 HR. TOTAL    0.37   09/20 TO 09/20              3.05
                        09/19 TO 09/20
                        09/20 TO 09/20

DEGREE_DAYS
HEATING TOTAL      28                83     -55       87
 SINCE 7/1         43                92     -49       89
COOLING TOTAL     169                98      71       98
 SINCE 1/1       1022               925      97     1284
..............................................................

WIND (MPH)
AVERAGE WIND SPEED              6.0
HIGHEST WIND SPEED/DIRECTION    23/050    DATE  09/27
HIGHEST GUST SPEED/DIRECTION    30/180    DATE  09/28

SKY COVER
POSSIBLE SUNSHINE (PERCENT)   MM
AVERAGE SKY COVER           0.20
NUMBER OF DAYS FAIR           26
NUMBER OF DAYS PC              4
NUMBER OF DAYS CLOUDY          0

AVERAGE RH (PERCENT)     68

WEATHER CONDITIONS. NUMBER OF DAYS WITH
THUNDERSTORM              0     MIXED PRECIP               0
HEAVY RAIN                0     RAIN                       2
LIGHT RAIN               10     FREEZING RAIN              0
LT FREEZING RAIN          0     HAIL                       0
HEAVY SNOW                0     SNOW                       0
LIGHT SNOW                0     SLEET                      0
FOG                      14     FOG W/VIS <= 1/4 MILE      1
HAZE                      4

-  INDICATES NEGATIVE NUMBERS.
R  INDICATES RECORD WAS SET OR TIED.
MM INDICATES DATA IS MISSING.
T  INDICATES TRACE AMOUNT.

$$
