000
CXUS53 KILX 011542
CLMCMI


CLIMATE REPORT
NATIONAL WEATHER SERVICE LINCOLN IL
938 AM CST SUN DEC 1 2013

...................................

...THE CHAMPAIGN IL AIRPORT CLIMATE SUMMARY FOR THE MONTH OF NOVEMBER 2013...

CLIMATE NORMAL PERIOD 1981 TO 2010
CLIMATE RECORD PERIOD 9999 TO 9999

WEATHER         OBSERVED          NORMAL  DEPART  LAST YEAR`S
                 VALUE   DATE(S)  VALUE   FROM    VALUE
                                          NORMAL
.............................................................
TEMPERATURE (F)
RECORD
 HIGH              MM   MM
 LOW               MM   MM
HIGHEST            71   11/17        MM      MM       74
LOWEST              9   11/24        MM      MM       18
AVG. MAXIMUM     48.3              51.1    -2.8     51.7
AVG. MINIMUM     27.9              32.1    -4.2     30.7
MEAN             38.1              41.6    -3.5     41.2
DAYS MAX >= 90      0               0.0     0.0        0
DAYS MAX <= 32      3               1.2     1.8        1
DAYS MIN <= 32     21              15.6     5.4       20
DAYS MIN <= 0       0               0.0     0.0        0

PRECIPITATION (INCHES)
RECORD
 MAXIMUM           MM   MM
 MINIMUM           MM   MM
TOTALS           1.13              3.50   -2.37     1.10
DAILY AVG.       0.04              0.12   -0.08     0.04
DAYS >= .01         9                MM      MM        5
DAYS >= .10         3                MM      MM        5
DAYS >= .50         0                MM      MM        1
DAYS >= 1.00        0                MM      MM        0
GREATEST
 24 HR. TOTAL    1.56   10/31 TO 11/01              0.76

DEGREE_DAYS
HEATING TOTAL     802               703      99      707
 SINCE 7/1       1194              1164      30     1193
COOLING TOTAL       0                 1      -1        0
 SINCE 1/1       1067               945     122     1290
..............................................................

WIND (MPH)
AVERAGE WIND SPEED              11.7
HIGHEST WIND SPEED/DIRECTION    46/270    DATE  11/17
HIGHEST GUST SPEED/DIRECTION    59/260    DATE  11/17

SKY COVER
POSSIBLE SUNSHINE (PERCENT)   MM
AVERAGE SKY COVER           0.40
NUMBER OF DAYS FAIR           18
NUMBER OF DAYS PC              5
NUMBER OF DAYS CLOUDY          7

AVERAGE RH (PERCENT)     71

WEATHER CONDITIONS. NUMBER OF DAYS WITH
THUNDERSTORM              0     MIXED PRECIP               0
HEAVY RAIN                1     RAIN                       5
LIGHT RAIN               10     FREEZING RAIN              0
LT FREEZING RAIN          0     HAIL                       0
HEAVY SNOW                0     SNOW                       0
LIGHT SNOW                2     SLEET                      0
FOG                      11     FOG W/VIS <= 1/4 MILE      2
HAZE                      4

-  INDICATES NEGATIVE NUMBERS.
R  INDICATES RECORD WAS SET OR TIED.
MM INDICATES DATA IS MISSING.
T  INDICATES TRACE AMOUNT.

$$

JRP
