000
CXUS53 KILX 020209
CLMCMI
CLIMATE REPORT
NATIONAL WEATHER SERVICE LINCOLN IL
909 PM CDT SAT APR 01 2023
...................................
...THE CHAMPAIGN IL AIRPORT CLIMATE SUMMARY FOR THE MONTH OF MARCH 2023...
CLIMATE NORMAL PERIOD 1991 TO 2020
CLIMATE RECORD PERIOD 9999 TO 9999
WEATHER OBSERVED NORMAL DEPART LAST YEAR`S
VALUE DATE(S) VALUE FROM VALUE
NORMAL
..............................................................
TEMPERATURE (F)
RECORD
HIGH MM MM
LOW MM MM
HIGHEST 76 03/31 MM MM 75
LOWEST 14 03/19 MM MM 11
AVG. MAXIMUM 51.5 51.5 0.0 53.4
AVG. MINIMUM 31.5 31.1 0.4 32.7
MEAN 41.5 41.3 0.2 43.0
DAYS MAX >= 90 0 0.0 0.0 0
DAYS MAX <= 32 1 1.7 -0.7 2
DAYS MIN <= 32 16 18.9 -2.9 15
DAYS MIN <= 0 0 0.2 -0.2 0
PRECIPITATION (INCHES)
RECORD
MAXIMUM MM MM
MINIMUM MM MM
TOTALS 3.89 2.57 1.32 4.53
DAILY AVG. 0.13 0.08 0.05 0.16
DAYS >= .01 13 10.8 2.2 10
DAYS >= .10 8 5.4 2.6 7
DAYS >= .50 2 1.9 0.1 3
DAYS >= 1.00 1 0.4 0.6 2
GREATEST
24 HR. TOTAL 1.59 03/03 TO 03/03 1.79
DEGREE DAYS
HEATING TOTAL 718 737 -19 672
SINCE 7/1 4567 5064 -497 MM
COOLING TOTAL 0 2 -2 0
SINCE 1/1 0 2 -2 MM
..............................................................
WIND (MPH)
AVERAGE WIND SPEED 14.2
HIGHEST WIND SPEED/DIRECTION 47/030 DATE 03/03
47/240 03/31
HIGHEST GUST SPEED/DIRECTION 71/240 DATE 03/31
AVERAGE RH (PERCENT) 70
WEATHER CONDITIONS. NUMBER OF DAYS WITH
THUNDERSTORM 5 MIXED PRECIP 0
HEAVY RAIN 4 RAIN 6
LIGHT RAIN 14 FREEZING RAIN 0
LT FREEZING RAIN 0 HAIL 0
HEAVY SNOW 0 SNOW 1
LIGHT SNOW 3 SLEET 0
FOG 19 FOG W/VIS <= 1/4 MILE 0
HAZE 3
- INDICATES NEGATIVE NUMBERS.
R INDICATES RECORD WAS SET OR TIED.
MM INDICATES DATA IS MISSING.
T INDICATES TRACE AMOUNT.
$$
ERWIN