000
CXUS53 KILX 011654
CLMCMI


CLIMATE REPORT
NATIONAL WEATHER SERVICE LINCOLN IL
1041 AM CST SAT FEB 1 2014

...................................

...THE CHAMPAIGN IL AIRPORT CLIMATE SUMMARY FOR THE MONTH OF JANUARY 2014...

CLIMATE NORMAL PERIOD 1981 TO 2010
CLIMATE RECORD PERIOD 9999 TO 9999

WEATHER         OBSERVED          NORMAL  DEPART  LAST YEAR`S
                 VALUE   DATE(S)  VALUE   FROM    VALUE
                                          NORMAL
.............................................................
TEMPERATURE (F)
RECORD
 HIGH              MM   MM
 LOW               MM   MM
HIGHEST            51   01/13        MM      MM       61
LOWEST            -13   01/06        MM      MM        2
AVG. MAXIMUM     29.4              33.5    -4.1     37.6
AVG. MINIMUM      9.5              17.2    -7.7     18.9
MEAN             19.5              25.3    -5.8     28.3
DAYS MAX >= 90      0               0.0     0.0        0
DAYS MAX <= 32     17              13.5     3.5       11
DAYS MIN <= 32     31              27.7     3.3       27
DAYS MIN <= 0      11               3.5     7.5        0

PRECIPITATION (INCHES)
RECORD
 MAXIMUM           MM   MM
 MINIMUM           MM   MM
TOTALS             MMR             2.05      MM     2.37
DAILY AVG.         MM             0.07   -0.04     0.08
DAYS >= .01        MM                MM      MM        9
DAYS >= .10        MM                MM      MM        5
DAYS >= .50        MM                MM      MM        2
DAYS >= 1.00       MM                MM      MM        0
GREATEST
 24 HR. TOTAL      MM                               1.01

DEGREE_DAYS
HEATING TOTAL    1404              1229     175     1131
 SINCE 7/1       3780              3510     270     3184
COOLING TOTAL       0                 0       0        0
 SINCE 1/1          0                 0       0        0
..............................................................

WIND (MPH)
AVERAGE WIND SPEED              14.7
HIGHEST WIND SPEED/DIRECTION    45/320    DATE  01/26
HIGHEST GUST SPEED/DIRECTION    54/320    DATE  01/26

SKY COVER
POSSIBLE SUNSHINE (PERCENT)   MM
AVERAGE SKY COVER           0.50
NUMBER OF DAYS FAIR           12
NUMBER OF DAYS PC             10
NUMBER OF DAYS CLOUDY          9

AVERAGE RH (PERCENT)     75

WEATHER CONDITIONS. NUMBER OF DAYS WITH
THUNDERSTORM              1     MIXED PRECIP               0
HEAVY RAIN                0     RAIN                       1
LIGHT RAIN                2     FREEZING RAIN              0
LT FREEZING RAIN          0     HAIL                       0
HEAVY SNOW                0     SNOW                       4
LIGHT SNOW               18     SLEET                      0
FOG                      22     FOG W/VIS <= 1/4 MILE      4
HAZE                     11

-  INDICATES NEGATIVE NUMBERS.
R  INDICATES RECORD WAS SET OR TIED.
MM INDICATES DATA IS MISSING.
T  INDICATES TRACE AMOUNT.

$$
