000
CXUS53 KILX 011610
CLMCMI


CLIMATE REPORT
NATIONAL WEATHER SERVICE LINCOLN IL
1034 AM CDT MON JUN 1 2015

...................................

...THE CHAMPAIGN IL AIRPORT CLIMATE SUMMARY FOR THE MONTH OF MAY 2015...

CLIMATE NORMAL PERIOD 1981 TO 2010
CLIMATE RECORD PERIOD 9999 TO 9999

WEATHER         OBSERVED          NORMAL  DEPART  LAST YEAR`S
                 VALUE   DATE(S)  VALUE   FROM    VALUE
                                          NORMAL
.............................................................
TEMPERATURE (F)
RECORD
 HIGH              MM   MM
 LOW               MM   MM
HIGHEST            88   05/24        MM      MM       92
                        05/07
                        05/06
LOWEST             35   05/01        MM      MM       37
AVG. MAXIMUM     77.9              75.1     2.8     76.6
AVG. MINIMUM     55.6              51.0     4.6     53.6
MEAN             66.8              63.1     3.7     65.1
DAYS MAX >= 90      0               1.6    -1.6        3
DAYS MAX <= 32      0               0.0     0.0        0
DAYS MIN <= 32      0               0.5    -0.5        0
DAYS MIN <= 0       0               0.0     0.0        0

PRECIPITATION (INCHES)
RECORD
 MAXIMUM           MM   MM
 MINIMUM           MM   MM
TOTALS           5.59              4.55    1.04     6.64
DAILY AVG.       0.18              0.15    0.03     0.21
DAYS >= .01        13                MM      MM       12
DAYS >= .10        11                MM      MM        8
DAYS >= .50         2                MM      MM        3
DAYS >= 1.00        1                MM      MM        1
GREATEST
 24 HR. TOTAL    2.59   05/30 TO 05/31              3.76

DEGREE_DAYS
HEATING TOTAL      90               142     -52      134
 SINCE 7/1       6167              5806     361     6486
COOLING TOTAL     151                81      70      149
 SINCE 1/1        154                92      62      152
..............................................................

WIND (MPH)
AVERAGE WIND SPEED              11.8
HIGHEST WIND SPEED/DIRECTION    37/190    DATE  05/24
HIGHEST GUST SPEED/DIRECTION    48/180    DATE  05/24

SKY COVER
POSSIBLE SUNSHINE (PERCENT)   MM
AVERAGE SKY COVER           0.40
NUMBER OF DAYS FAIR           11
NUMBER OF DAYS PC             16
NUMBER OF DAYS CLOUDY          4

AVERAGE RH (PERCENT)     65

WEATHER CONDITIONS. NUMBER OF DAYS WITH
THUNDERSTORM              6     MIXED PRECIP               0
HEAVY RAIN                9     RAIN                       7
LIGHT RAIN               17     FREEZING RAIN              0
LT FREEZING RAIN          0     HAIL                       0
HEAVY SNOW                0     SNOW                       0
LIGHT SNOW                0     SLEET                      0
FOG                      16     FOG W/VIS <= 1/4 MILE      0
HAZE                      1

-  INDICATES NEGATIVE NUMBERS.
R  INDICATES RECORD WAS SET OR TIED.
MM INDICATES DATA IS MISSING.
T  INDICATES TRACE AMOUNT.

$$
