000
CXUS53 KILX 011350
CLMCMI


CLIMATE REPORT
NATIONAL WEATHER SERVICE LINCOLN IL
844 AM CDT SUN JUN 1 2014

...................................

...THE CHAMPAIGN IL AIRPORT CLIMATE SUMMARY FOR THE MONTH OF MAY 2014...

CLIMATE NORMAL PERIOD 1981 TO 2010
CLIMATE RECORD PERIOD 9999 TO 9999

WEATHER         OBSERVED          NORMAL  DEPART  LAST YEAR`S
                 VALUE   DATE(S)  VALUE   FROM    VALUE
                                          NORMAL
.............................................................
TEMPERATURE (F)
RECORD
 HIGH              MM   MM
 LOW               MM   MM
HIGHEST            92   05/08        MM      MM       91
LOWEST             37   05/17        MM      MM       35
AVG. MAXIMUM     76.6              75.1     1.5     76.1
AVG. MINIMUM     53.6              51.0     2.6     54.2
MEAN             65.1              63.1     2.0     65.1
DAYS MAX >= 90      3               1.6     1.4        3
DAYS MAX <= 32      0               0.0     0.0        0
DAYS MIN <= 32      0               0.5    -0.5        0
DAYS MIN <= 0       0               0.0     0.0        0

PRECIPITATION (INCHES)
RECORD
 MAXIMUM           MM   MM
 MINIMUM           MM   MM
TOTALS           6.64              4.55    2.09     3.44
DAILY AVG.       0.21              0.15    0.06     0.12
DAYS >= .01        12                MM      MM       11
DAYS >= .10         8                MM      MM        7
DAYS >= .50         3                MM      MM        2
DAYS >= 1.00        1                MM      MM        0
GREATEST
 24 HR. TOTAL    3.76   05/21 TO 05/21              0.97
                        05/20 TO 05/21
                        05/21 TO 05/21

DEGREE_DAYS
HEATING TOTAL     134               142      -8      113
 SINCE 7/1       6486              5806     680     5638
COOLING TOTAL     149                81      68      126
 SINCE 1/1        152                92      60      134
..............................................................

WIND (MPH)
AVERAGE WIND SPEED              11.7
HIGHEST WIND SPEED/DIRECTION    52/280    DATE  05/21
HIGHEST GUST SPEED/DIRECTION    64/290    DATE  05/21

SKY COVER
POSSIBLE SUNSHINE (PERCENT)   MM
AVERAGE SKY COVER           0.30
NUMBER OF DAYS FAIR           20
NUMBER OF DAYS PC              6
NUMBER OF DAYS CLOUDY          5

AVERAGE RH (PERCENT)     65

WEATHER CONDITIONS. NUMBER OF DAYS WITH
THUNDERSTORM              0     MIXED PRECIP               0
HEAVY RAIN                5     RAIN                       8
LIGHT RAIN               16     FREEZING RAIN              0
LT FREEZING RAIN          0     HAIL                       1
HEAVY SNOW                0     SNOW                       0
LIGHT SNOW                0     SLEET                      0
FOG                      11     FOG W/VIS <= 1/4 MILE      1
HAZE                      2

-  INDICATES NEGATIVE NUMBERS.
R  INDICATES RECORD WAS SET OR TIED.
MM INDICATES DATA IS MISSING.
T  INDICATES TRACE AMOUNT.

$$
